{"id":19380,"date":"2023-11-03T12:38:39","date_gmt":"2023-11-03T12:38:39","guid":{"rendered":"https:\/\/citcem.org\/publicacoes\/comunicacao-identidades-e-dialogo-na-cidade-mediatizada\/"},"modified":"2025-02-11T15:30:35","modified_gmt":"2025-02-11T15:30:35","slug":"comunicacao-identidades-e-dialogo-na-cidade-mediatizada","status":"publish","type":"publicacoes","link":"https:\/\/citcem.org\/en\/publications\/comunicacao-identidades-e-dialogo-na-cidade-mediatizada\/","title":{"rendered":"Comunica\u00e7\u00e3o, identidades e di\u00e1logo na cidade mediatizada"},"content":{"rendered":"<p>Livro do\u00a0XVII Congresso Ibero-Americano de Comunica\u00e7\u00e3o &#8211; IBERCOM 2022<br \/>\nTema Central: Comunica\u00e7\u00e3o, Identidades e Di\u00e1logo na Cidade Mediatizada<br \/>\nData: 26 a 28 de Outubro de 2022<br \/>\nLocal: Universidade do Porto \/ Pavilh\u00e3o Rosa Mota \/ Jardins do Pal\u00e1cio de Cristal \u2013 Portugal<br \/>\nPromo\u00e7\u00e3o: Associa\u00e7\u00e3o Ibero-Americana de Investigadores de Comunica\u00e7\u00e3o (ASSIBERCOM) &#8211; Brasil<br \/>\nRealiza\u00e7\u00e3o: Faculdade de Letras, Universidade do Porto &#8211; Portugal<\/p>\n","protected":false},"featured_media":19378,"template":"","tipo-publicacoes":[367],"ano-publicacoes":[375],"class_list":["post-19380","publicacoes","type-publicacoes","status-publish","has-post-thumbnail","hentry","tipo-publicacoes-abstracts","ano-publicacoes-2023-en-2"],"_links":{"self":[{"href":"https:\/\/citcem.org\/en\/wp-json\/wp\/v2\/publicacoes\/19380","targetHints":{"allow":["GET"]}}],"collection":[{"href":"https:\/\/citcem.org\/en\/wp-json\/wp\/v2\/publicacoes"}],"about":[{"href":"https:\/\/citcem.org\/en\/wp-json\/wp\/v2\/types\/publicacoes"}],"wp:featuredmedia":[{"embeddable":true,"href":"https:\/\/citcem.org\/en\/wp-json\/wp\/v2\/media\/19378"}],"wp:attachment":[{"href":"https:\/\/citcem.org\/en\/wp-json\/wp\/v2\/media?parent=19380"}],"wp:term":[{"taxonomy":"tipo-publicacoes","embeddable":true,"href":"https:\/\/citcem.org\/en\/wp-json\/wp\/v2\/tipo-publicacoes?post=19380"},{"taxonomy":"ano-publicacoes","embeddable":true,"href":"https:\/\/citcem.org\/en\/wp-json\/wp\/v2\/ano-publicacoes?post=19380"}],"curies":[{"name":"wp","href":"https:\/\/api.w.org\/{rel}","templated":true}]}}

Comunicação, identidades e diálogo na cidade mediatizada

<p>Livro do XVII Congresso Ibero-Americano de Comunicação &#8211; IBERCOM 2022<br />
Tema Central: Comunicação, Identidades e Diálogo na Cidade Mediatizada<br />
Data: 26 a 28 de Outubro de 2022<br />
Local: Universidade do Porto / Pavilhão Rosa Mota / Jardins do Palácio de Cristal – Portugal<br />
Promoção: Associação Ibero-Americana de Investigadores de Comunicação (ASSIBERCOM) &#8211; Brasil<br />
Realização: Faculdade de Letras, Universidade do Porto &#8211; Portugal</p>
