{"id":9121,"date":"2023-01-12T23:01:06","date_gmt":"2023-01-12T23:01:06","guid":{"rendered":"https:\/\/citcem.org\/eventos\/10th-seminar-challenges-of-the-portuguese-sea-from-sea-to-arts\/"},"modified":"2023-02-19T18:43:51","modified_gmt":"2023-02-19T18:43:51","slug":"10th-seminar-challenges-of-the-portuguese-sea-from-sea-to-arts","status":"publish","type":"eventos","link":"https:\/\/citcem.org\/en\/events\/10th-seminar-challenges-of-the-portuguese-sea-from-sea-to-arts\/","title":{"rendered":"10th Seminar Challenges of the Portuguese Sea: From Sea to Arts"},"content":{"rendered":"<div class=\"news-text\">\n<p>The seminar &#8220;Challenges of the Portuguese Sea&#8221;, a unique event in the national panorama, returns with its 10th edition, consolidating its purpose of promoting the discussion and sharing of scientific knowledge about the most different perspectives of maritime culture.<\/p>\n<p>With the theme &#8220;<strong>From Sea to Arts&#8221;,<\/strong> the 2022 edition will take place on October 29th and will be dedicated to the most varied artistic expressions that have the Sea as their inspiration, promoting cultural manifestations that highlight and affirm the Portuguese maritime identity.<\/p>\n<p>Aimed at those interested in maritime culture, art and artistic creation, and all those who seek scientific and cultural fruition through heritage, this year&#8217;s edition will have as partners the Dire\u00e7\u00e3o Regional de Cultura do Centro, CITCEM &#8211; Centro de Investiga\u00e7\u00e3o Transdisciplinar &#8220;Cultura, Espa\u00e7o e Mem\u00f3ria&#8221;, from the University of Porto, and the Art History Institute from the Faculdade de Ci\u00eancias Sociais e Humanas da Universidade Nova de Lisboa.<\/p>\n<p>&nbsp;<\/p>\n<p>FREE REGISTRATION | ciemar.mmi@cm-ilhavo.pt<\/p>\n<p>Data to be sent: name, profession, institution and contacts.<\/p>\n<\/div>\n<h4>Files<\/h4>\n<p><a href=\"https:\/\/citcem.org\/wp-content\/uploads\/2023\/01\/Cartaz_3.png\" download=\"\">Poster<\/a><\/p>\n<p><a href=\"https:\/\/citcem.org\/wp-content\/uploads\/2023\/01\/Programa_1.png\" download=\"\">Program<\/a><\/p>\n","protected":false},"featured_media":8876,"template":"","ano-evento":[270],"tipo-eventos":[276],"cmcal_calendar":[],"class_list":["post-9121","eventos","type-eventos","status-publish","has-post-thumbnail","hentry","ano-evento-2022-en-2","tipo-eventos-seminar"],"_links":{"self":[{"href":"https:\/\/citcem.org\/en\/wp-json\/wp\/v2\/eventos\/9121","targetHints":{"allow":["GET"]}}],"collection":[{"href":"https:\/\/citcem.org\/en\/wp-json\/wp\/v2\/eventos"}],"about":[{"href":"https:\/\/citcem.org\/en\/wp-json\/wp\/v2\/types\/eventos"}],"version-history":[{"count":0,"href":"https:\/\/citcem.org\/en\/wp-json\/wp\/v2\/eventos\/9121\/revisions"}],"wp:featuredmedia":[{"embeddable":true,"href":"https:\/\/citcem.org\/en\/wp-json\/wp\/v2\/media\/8876"}],"wp:attachment":[{"href":"https:\/\/citcem.org\/en\/wp-json\/wp\/v2\/media?parent=9121"}],"wp:term":[{"taxonomy":"ano-evento","embeddable":true,"href":"https:\/\/citcem.org\/en\/wp-json\/wp\/v2\/ano-evento?post=9121"},{"taxonomy":"tipo-eventos","embeddable":true,"href":"https:\/\/citcem.org\/en\/wp-json\/wp\/v2\/tipo-eventos?post=9121"},{"taxonomy":"cmcal_calendar","embeddable":true,"href":"https:\/\/citcem.org\/en\/wp-json\/wp\/v2\/cmcal_calendar?post=9121"}],"curies":[{"name":"wp","href":"https:\/\/api.w.org\/{rel}","templated":true}]}}

<div class="news-text">
<p>The seminar &#8220;Challenges of the Portuguese Sea&#8221;, a unique event in the national panorama, returns with its 10th edition, consolidating its purpose of promoting the discussion and sharing of scientific knowledge about the most different perspectives of maritime culture.</p>
<p>With the theme &#8220;<strong>From Sea to Arts&#8221;,</strong> the 2022 edition will take place on October 29th and will be dedicated to the most varied artistic expressions that have the Sea as their inspiration, promoting cultural manifestations that highlight and affirm the Portuguese maritime identity.</p>
<p>Aimed at those interested in maritime culture, art and artistic creation, and all those who seek scientific and cultural fruition through heritage, this year&#8217;s edition will have as partners the Direção Regional de Cultura do Centro, CITCEM &#8211; Centro de Investigação Transdisciplinar &#8220;Cultura, Espaço e Memória&#8221;, from the University of Porto, and the Art History Institute from the Faculdade de Ciências Sociais e Humanas da Universidade Nova de Lisboa.</p>
<p>&nbsp;</p>
<p>FREE REGISTRATION | ciemar.mmi@cm-ilhavo.pt</p>
<p>Data to be sent: name, profession, institution and contacts.</p>
</div>
<h4>Files</h4>
<p><a href="https://citcem.org/wp-content/uploads/2023/01/Cartaz_3.png" download="">Poster</a></p>
<p><a href="https://citcem.org/wp-content/uploads/2023/01/Programa_1.png" download="">Program</a></p>
