{"id":8567,"date":"2022-12-17T15:24:10","date_gmt":"2022-12-17T15:24:10","guid":{"rendered":"https:\/\/citcem.org\/eventos\/rurallure-international-congress-promoting-cultural-heritage-and-museums-in-a-rural-context\/"},"modified":"2022-12-17T15:24:10","modified_gmt":"2022-12-17T15:24:10","slug":"rurallure-international-congress-promoting-cultural-heritage-and-museums-in-a-rural-context","status":"publish","type":"eventos","link":"https:\/\/citcem.org\/en\/events\/rurallure-international-congress-promoting-cultural-heritage-and-museums-in-a-rural-context\/","title":{"rendered":"rurAllure International Congress &#8211; &#8220;Promoting Cultural Heritage and Museums in a Rural Context"},"content":{"rendered":"<div class=\"news-text\">\n<p>On September 8, 9 and 10, Vila do Conde will host the International Congress of the rurAllure project under the theme &#8220;Promotion of Cultural Heritage and Museums in a Rural Context&#8221;, which will take place at the Municipal Theater.<\/p>\n<p>This congress aims to analyze the use of current information technologies in order to promote the connection between the territory and the travelers who, every year, traverse it, whether by following the European pilgrimage routes or by freely following routes of true discovery, enhancing an experience around the heritage, and in particular the literary and artistic heritage.<\/p>\n<p>Remember that Vila do Conde City Hall is the Portuguese partner of the rurAllure Project, which brings together a network of cultural institutions from various countries (museums, libraries, natural heritage, civil associations, among others), created so that, together, they can benefit from the flow of people on nearby pilgrimage routes, such as the Camino de Santiago de Compostela, which crosses our municipality.<\/p>\n<p>Participation in the rurAllure International Congress is open to the community by prior registration to the email <a href=\"mailto:rurallure@cm-viladoconde.pt\">rurallure@cm-viladoconde.pt<\/a><\/p>\n<p>Rurallue International Congress &#8211; Promotion of cultural heritage and museums in rural<\/p>\n<p>8, 9 &amp; 10\/09\/2021<\/p>\n<p>The International Congress rurAllure &#8211; Promotion of Cultural Heritage and Museums in a rural context, aims to problematize the use of current information technologies, in order to increase the symbiosis between the territory and the travellers who annually cross it, whether in the fulfillment of the European pilgrimage routes, or in the free circulation through routes of true discovery, enhancing a differentiating experience of place, around heritage, and in particular the literary and artistic heritage.<\/p>\n<p>VILA DO CONDE<br \/>\nVILA DO CONDE MUNICIPAL THEATER<br \/>\nAv. Dr. Jo\u00e3o Canavarro, 4480-754 Vila do Conde<br \/>\nRegistration: <a href=\"mailto:rurallure@cm-viladoconde.pt\">rurallure@cm-viladoconde.pt<\/a><\/p>\n<p>Honour Committee<\/p>\n<p>Am\u00e9lia Pol\u00f3nia<br \/>\nAnt\u00f3nio do Carmo Reis<br \/>\nDuarte Belo<br \/>\nEm\u00edlia Maria Cela<br \/>\nGiuseppe D&#8217;Acunto<br \/>\nIsabel Pires de Lima<br \/>\nJaime Solano<br \/>\nManuel Joaquim Moreira da Rocha<br \/>\nManuela Pereira<br \/>\nMonica Baldaque<br \/>\nPatrizia Battilani<br \/>\nPrudence Coimbra<br \/>\nRaimondo Sinibaldi<br \/>\nSilvia Gonz\u00e1lez Soutelo<br \/>\nSusana Reboreda Morillo<br \/>\nTatiana Deptov\u00e1<br \/>\nValentino Vranic<br \/>\nValter Hugo M\u00e3e<\/p>\n<p>Scientific Committee<\/p>\n<p>Alessia Mariotti<br \/>\nBland\u00edna \u0160ramov\u00e1<br \/>\nGuillermo Laseca<br \/>\nJan Lang<br \/>\nJos\u00e9 Juan Pazos Arias<br \/>\nLeonor Botelho<br \/>\nL\u00facia Rosas<br \/>\nMaddalena Bassani<br \/>\nMaria de Fatima Lambert<br \/>\nRui Miguel Almeida Maia<br \/>\nSandra Romano<br \/>\nSilvia Cavinato<\/p>\n<p>Program<\/p>\n<p><strong>september 8th<\/strong><\/p>\n<p><strong>9.30h &#8211; Participants Reception<\/strong><br \/>\n<strong>10.00am &#8211; Opening Ceremony\/Session<\/strong><\/p>\n<p><strong>11.00am<\/strong> &#8211; Jordi Tresseras | LABPATC: Laboratory of Heritage, Creativity and Cultural Tourism<br \/>\n&#8220;Literary heritage and cultural routes for the development of creative tourism in rural areas&#8221;<br \/>\n&#8220;Literary heritage and cultural routes for creative tourism development in rural areas&#8221;<\/p>\n<p>&nbsp;<\/p>\n<p><strong>12.00 &#8211; Lunch<\/strong><\/p>\n<p>&nbsp;<\/p>\n<p><strong>2.30pm<\/strong> &#8211; L\u00facia Rosas | Departamento de Ci\u00eancias e T\u00e9cnicas do Patrim\u00f3nio &#8211; Faculdade de Letras da Universidade do Porto \/ Transdisciplinary Research Center &#8220;Culture, Space and Memory<br \/>\n&#8220;Vernacular heritage in the Alto Douro Wine Region&#8221;<br \/>\n&#8220;Vernacular heritage in the Alto Douro Wine Region&#8221;<\/p>\n<p><strong>3.30pm<\/strong> &#8211; Carolina Sousa |Master&#8217;s Degree in History of Art, Heritage and Visual Culture \/ Department of Heritage Sciences and Techniques &#8211; Faculty of Letters of the University of Porto<br \/>\n&#8220;Heritage in transformation: the vernacular in the villages of the Romanesque Route&#8221;<br \/>\n&#8220;Heritage in transformation: the vernacular in the villages of the Romanesque Route&#8221;<\/p>\n<p><strong>16.00<\/strong> &#8211; Mariana Cardoso da Silva | Master in History of Art, Heritage and Visual Culture \/ Department of Heritage Sciences and Techniques &#8211; Faculty of Letters of the University of Porto<br \/>\n&#8220;The windmills in the territory and landscape of northern Portugal&#8221;<br \/>\n&#8220;The windmills in the territory and landscape of the Northen Portugal&#8221;<\/p>\n<p>&nbsp;<\/p>\n<p><strong>4.30pm &#8211; Break<\/strong><\/p>\n<p>&nbsp;<\/p>\n<p><strong>5.00 pm<\/strong> &#8211; Jos\u00e9 Mar\u00eda Lucas Tobajas &#8211; Provincial Deputation of Badajoz<br \/>\nCarolina Casado Escolar &#8211; Provincial Deputation of Badajoz<br \/>\n&#8220;Literary Landscapes in the Jacobin Paths of the Western Peninsula&#8221;<br \/>\n&#8220;Literary Landscapes in the Jacobin Paths of the Western Peninsula&#8221;<\/p>\n<p>&nbsp;<\/p>\n<p><strong>17.30 &#8211; Discussion<\/strong><\/p>\n<p><strong> <\/strong><\/p>\n<p><strong>september 9th<\/strong><\/p>\n<p><strong>10.00am<\/strong> &#8211; Laura Castro | Regional Direction of Culture of the North<br \/>\n&#8220;Writers in the North&#8221;<br \/>\n&#8220;Writers in the North&#8221;<\/p>\n<p><strong>10.30am<\/strong> &#8211; F\u00e1tima Vieira | Reitoria da Universidade do Porto<br \/>\n&#8220;The Construction of a European Cultural Corridor&#8221;<br \/>\n&#8220;The Construction of a European Cultural Corridor&#8221;<\/p>\n<p><strong>11am<\/strong> &#8211; Aurora Pedro Pinto | Lello Bookstore<br \/>\n&#8220;Livraria Lello: Intangible heritage as a lever for economic development&#8221;<br \/>\n&#8220;Livraria Lello: Intangible heritage as a leverage for economic development&#8221;<\/p>\n<p><strong>11.30am<\/strong> &#8211; Rute Mendes | Municipality of Lisbon<br \/>\n&#8220;Journey to Portugal&#8221;<br \/>\n&#8220;Journey to Portugal<\/p>\n<p>&nbsp;<\/p>\n<p><strong>12.00 pm &#8211; Discussion<\/strong><\/p>\n<p>&nbsp;<\/p>\n<p><strong>12.30 &#8211; Lunch<\/strong><\/p>\n<p>&nbsp;<\/p>\n<p><strong>2.30pm<\/strong> &#8211; Ant\u00f3n Lopo | Festival &#8220;Algu\u00e9n que respira!&#8221;<br \/>\n&#8220;Poetry for Main Body&#8221;<br \/>\n&#8220;Poetry as Main body&#8221;<\/p>\n<p><strong>15h00<\/strong> &#8211; Adelaide Galhardo | Penafiel City Council<br \/>\n&#8220;Scriptaria: territory of gratitude, affections and memories&#8221;<br \/>\n&#8220;Writingness: territory of gratitude, affections and memories&#8221;<\/p>\n<p><strong>3.30 PM<\/strong> &#8211; Manuela Ribeiro | Municipality of P\u00f3voa de Varzim<br \/>\n&#8220;Correntes d&#8217; Escritas: Heritage that is fulfilled in Literature<br \/>\n&#8220;Correntes d&#8217;Escritas: Heritage that is fulfilled in Literature&#8221;.<\/p>\n<p>&nbsp;<\/p>\n<p><strong>4.00 pm &#8211; Break<\/strong><\/p>\n<p>&nbsp;<\/p>\n<p><strong>4.30pm<\/strong> &#8211; Mauro Munhoz | International Literary Festival of ParatY<br \/>\n&#8220;Flip, open city. The party as an occupation&#8221;.<br \/>\n&#8220;Flip, International Literature Festival in Paraty, Open city. The party as an occupation.&#8221;<\/p>\n<p><strong>5.00pm<\/strong> &#8211; Suianni Macedo | Servi\u00e7o Social do Com\u00e9rcio &#8211; Sesc S\u00e3o Jos\u00e9 dos Campos<br \/>\nAdalberto Retto Junior | Faculty of Arts, Architecture, Communication and Design, S\u00e3o Paulo State University<br \/>\n&#8220;S\u00e3o Paulo modern itineraries: tourism in the wake of the interiorization of modern architecture&#8221;<br \/>\n&#8220;S. Paulo&#8217;s modern itineraries: tourism in the track of the interiorization of modern architecture&#8221;<\/p>\n<p><strong>5.30pm<\/strong> &#8211; Eliane Robert Moraes | University of S\u00e3o Paulo<br \/>\n&#8220;M\u00e1rio de Andrade &#8216;apprentice tourist'&#8221;<br \/>\n&#8220;M\u00e1rio de Andrade &#8216;apprentice tourist'&#8221;<\/p>\n<p>&nbsp;<\/p>\n<p><strong>6.00 pm &#8211; Debate | Discussion<\/strong><\/p>\n<p>&nbsp;<\/p>\n<p><strong>18.30h &#8211; Round Table Discussion<\/strong><\/p>\n<p><strong>Moderation: Rui Maia and Ux\u00edo Novoneyra<\/strong><br \/>\nAlberto Mangel | Writer<br \/>\nAnt\u00f3n Pati\u00f1o | Visual Artist and Writer<br \/>\nClara Riso | Casa Fernando Pessoa<br \/>\nTeresa Albuquerque | Casa de Mateus Foundation<\/p>\n<p><strong> <\/strong><\/p>\n<p><strong>september 10th<\/strong><\/p>\n<p><strong>3.00pm<\/strong> &#8211; Marta Miranda | Vila do Conde Municipality<br \/>\n&#8220;Rotas d&#8217;escritas&#8221; &#8211; Guided visit<br \/>\n&#8220;Writings Routes&#8221; &#8211; Guided visit<\/p>\n<\/div>\n<h4>Files<\/h4>\n<p><a href=\"https:\/\/citcem.org\/wp-content\/uploads\/2022\/12\/Cartel_Congreso_-1.jpg\" download=\"\">POSTER<\/a><\/p>\n<p><a href=\"https:\/\/citcem.org\/wp-content\/uploads\/2022\/12\/programa_congresso_do_projeto_ruralle_1-1.pdf\" download=\"\">PROGRAM<\/a><\/p>\n","protected":false},"featured_media":8259,"template":"","ano-evento":[269],"tipo-eventos":[274],"cmcal_calendar":[],"class_list":["post-8567","eventos","type-eventos","status-publish","has-post-thumbnail","hentry","ano-evento-2021-en-2","tipo-eventos-congress"],"_links":{"self":[{"href":"https:\/\/citcem.org\/en\/wp-json\/wp\/v2\/eventos\/8567","targetHints":{"allow":["GET"]}}],"collection":[{"href":"https:\/\/citcem.org\/en\/wp-json\/wp\/v2\/eventos"}],"about":[{"href":"https:\/\/citcem.org\/en\/wp-json\/wp\/v2\/types\/eventos"}],"version-history":[{"count":0,"href":"https:\/\/citcem.org\/en\/wp-json\/wp\/v2\/eventos\/8567\/revisions"}],"wp:featuredmedia":[{"embeddable":true,"href":"https:\/\/citcem.org\/en\/wp-json\/wp\/v2\/media\/8259"}],"wp:attachment":[{"href":"https:\/\/citcem.org\/en\/wp-json\/wp\/v2\/media?parent=8567"}],"wp:term":[{"taxonomy":"ano-evento","embeddable":true,"href":"https:\/\/citcem.org\/en\/wp-json\/wp\/v2\/ano-evento?post=8567"},{"taxonomy":"tipo-eventos","embeddable":true,"href":"https:\/\/citcem.org\/en\/wp-json\/wp\/v2\/tipo-eventos?post=8567"},{"taxonomy":"cmcal_calendar","embeddable":true,"href":"https:\/\/citcem.org\/en\/wp-json\/wp\/v2\/cmcal_calendar?post=8567"}],"curies":[{"name":"wp","href":"https:\/\/api.w.org\/{rel}","templated":true}]}}

<div class="news-text">
<p>On September 8, 9 and 10, Vila do Conde will host the International Congress of the rurAllure project under the theme &#8220;Promotion of Cultural Heritage and Museums in a Rural Context&#8221;, which will take place at the Municipal Theater.</p>
<p>This congress aims to analyze the use of current information technologies in order to promote the connection between the territory and the travelers who, every year, traverse it, whether by following the European pilgrimage routes or by freely following routes of true discovery, enhancing an experience around the heritage, and in particular the literary and artistic heritage.</p>
<p>Remember that Vila do Conde City Hall is the Portuguese partner of the rurAllure Project, which brings together a network of cultural institutions from various countries (museums, libraries, natural heritage, civil associations, among others), created so that, together, they can benefit from the flow of people on nearby pilgrimage routes, such as the Camino de Santiago de Compostela, which crosses our municipality.</p>
<p>Participation in the rurAllure International Congress is open to the community by prior registration to the email <a href="mailto:rurallure@cm-viladoconde.pt">rurallure@cm-viladoconde.pt</a></p>
<p>Rurallue International Congress &#8211; Promotion of cultural heritage and museums in rural</p>
<p>8, 9 &amp; 10/09/2021</p>
<p>The International Congress rurAllure &#8211; Promotion of Cultural Heritage and Museums in a rural context, aims to problematize the use of current information technologies, in order to increase the symbiosis between the territory and the travellers who annually cross it, whether in the fulfillment of the European pilgrimage routes, or in the free circulation through routes of true discovery, enhancing a differentiating experience of place, around heritage, and in particular the literary and artistic heritage.</p>
<p>VILA DO CONDE<br />
VILA DO CONDE MUNICIPAL THEATER<br />
Av. Dr. João Canavarro, 4480-754 Vila do Conde<br />
Registration: <a href="mailto:rurallure@cm-viladoconde.pt">rurallure@cm-viladoconde.pt</a></p>
<p>Honour Committee</p>
<p>Amélia Polónia<br />
António do Carmo Reis<br />
Duarte Belo<br />
Emília Maria Cela<br />
Giuseppe D&#8217;Acunto<br />
Isabel Pires de Lima<br />
Jaime Solano<br />
Manuel Joaquim Moreira da Rocha<br />
Manuela Pereira<br />
Monica Baldaque<br />
Patrizia Battilani<br />
Prudence Coimbra<br />
Raimondo Sinibaldi<br />
Silvia González Soutelo<br />
Susana Reboreda Morillo<br />
Tatiana Deptová<br />
Valentino Vranic<br />
Valter Hugo Mãe</p>
<p>Scientific Committee</p>
<p>Alessia Mariotti<br />
Blandína Šramová<br />
Guillermo Laseca<br />
Jan Lang<br />
José Juan Pazos Arias<br />
Leonor Botelho<br />
Lúcia Rosas<br />
Maddalena Bassani<br />
Maria de Fatima Lambert<br />
Rui Miguel Almeida Maia<br />
Sandra Romano<br />
Silvia Cavinato</p>
<p>Program</p>
<p><strong>september 8th</strong></p>
<p><strong>9.30h &#8211; Participants Reception</strong><br />
<strong>10.00am &#8211; Opening Ceremony/Session</strong></p>
<p><strong>11.00am</strong> &#8211; Jordi Tresseras | LABPATC: Laboratory of Heritage, Creativity and Cultural Tourism<br />
&#8220;Literary heritage and cultural routes for the development of creative tourism in rural areas&#8221;<br />
&#8220;Literary heritage and cultural routes for creative tourism development in rural areas&#8221;</p>
<p>&nbsp;</p>
<p><strong>12.00 &#8211; Lunch</strong></p>
<p>&nbsp;</p>
<p><strong>2.30pm</strong> &#8211; Lúcia Rosas | Departamento de Ciências e Técnicas do Património &#8211; Faculdade de Letras da Universidade do Porto / Transdisciplinary Research Center &#8220;Culture, Space and Memory<br />
&#8220;Vernacular heritage in the Alto Douro Wine Region&#8221;<br />
&#8220;Vernacular heritage in the Alto Douro Wine Region&#8221;</p>
<p><strong>3.30pm</strong> &#8211; Carolina Sousa |Master&#8217;s Degree in History of Art, Heritage and Visual Culture / Department of Heritage Sciences and Techniques &#8211; Faculty of Letters of the University of Porto<br />
&#8220;Heritage in transformation: the vernacular in the villages of the Romanesque Route&#8221;<br />
&#8220;Heritage in transformation: the vernacular in the villages of the Romanesque Route&#8221;</p>
<p><strong>16.00</strong> &#8211; Mariana Cardoso da Silva | Master in History of Art, Heritage and Visual Culture / Department of Heritage Sciences and Techniques &#8211; Faculty of Letters of the University of Porto<br />
&#8220;The windmills in the territory and landscape of northern Portugal&#8221;<br />
&#8220;The windmills in the territory and landscape of the Northen Portugal&#8221;</p>
<p>&nbsp;</p>
<p><strong>4.30pm &#8211; Break</strong></p>
<p>&nbsp;</p>
<p><strong>5.00 pm</strong> &#8211; José María Lucas Tobajas &#8211; Provincial Deputation of Badajoz<br />
Carolina Casado Escolar &#8211; Provincial Deputation of Badajoz<br />
&#8220;Literary Landscapes in the Jacobin Paths of the Western Peninsula&#8221;<br />
&#8220;Literary Landscapes in the Jacobin Paths of the Western Peninsula&#8221;</p>
<p>&nbsp;</p>
<p><strong>17.30 &#8211; Discussion</strong></p>
<p><strong> </strong></p>
<p><strong>september 9th</strong></p>
<p><strong>10.00am</strong> &#8211; Laura Castro | Regional Direction of Culture of the North<br />
&#8220;Writers in the North&#8221;<br />
&#8220;Writers in the North&#8221;</p>
<p><strong>10.30am</strong> &#8211; Fátima Vieira | Reitoria da Universidade do Porto<br />
&#8220;The Construction of a European Cultural Corridor&#8221;<br />
&#8220;The Construction of a European Cultural Corridor&#8221;</p>
<p><strong>11am</strong> &#8211; Aurora Pedro Pinto | Lello Bookstore<br />
&#8220;Livraria Lello: Intangible heritage as a lever for economic development&#8221;<br />
&#8220;Livraria Lello: Intangible heritage as a leverage for economic development&#8221;</p>
<p><strong>11.30am</strong> &#8211; Rute Mendes | Municipality of Lisbon<br />
&#8220;Journey to Portugal&#8221;<br />
&#8220;Journey to Portugal</p>
<p>&nbsp;</p>
<p><strong>12.00 pm &#8211; Discussion</strong></p>
<p>&nbsp;</p>
<p><strong>12.30 &#8211; Lunch</strong></p>
<p>&nbsp;</p>
<p><strong>2.30pm</strong> &#8211; Antón Lopo | Festival &#8220;Alguén que respira!&#8221;<br />
&#8220;Poetry for Main Body&#8221;<br />
&#8220;Poetry as Main body&#8221;</p>
<p><strong>15h00</strong> &#8211; Adelaide Galhardo | Penafiel City Council<br />
&#8220;Scriptaria: territory of gratitude, affections and memories&#8221;<br />
&#8220;Writingness: territory of gratitude, affections and memories&#8221;</p>
<p><strong>3.30 PM</strong> &#8211; Manuela Ribeiro | Municipality of Póvoa de Varzim<br />
&#8220;Correntes d&#8217; Escritas: Heritage that is fulfilled in Literature<br />
&#8220;Correntes d&#8217;Escritas: Heritage that is fulfilled in Literature&#8221;.</p>
<p>&nbsp;</p>
<p><strong>4.00 pm &#8211; Break</strong></p>
<p>&nbsp;</p>
<p><strong>4.30pm</strong> &#8211; Mauro Munhoz | International Literary Festival of ParatY<br />
&#8220;Flip, open city. The party as an occupation&#8221;.<br />
&#8220;Flip, International Literature Festival in Paraty, Open city. The party as an occupation.&#8221;</p>
<p><strong>5.00pm</strong> &#8211; Suianni Macedo | Serviço Social do Comércio &#8211; Sesc São José dos Campos<br />
Adalberto Retto Junior | Faculty of Arts, Architecture, Communication and Design, São Paulo State University<br />
&#8220;São Paulo modern itineraries: tourism in the wake of the interiorization of modern architecture&#8221;<br />
&#8220;S. Paulo&#8217;s modern itineraries: tourism in the track of the interiorization of modern architecture&#8221;</p>
<p><strong>5.30pm</strong> &#8211; Eliane Robert Moraes | University of São Paulo<br />
&#8220;Mário de Andrade &#8216;apprentice tourist'&#8221;<br />
&#8220;Mário de Andrade &#8216;apprentice tourist'&#8221;</p>
<p>&nbsp;</p>
<p><strong>6.00 pm &#8211; Debate | Discussion</strong></p>
<p>&nbsp;</p>
<p><strong>18.30h &#8211; Round Table Discussion</strong></p>
<p><strong>Moderation: Rui Maia and Uxío Novoneyra</strong><br />
Alberto Mangel | Writer<br />
Antón Patiño | Visual Artist and Writer<br />
Clara Riso | Casa Fernando Pessoa<br />
Teresa Albuquerque | Casa de Mateus Foundation</p>
<p><strong> </strong></p>
<p><strong>september 10th</strong></p>
<p><strong>3.00pm</strong> &#8211; Marta Miranda | Vila do Conde Municipality<br />
&#8220;Rotas d&#8217;escritas&#8221; &#8211; Guided visit<br />
&#8220;Writings Routes&#8221; &#8211; Guided visit</p>
</div>
<h4>Files</h4>
<p><a href="https://citcem.org/wp-content/uploads/2022/12/Cartel_Congreso_-1.jpg" download="">POSTER</a></p>
<p><a href="https://citcem.org/wp-content/uploads/2022/12/programa_congresso_do_projeto_ruralle_1-1.pdf" download="">PROGRAM</a></p>
