{"id":8530,"date":"2022-12-19T16:47:31","date_gmt":"2022-12-19T16:47:31","guid":{"rendered":"https:\/\/citcem.org\/eventos\/7th-session-oic-2021-22-research-routes-on-the-history-of-portugal-4-13th-to-16th-centuries-methods-and-challenges\/"},"modified":"2022-12-19T16:47:31","modified_gmt":"2022-12-19T16:47:31","slug":"7th-session-oic-2021-22-research-routes-on-the-history-of-portugal-4-13th-to-16th-centuries-methods-and-challenges","status":"publish","type":"eventos","link":"https:\/\/citcem.org\/en\/events\/7th-session-oic-2021-22-research-routes-on-the-history-of-portugal-4-13th-to-16th-centuries-methods-and-challenges\/","title":{"rendered":"7th SESSION OIC 2021\/22 &#8220;Research routes on the History of Portugal 4 (13th to 16th centuries): methods and challenges"},"content":{"rendered":"<div class=\"col-sm-12\">\n<div class=\"news-text\">\n<p><strong>Names of the speakers and titles of their papers<\/strong><\/p>\n<p>R\u00faben Concei\u00e7\u00e3o &#8211; <em>Vias de comunica\u00e7\u00e3o entre o Norte de Portugal e o Sul da Galiza no dealbar da Baixa M\u00e9dia: quest\u00f5es metodol\u00f3gicas e linhas de a\u00e7\u00e3o<\/em><\/p>\n<p>Andr\u00e9 Moutinho Rodrigues &#8211; <em>Researching the Portuguese Renaissance cardinalate: questionnaire and methodology<\/em><\/p>\n<p>Marco Ribeiro &#8211;  <em>Medieval Mesteres with a political conscience? Potentials and limitations of a research path<\/em><\/p>\n<p>Paulo Morgado e Cunha &#8211; <em>Studying a medieval productive sector: the case of metals in Portugal (13th-16th centuries)<\/em><\/p>\n<p><em> <\/em><\/p>\n<p><strong>Session Proponents<\/strong><\/p>\n<p>Andr\u00e9 Moutinho Rodrigues (Sociabilities and Religious Practices) and Paulo Morgado e Cunha (Transaction Values\/Values in Transition)<\/p>\n<p>&nbsp;<\/p>\n<p>* In the impossibility of holding the session in person, it will be timely organized and announced through the Zoom platform, with live broadcast on CITCEM&#8217;s YouTube channel.<\/p>\n<p>&nbsp;<\/p>\n<p><strong>OIC Webpage: <\/strong><a href=\"https:\/\/oiccitcem.wixsite.com\/oficinascitcem\">https:\/\/oiccitcem.wixsite.com\/oficinascitcem<\/a><\/p>\n<p>&nbsp;<\/p>\n<p><strong>Scientific Committee<\/strong><\/p>\n<p>CITCEM Executive Committee<\/p>\n<p><strong>Organizing Committee<\/strong><\/p>\n<p>Carla Sequeira<\/p>\n<p>Joana Lencart<\/p>\n<p><strong>Organization<\/strong><\/p>\n<p>CITCEM<\/p>\n<p><strong>Secretariat<\/strong><\/p>\n<p>CITCEM<\/p>\n<\/div>\n<h4>Files<\/h4>\n<p><a href=\"https:\/\/citcem.org\/wp-content\/uploads\/2022\/12\/Cartaz_03-12-21-1.jpg\" download=\"\">POSTER<\/a><\/p>\n<p><a href=\"https:\/\/citcem.org\/wp-content\/uploads\/2022\/12\/Programa_03-12-21_-1.pdf\" download=\"\">PROGRAM<\/a><\/p>\n<\/div>\n","protected":false},"featured_media":8276,"template":"","ano-evento":[269],"tipo-eventos":[296],"cmcal_calendar":[],"class_list":["post-8530","eventos","type-eventos","status-publish","has-post-thumbnail","hentry","ano-evento-2021-en-2","tipo-eventos-other-en"],"_links":{"self":[{"href":"https:\/\/citcem.org\/en\/wp-json\/wp\/v2\/eventos\/8530","targetHints":{"allow":["GET"]}}],"collection":[{"href":"https:\/\/citcem.org\/en\/wp-json\/wp\/v2\/eventos"}],"about":[{"href":"https:\/\/citcem.org\/en\/wp-json\/wp\/v2\/types\/eventos"}],"version-history":[{"count":0,"href":"https:\/\/citcem.org\/en\/wp-json\/wp\/v2\/eventos\/8530\/revisions"}],"wp:featuredmedia":[{"embeddable":true,"href":"https:\/\/citcem.org\/en\/wp-json\/wp\/v2\/media\/8276"}],"wp:attachment":[{"href":"https:\/\/citcem.org\/en\/wp-json\/wp\/v2\/media?parent=8530"}],"wp:term":[{"taxonomy":"ano-evento","embeddable":true,"href":"https:\/\/citcem.org\/en\/wp-json\/wp\/v2\/ano-evento?post=8530"},{"taxonomy":"tipo-eventos","embeddable":true,"href":"https:\/\/citcem.org\/en\/wp-json\/wp\/v2\/tipo-eventos?post=8530"},{"taxonomy":"cmcal_calendar","embeddable":true,"href":"https:\/\/citcem.org\/en\/wp-json\/wp\/v2\/cmcal_calendar?post=8530"}],"curies":[{"name":"wp","href":"https:\/\/api.w.org\/{rel}","templated":true}]}}

<div class="col-sm-12">
<div class="news-text">
<p><strong>Names of the speakers and titles of their papers</strong></p>
<p>Rúben Conceição &#8211; <em>Vias de comunicação entre o Norte de Portugal e o Sul da Galiza no dealbar da Baixa Média: questões metodológicas e linhas de ação</em></p>
<p>André Moutinho Rodrigues &#8211; <em>Researching the Portuguese Renaissance cardinalate: questionnaire and methodology</em></p>
<p>Marco Ribeiro &#8211;  <em>Medieval Mesteres with a political conscience? Potentials and limitations of a research path</em></p>
<p>Paulo Morgado e Cunha &#8211; <em>Studying a medieval productive sector: the case of metals in Portugal (13th-16th centuries)</em></p>
<p><em> </em></p>
<p><strong>Session Proponents</strong></p>
<p>André Moutinho Rodrigues (Sociabilities and Religious Practices) and Paulo Morgado e Cunha (Transaction Values/Values in Transition)</p>
<p>&nbsp;</p>
<p>* In the impossibility of holding the session in person, it will be timely organized and announced through the Zoom platform, with live broadcast on CITCEM&#8217;s YouTube channel.</p>
<p>&nbsp;</p>
<p><strong>OIC Webpage: </strong><a href="https://oiccitcem.wixsite.com/oficinascitcem">https://oiccitcem.wixsite.com/oficinascitcem</a></p>
<p>&nbsp;</p>
<p><strong>Scientific Committee</strong></p>
<p>CITCEM Executive Committee</p>
<p><strong>Organizing Committee</strong></p>
<p>Carla Sequeira</p>
<p>Joana Lencart</p>
<p><strong>Organization</strong></p>
<p>CITCEM</p>
<p><strong>Secretariat</strong></p>
<p>CITCEM</p>
</div>
<h4>Files</h4>
<p><a href="https://citcem.org/wp-content/uploads/2022/12/Cartaz_03-12-21-1.jpg" download="">POSTER</a></p>
<p><a href="https://citcem.org/wp-content/uploads/2022/12/Programa_03-12-21_-1.pdf" download="">PROGRAM</a></p>
</div>
