{"id":7922,"date":"2022-12-16T11:29:20","date_gmt":"2022-12-16T11:29:20","guid":{"rendered":"https:\/\/citcem.org\/eventos\/team-time-6th-meeting-of-the-digital-culture-group\/"},"modified":"2022-12-16T11:29:20","modified_gmt":"2022-12-16T11:29:20","slug":"team-time-6th-meeting-of-the-digital-culture-group","status":"publish","type":"eventos","link":"https:\/\/citcem.org\/en\/events\/team-time-6th-meeting-of-the-digital-culture-group\/","title":{"rendered":"TEA(M) TIME: 6th Meeting of the Digital Culture Group"},"content":{"rendered":"<div class=\"news-text\">\n<p>Tea Time is a monthly meeting for sharing scientific research that is being conducted by the Digital Culture Group of the Transdisciplinary Research Center &#8220;Culture, Space and Memory&#8221; of the Faculty of Arts of the University of Porto (CITCEM).<\/p>\n<p>It was usually held on Fridays at 5pm, at FLUP R&amp;D, and its objectives were to traverse the whole field of the disciplinary areas of Information and Communication Sciences, problematizing different themes; to promote <em>team building;<\/em> and to facilitate the development of publications and joint research projects.<\/p>\n<p>At each meeting there was a member of the Digital Culture Group introducing himself. Then tea was served and the debate opened.<\/p>\n<p>This is a meeting accessible to other CITCEM Groups, researchers, students, and everyone else interested in the topics in focus.<\/p>\n<p>Despite the team&#8217;s stated desire for the tea parties for socializing, sharing projects, and strengthening the team to resume before the school year in their original, face-to-face version, everything indicates that this may not happen. For this reason, they have decided to adopt a new way of holding these sessions, adding to them the intention of getting closer to colleagues who are based in other lands.<\/p>\n<p>The 6th Tea(m) Time Meeting will take place on <strong>May 15, at 6pm mainland Portugal<\/strong> time. It will be an opportunity to get to know our members Cl\u00e1udio Paix\u00e3o and Eliane Ara\u00fajo better. Below you will find the access link and our dissemination poster, to reach everyone interested in the Digital Culture theme.<\/p>\n<p>Enter the Zoom meeting<br \/>\n<a href=\"https:\/\/videoconf-colibri.zoom.us\/j\/92350624104?pwd=dlF3bHYwUGhoQzJ1VUhIZmhHaDhKdz09\">https:\/\/videoconf-colibri.zoom.us\/j\/92350624104?pwd=dlF3bHYwUGhoQzJ1VUhIZmhHaDhKdz09<\/a><\/p>\n<p>Meeting ID: 923 5062 4104<\/p>\n<p>&nbsp;<\/p>\n<\/div>\n<h4>Files<\/h4>\n<p><a href=\"https:\/\/citcem.org\/wp-content\/uploads\/2022\/12\/6_encontro_tea_time.gif\" download=\"\">POSTER<\/a><\/p>\n","protected":false},"featured_media":7687,"template":"","ano-evento":[278],"tipo-eventos":[295],"cmcal_calendar":[],"class_list":["post-7922","eventos","type-eventos","status-publish","has-post-thumbnail","hentry","ano-evento-2020-en","tipo-eventos-meeting"],"_links":{"self":[{"href":"https:\/\/citcem.org\/en\/wp-json\/wp\/v2\/eventos\/7922","targetHints":{"allow":["GET"]}}],"collection":[{"href":"https:\/\/citcem.org\/en\/wp-json\/wp\/v2\/eventos"}],"about":[{"href":"https:\/\/citcem.org\/en\/wp-json\/wp\/v2\/types\/eventos"}],"version-history":[{"count":0,"href":"https:\/\/citcem.org\/en\/wp-json\/wp\/v2\/eventos\/7922\/revisions"}],"wp:featuredmedia":[{"embeddable":true,"href":"https:\/\/citcem.org\/en\/wp-json\/wp\/v2\/media\/7687"}],"wp:attachment":[{"href":"https:\/\/citcem.org\/en\/wp-json\/wp\/v2\/media?parent=7922"}],"wp:term":[{"taxonomy":"ano-evento","embeddable":true,"href":"https:\/\/citcem.org\/en\/wp-json\/wp\/v2\/ano-evento?post=7922"},{"taxonomy":"tipo-eventos","embeddable":true,"href":"https:\/\/citcem.org\/en\/wp-json\/wp\/v2\/tipo-eventos?post=7922"},{"taxonomy":"cmcal_calendar","embeddable":true,"href":"https:\/\/citcem.org\/en\/wp-json\/wp\/v2\/cmcal_calendar?post=7922"}],"curies":[{"name":"wp","href":"https:\/\/api.w.org\/{rel}","templated":true}]}}

<div class="news-text">
<p>Tea Time is a monthly meeting for sharing scientific research that is being conducted by the Digital Culture Group of the Transdisciplinary Research Center &#8220;Culture, Space and Memory&#8221; of the Faculty of Arts of the University of Porto (CITCEM).</p>
<p>It was usually held on Fridays at 5pm, at FLUP R&amp;D, and its objectives were to traverse the whole field of the disciplinary areas of Information and Communication Sciences, problematizing different themes; to promote <em>team building;</em> and to facilitate the development of publications and joint research projects.</p>
<p>At each meeting there was a member of the Digital Culture Group introducing himself. Then tea was served and the debate opened.</p>
<p>This is a meeting accessible to other CITCEM Groups, researchers, students, and everyone else interested in the topics in focus.</p>
<p>Despite the team&#8217;s stated desire for the tea parties for socializing, sharing projects, and strengthening the team to resume before the school year in their original, face-to-face version, everything indicates that this may not happen. For this reason, they have decided to adopt a new way of holding these sessions, adding to them the intention of getting closer to colleagues who are based in other lands.</p>
<p>The 6th Tea(m) Time Meeting will take place on <strong>May 15, at 6pm mainland Portugal</strong> time. It will be an opportunity to get to know our members Cláudio Paixão and Eliane Araújo better. Below you will find the access link and our dissemination poster, to reach everyone interested in the Digital Culture theme.</p>
<p>Enter the Zoom meeting<br />
<a href="https://videoconf-colibri.zoom.us/j/92350624104?pwd=dlF3bHYwUGhoQzJ1VUhIZmhHaDhKdz09">https://videoconf-colibri.zoom.us/j/92350624104?pwd=dlF3bHYwUGhoQzJ1VUhIZmhHaDhKdz09</a></p>
<p>Meeting ID: 923 5062 4104</p>
<p>&nbsp;</p>
</div>
<h4>Files</h4>
<p><a href="https://citcem.org/wp-content/uploads/2022/12/6_encontro_tea_time.gif" download="">POSTER</a></p>
