{"id":7916,"date":"2022-12-16T14:40:01","date_gmt":"2022-12-16T14:40:01","guid":{"rendered":"https:\/\/citcem.org\/eventos\/v-international-colloquium-medicine-in-the-information-age\/"},"modified":"2022-12-16T14:40:01","modified_gmt":"2022-12-16T14:40:01","slug":"v-international-colloquium-medicine-in-the-information-age","status":"publish","type":"eventos","link":"https:\/\/citcem.org\/en\/events\/v-international-colloquium-medicine-in-the-information-age\/","title":{"rendered":"V International Colloquium Medicine in the Information Age"},"content":{"rendered":"<p>The Federal University of Bahia (UFBA) and the University of Porto (U.Porto) promote the <strong>V COL\u00d3QUIO INTERNACIONAL A MEDICINA NA ERA DA INFORMA\u00c7\u00c3O (V MEDINFOR TWENTY TWENTY)<\/strong>, which will take place, <strong>VIRTUALLY<\/strong>, between September 13 and 17, 2020, at the Federal University of Bahia. This is an event organized under an international cooperation agreement between U.Porto and UFBA, with the participation of renowned professors and researchers from several countries in the fields of Information Science, Health Sciences, Computer Sciences, Memory, Identity, Culture and other areas of Social and Human Sciences, related to the themes of MEDINFOR VIRTUAL.<\/p>\n<p> <strong>Submission<\/strong> is open until <strong>August 13, 2020<\/strong>. The call for papers is attached. Those interested should submit their proposals through the following link: <a href=\"http:\/\/medinfor5.ufba.br\/submissoes\/\">http:\/\/medinfor5.ufba.br\/submissoes\/<\/a><\/p>\n<p>&nbsp;<\/p>\n<p><strong>Presidency<\/strong><\/p>\n<p>Zeny Duarte (UFBA)<\/p>\n<p>Armando Malheiro da Silva (U.Porto)<\/p>\n<p>&nbsp;<\/p>\n<p><strong>Honorary Presidency<\/strong><\/p>\n<p>Fernanda Ribeiro (U.Porto)<\/p>\n<p>&nbsp;<\/p>\n<p><strong>Vice President<\/strong><\/p>\n<p>B\u00e1rbara Coelho Neves (UFBA)<\/p>\n<p>&nbsp;<\/p>\n<p>+ info: <a href=\"http:\/\/medinfor5.ufba.br\/\">http:\/\/medinfor5.ufba.br\/<\/a><\/p>\n<p><strong> <\/strong><\/p>\n<h4>Files<\/h4>\n<p><a href=\"https:\/\/citcem.org\/wp-content\/uploads\/2022\/12\/RELEASE_-_25_JUNHO_2020.docx.pdf\">CALL FOR PAPERS<\/a><\/p>\n<p><a href=\"https:\/\/citcem.org\/wp-content\/uploads\/2022\/12\/PROGRAMACAO_27_agosto_MEDINFOR_2020.pdf\">PROGRAM<\/a><\/p>\n","protected":false},"featured_media":7713,"template":"","ano-evento":[278],"tipo-eventos":[302],"cmcal_calendar":[],"class_list":["post-7916","eventos","type-eventos","status-publish","has-post-thumbnail","hentry","ano-evento-2020-en","tipo-eventos-colloquium"],"_links":{"self":[{"href":"https:\/\/citcem.org\/en\/wp-json\/wp\/v2\/eventos\/7916","targetHints":{"allow":["GET"]}}],"collection":[{"href":"https:\/\/citcem.org\/en\/wp-json\/wp\/v2\/eventos"}],"about":[{"href":"https:\/\/citcem.org\/en\/wp-json\/wp\/v2\/types\/eventos"}],"version-history":[{"count":0,"href":"https:\/\/citcem.org\/en\/wp-json\/wp\/v2\/eventos\/7916\/revisions"}],"wp:featuredmedia":[{"embeddable":true,"href":"https:\/\/citcem.org\/en\/wp-json\/wp\/v2\/media\/7713"}],"wp:attachment":[{"href":"https:\/\/citcem.org\/en\/wp-json\/wp\/v2\/media?parent=7916"}],"wp:term":[{"taxonomy":"ano-evento","embeddable":true,"href":"https:\/\/citcem.org\/en\/wp-json\/wp\/v2\/ano-evento?post=7916"},{"taxonomy":"tipo-eventos","embeddable":true,"href":"https:\/\/citcem.org\/en\/wp-json\/wp\/v2\/tipo-eventos?post=7916"},{"taxonomy":"cmcal_calendar","embeddable":true,"href":"https:\/\/citcem.org\/en\/wp-json\/wp\/v2\/cmcal_calendar?post=7916"}],"curies":[{"name":"wp","href":"https:\/\/api.w.org\/{rel}","templated":true}]}}

<p>The Federal University of Bahia (UFBA) and the University of Porto (U.Porto) promote the <strong>V COLÓQUIO INTERNACIONAL A MEDICINA NA ERA DA INFORMAÇÃO (V MEDINFOR TWENTY TWENTY)</strong>, which will take place, <strong>VIRTUALLY</strong>, between September 13 and 17, 2020, at the Federal University of Bahia. This is an event organized under an international cooperation agreement between U.Porto and UFBA, with the participation of renowned professors and researchers from several countries in the fields of Information Science, Health Sciences, Computer Sciences, Memory, Identity, Culture and other areas of Social and Human Sciences, related to the themes of MEDINFOR VIRTUAL.</p>
<p> <strong>Submission</strong> is open until <strong>August 13, 2020</strong>. The call for papers is attached. Those interested should submit their proposals through the following link: <a href="http://medinfor5.ufba.br/submissoes/">http://medinfor5.ufba.br/submissoes/</a></p>
<p>&nbsp;</p>
<p><strong>Presidency</strong></p>
<p>Zeny Duarte (UFBA)</p>
<p>Armando Malheiro da Silva (U.Porto)</p>
<p>&nbsp;</p>
<p><strong>Honorary Presidency</strong></p>
<p>Fernanda Ribeiro (U.Porto)</p>
<p>&nbsp;</p>
<p><strong>Vice President</strong></p>
<p>Bárbara Coelho Neves (UFBA)</p>
<p>&nbsp;</p>
<p>+ info: <a href="http://medinfor5.ufba.br/">http://medinfor5.ufba.br/</a></p>
<p><strong> </strong></p>
<h4>Files</h4>
<p><a href="https://citcem.org/wp-content/uploads/2022/12/RELEASE_-_25_JUNHO_2020.docx.pdf">CALL FOR PAPERS</a></p>
<p><a href="https://citcem.org/wp-content/uploads/2022/12/PROGRAMACAO_27_agosto_MEDINFOR_2020.pdf">PROGRAM</a></p>
