{"id":7911,"date":"2022-12-16T16:38:17","date_gmt":"2022-12-16T16:38:17","guid":{"rendered":"https:\/\/citcem.org\/eventos\/3rd-session-oic-2020-21-los-premios-cervantes-emblema-del-hispanismo-evocacion-y-tributo\/"},"modified":"2022-12-16T16:38:17","modified_gmt":"2022-12-16T16:38:17","slug":"3rd-session-oic-2020-21-los-premios-cervantes-emblema-del-hispanismo-evocacion-y-tributo","status":"publish","type":"eventos","link":"https:\/\/citcem.org\/en\/events\/3rd-session-oic-2020-21-los-premios-cervantes-emblema-del-hispanismo-evocacion-y-tributo\/","title":{"rendered":"3rd SESSION OIC 2020\/21 &#8220;Los Premios Cervantes, emblema del hispanismo: evocaci\u00f3n y tributo&#8221;"},"content":{"rendered":"<div class=\"news-text\">\n<p><strong>SPEAKERS AND THEIR PAPER TITLES<\/strong><\/p>\n<p>Mar\u00eda del Pilar Nicol\u00e1s Mart\u00ednez &#8211; <em>&#8220;El que no inventa, no vive&#8221;: fabulaci\u00f3n en la obra de Ana Mar\u00eda Matute<\/em><\/p>\n<p>Mirta dos Santos Fern\u00e1ndez &#8211; <em>Ida Vitale&#8217;s pure and intimate poetry: influences and confluences<\/em><\/p>\n<p>Fernando Ruiz P\u00e9rez <em>&#8211; Historical and mythical time in El reino de este mundo y La muerte de Artemio Cruz<\/em><\/p>\n<p>Julio M. S\u00e1nchez Tello &#8211; <em>Borges-Cort\u00e1zar: the pleasure of writing and speaking from a Spanish-American literary and theoretical perspective<\/em><br \/>\n<em>4<\/em><\/p>\n<p><em> <\/em><\/p>\n<p><strong>SESSION BIDDER<\/strong><\/p>\n<p><em>Mirta dos Santos Fern\u00e1ndez (Local and Global Representations)<\/em><\/p>\n<p><strong> <\/strong><\/p>\n<p><strong>Scientific Committee<\/strong><\/p>\n<p>CITCEM Executive Committee<\/p>\n<p><strong>Organizing Committee<\/strong><\/p>\n<p>Carla Sequeira<\/p>\n<p>Joana Sequeira<\/p>\n<p><strong>Organization<\/strong><\/p>\n<p>CITCEM<\/p>\n<p><strong>Secretariat<\/strong><\/p>\n<p>In\u00eas Rebanda Coelho<\/p>\n<p>Vanessa Sousa<\/p>\n<p><em> <\/em><\/p>\n<\/div>\n<h4>Files<\/h4>\n<p><a href=\"https:\/\/citcem.org\/wp-content\/uploads\/2022\/12\/OIC2021_sessao3_cartaz-1.jpg\" download=\"\">POSTER<\/a><\/p>\n<p><a href=\"https:\/\/citcem.org\/wp-content\/uploads\/2022\/12\/OIC2021_sessyo3_desdobryAvel.pdf\" download=\"\">PROGRAM<\/a><\/p>\n<p><a href=\"https:\/\/citcem.org\/wp-content\/uploads\/2022\/12\/Programa_OIC_20-21_vrs._8_1.pdf\" download=\"\">GENERAL PROGRAM OF ALL OIC<\/a><\/p>\n","protected":false},"featured_media":6960,"template":"","ano-evento":[278],"tipo-eventos":[296],"cmcal_calendar":[],"class_list":["post-7911","eventos","type-eventos","status-publish","has-post-thumbnail","hentry","ano-evento-2020-en","tipo-eventos-other-en"],"_links":{"self":[{"href":"https:\/\/citcem.org\/en\/wp-json\/wp\/v2\/eventos\/7911","targetHints":{"allow":["GET"]}}],"collection":[{"href":"https:\/\/citcem.org\/en\/wp-json\/wp\/v2\/eventos"}],"about":[{"href":"https:\/\/citcem.org\/en\/wp-json\/wp\/v2\/types\/eventos"}],"version-history":[{"count":0,"href":"https:\/\/citcem.org\/en\/wp-json\/wp\/v2\/eventos\/7911\/revisions"}],"wp:featuredmedia":[{"embeddable":true,"href":"https:\/\/citcem.org\/en\/wp-json\/wp\/v2\/media\/6960"}],"wp:attachment":[{"href":"https:\/\/citcem.org\/en\/wp-json\/wp\/v2\/media?parent=7911"}],"wp:term":[{"taxonomy":"ano-evento","embeddable":true,"href":"https:\/\/citcem.org\/en\/wp-json\/wp\/v2\/ano-evento?post=7911"},{"taxonomy":"tipo-eventos","embeddable":true,"href":"https:\/\/citcem.org\/en\/wp-json\/wp\/v2\/tipo-eventos?post=7911"},{"taxonomy":"cmcal_calendar","embeddable":true,"href":"https:\/\/citcem.org\/en\/wp-json\/wp\/v2\/cmcal_calendar?post=7911"}],"curies":[{"name":"wp","href":"https:\/\/api.w.org\/{rel}","templated":true}]}}

3rd SESSION OIC 2020/21 &#8220;Los Premios Cervantes, emblema del hispanismo: evocación y tributo&#8221;

<div class="news-text">
<p><strong>SPEAKERS AND THEIR PAPER TITLES</strong></p>
<p>María del Pilar Nicolás Martínez &#8211; <em>&#8220;El que no inventa, no vive&#8221;: fabulación en la obra de Ana María Matute</em></p>
<p>Mirta dos Santos Fernández &#8211; <em>Ida Vitale&#8217;s pure and intimate poetry: influences and confluences</em></p>
<p>Fernando Ruiz Pérez <em>&#8211; Historical and mythical time in El reino de este mundo y La muerte de Artemio Cruz</em></p>
<p>Julio M. Sánchez Tello &#8211; <em>Borges-Cortázar: the pleasure of writing and speaking from a Spanish-American literary and theoretical perspective</em><br />
<em>4</em></p>
<p><em> </em></p>
<p><strong>SESSION BIDDER</strong></p>
<p><em>Mirta dos Santos Fernández (Local and Global Representations)</em></p>
<p><strong> </strong></p>
<p><strong>Scientific Committee</strong></p>
<p>CITCEM Executive Committee</p>
<p><strong>Organizing Committee</strong></p>
<p>Carla Sequeira</p>
<p>Joana Sequeira</p>
<p><strong>Organization</strong></p>
<p>CITCEM</p>
<p><strong>Secretariat</strong></p>
<p>Inês Rebanda Coelho</p>
<p>Vanessa Sousa</p>
<p><em> </em></p>
</div>
<h4>Files</h4>
<p><a href="https://citcem.org/wp-content/uploads/2022/12/OIC2021_sessao3_cartaz-1.jpg" download="">POSTER</a></p>
<p><a href="https://citcem.org/wp-content/uploads/2022/12/OIC2021_sessyo3_desdobryAvel.pdf" download="">PROGRAM</a></p>
<p><a href="https://citcem.org/wp-content/uploads/2022/12/Programa_OIC_20-21_vrs._8_1.pdf" download="">GENERAL PROGRAM OF ALL OIC</a></p>
