{"id":24800,"date":"2026-04-30T07:21:47","date_gmt":"2026-04-30T07:21:47","guid":{"rendered":"https:\/\/citcem.org\/?post_type=eventos&#038;p=24800"},"modified":"2026-04-30T07:21:47","modified_gmt":"2026-04-30T07:21:47","slug":"coletanea-luso-brasileira-xv","status":"publish","type":"eventos","link":"https:\/\/citcem.org\/en\/events\/coletanea-luso-brasileira-xv\/","title":{"rendered":"Colet\u00e2nea luso-brasileira XV"},"content":{"rendered":"<p>APRESENTA\u00c7\u00c3O DE LIVRO<br \/>\n04-05-2026, FLUP<\/p>\n<p><strong>Colet\u00e2nea luso-brasileira XV<\/strong><br \/>\n<strong>Gest\u00e3o da Informa\u00e7\u00e3o, Ecossistema de Gest\u00e3o Educacional e Talentos+\u00a0(Mais)<\/strong><\/p>\n<div><\/div>\n<div><strong>Autores<\/strong><\/div>\n<div>Armando Malheiro da Silva<\/div>\n<div>Francisco Alberto Severo de Almeida<\/div>\n<div>Jorge Manoel Ad\u00e3o<br \/>\nM\u00e1rio Jos\u00e9 Batista Franco<\/div>\n<div>\n<p>&nbsp;<\/p>\n<p><strong>Apresenta\u00e7\u00e3o<br \/>\n<\/strong>Armando Malheiro da Silva (CITCEM-FLUP)<br \/>\nFrancisco Severo de Almeida (Universidade Estadual de Goi\u00e1s)<\/p>\n<\/div>\n<div><\/div>\n<div><\/div>\n<div>\n<p>FLUP, Humanities Lab (Piso 0) | 14h30<\/p>\n<p><strong>Link Teams<span style=\"font-weight: 400;\">: <\/span><\/strong><a href=\"https:\/\/teams.microsoft.com\/meet\/315017976560979?p=fSoj7uwMPZcL8oDbIo\">https:\/\/teams.microsoft.com\/meet\/315017976560979?p=fSoj7uwMPZcL8oDbIo<\/a><br \/>\nID da Reuni\u00e3o: 315 017 976 560 979<br \/>\nC\u00f3digo de acesso: gK2ix6U4<\/p>\n<p>Ebook dispon\u00edvel em: <a href=\"https:\/\/drive.google.com\/file\/d\/1w59AtNKgh-diZ3LnwidrN1IgCfjABcfF\/view?pli=1\">https:\/\/drive.google.com\/file\/d\/1w59AtNKgh-diZ3LnwidrN1IgCfjABcfF\/view?pli=1<\/a><\/p>\n<\/div>\n<div><\/div>\n<div><\/div>\n<div>Organiza\u00e7\u00e3o: Informa\u00e7\u00e3o, Comunica\u00e7\u00e3o e Cultura Digital (Grupo de Investiga\u00e7\u00e3o CITCEM)<\/div>\n","protected":false},"featured_media":24801,"template":"","ano-evento":[522],"tipo-eventos":[301],"cmcal_calendar":[],"class_list":["post-24800","eventos","type-eventos","status-publish","has-post-thumbnail","hentry","ano-evento-2026-en","tipo-eventos-presentation-of-the-publication"],"_links":{"self":[{"href":"https:\/\/citcem.org\/en\/wp-json\/wp\/v2\/eventos\/24800","targetHints":{"allow":["GET"]}}],"collection":[{"href":"https:\/\/citcem.org\/en\/wp-json\/wp\/v2\/eventos"}],"about":[{"href":"https:\/\/citcem.org\/en\/wp-json\/wp\/v2\/types\/eventos"}],"version-history":[{"count":2,"href":"https:\/\/citcem.org\/en\/wp-json\/wp\/v2\/eventos\/24800\/revisions"}],"predecessor-version":[{"id":24816,"href":"https:\/\/citcem.org\/en\/wp-json\/wp\/v2\/eventos\/24800\/revisions\/24816"}],"wp:featuredmedia":[{"embeddable":true,"href":"https:\/\/citcem.org\/en\/wp-json\/wp\/v2\/media\/24801"}],"wp:attachment":[{"href":"https:\/\/citcem.org\/en\/wp-json\/wp\/v2\/media?parent=24800"}],"wp:term":[{"taxonomy":"ano-evento","embeddable":true,"href":"https:\/\/citcem.org\/en\/wp-json\/wp\/v2\/ano-evento?post=24800"},{"taxonomy":"tipo-eventos","embeddable":true,"href":"https:\/\/citcem.org\/en\/wp-json\/wp\/v2\/tipo-eventos?post=24800"},{"taxonomy":"cmcal_calendar","embeddable":true,"href":"https:\/\/citcem.org\/en\/wp-json\/wp\/v2\/cmcal_calendar?post=24800"}],"curies":[{"name":"wp","href":"https:\/\/api.w.org\/{rel}","templated":true}]}}

Coletânea luso-brasileira XV

<p>APRESENTAÇÃO DE LIVRO<br />
04-05-2026, FLUP</p>
<p><strong>Coletânea luso-brasileira XV</strong><br />
<strong>Gestão da Informação, Ecossistema de Gestão Educacional e Talentos+ (Mais)</strong></p>
<div></div>
<div><strong>Autores</strong></div>
<div>Armando Malheiro da Silva</div>
<div>Francisco Alberto Severo de Almeida</div>
<div>Jorge Manoel Adão<br />
Mário José Batista Franco</div>
<div>
<p>&nbsp;</p>
<p><strong>Apresentação<br />
</strong>Armando Malheiro da Silva (CITCEM-FLUP)<br />
Francisco Severo de Almeida (Universidade Estadual de Goiás)</p>
</div>
<div></div>
<div></div>
<div>
<p>FLUP, Humanities Lab (Piso 0) | 14h30</p>
<p><strong>Link Teams<span style="font-weight: 400;">: </span></strong><a href="https://teams.microsoft.com/meet/315017976560979?p=fSoj7uwMPZcL8oDbIo">https://teams.microsoft.com/meet/315017976560979?p=fSoj7uwMPZcL8oDbIo</a><br />
ID da Reunião: 315 017 976 560 979<br />
Código de acesso: gK2ix6U4</p>
<p>Ebook disponível em: <a href="https://drive.google.com/file/d/1w59AtNKgh-diZ3LnwidrN1IgCfjABcfF/view?pli=1">https://drive.google.com/file/d/1w59AtNKgh-diZ3LnwidrN1IgCfjABcfF/view?pli=1</a></p>
</div>
<div></div>
<div></div>
<div>Organização: Informação, Comunicação e Cultura Digital (Grupo de Investigação CITCEM)</div>
