{"id":24770,"date":"2026-04-29T08:59:16","date_gmt":"2026-04-29T08:59:16","guid":{"rendered":"https:\/\/citcem.org\/?post_type=eventos&#038;p=24770"},"modified":"2026-04-29T08:59:16","modified_gmt":"2026-04-29T08:59:16","slug":"no-labirinto-do-corporativismo-uma-panoramica-organizativa-e-funcional-de-um-dispositivo-de-poder-no-salazarismo","status":"publish","type":"eventos","link":"https:\/\/citcem.org\/en\/events\/no-labirinto-do-corporativismo-uma-panoramica-organizativa-e-funcional-de-um-dispositivo-de-poder-no-salazarismo\/","title":{"rendered":"No labirinto do corporativismo: uma panor\u00e2mica organizativa e funcional de um dispositivo de poder no Salazarismo"},"content":{"rendered":"<p>AULA ABERTA<br \/>\n12-05-2026, FLUP<\/p>\n<p><strong>No labirinto do corporativismo: uma panor\u00e2mica organizativa e funcional de um dispositivo de poder no Salazarismo<\/strong><br \/>\nLeonardo Aboim Pires (IHC &#8211; NOVA FCSH\/IN2PAST)<\/p>\n<p>Aula aberta no \u00e2mbito da UC Hist\u00f3ria da Administra\u00e7\u00e3o P\u00fablica<br \/>\nFLUP, Sala 106 | 16h30-18h00<br \/>\nPresencial<\/p>\n<p>Organiza\u00e7\u00e3o: Pessoas, Mercados e Pol\u00edticas (Grupo de Investiga\u00e7\u00e3o CITCEM)<\/p>\n","protected":false},"featured_media":24771,"template":"","ano-evento":[522],"tipo-eventos":[543],"cmcal_calendar":[],"class_list":["post-24770","eventos","type-eventos","status-publish","has-post-thumbnail","hentry","ano-evento-2026-en","tipo-eventos-aula-aberta"],"_links":{"self":[{"href":"https:\/\/citcem.org\/en\/wp-json\/wp\/v2\/eventos\/24770","targetHints":{"allow":["GET"]}}],"collection":[{"href":"https:\/\/citcem.org\/en\/wp-json\/wp\/v2\/eventos"}],"about":[{"href":"https:\/\/citcem.org\/en\/wp-json\/wp\/v2\/types\/eventos"}],"version-history":[{"count":2,"href":"https:\/\/citcem.org\/en\/wp-json\/wp\/v2\/eventos\/24770\/revisions"}],"predecessor-version":[{"id":24773,"href":"https:\/\/citcem.org\/en\/wp-json\/wp\/v2\/eventos\/24770\/revisions\/24773"}],"wp:featuredmedia":[{"embeddable":true,"href":"https:\/\/citcem.org\/en\/wp-json\/wp\/v2\/media\/24771"}],"wp:attachment":[{"href":"https:\/\/citcem.org\/en\/wp-json\/wp\/v2\/media?parent=24770"}],"wp:term":[{"taxonomy":"ano-evento","embeddable":true,"href":"https:\/\/citcem.org\/en\/wp-json\/wp\/v2\/ano-evento?post=24770"},{"taxonomy":"tipo-eventos","embeddable":true,"href":"https:\/\/citcem.org\/en\/wp-json\/wp\/v2\/tipo-eventos?post=24770"},{"taxonomy":"cmcal_calendar","embeddable":true,"href":"https:\/\/citcem.org\/en\/wp-json\/wp\/v2\/cmcal_calendar?post=24770"}],"curies":[{"name":"wp","href":"https:\/\/api.w.org\/{rel}","templated":true}]}}

No labirinto do corporativismo: uma panorâmica organizativa e funcional de um dispositivo de poder no Salazarismo

<p>AULA ABERTA<br />
12-05-2026, FLUP</p>
<p><strong>No labirinto do corporativismo: uma panorâmica organizativa e funcional de um dispositivo de poder no Salazarismo</strong><br />
Leonardo Aboim Pires (IHC &#8211; NOVA FCSH/IN2PAST)</p>
<p>Aula aberta no âmbito da UC História da Administração Pública<br />
FLUP, Sala 106 | 16h30-18h00<br />
Presencial</p>
<p>Organização: Pessoas, Mercados e Políticas (Grupo de Investigação CITCEM)</p>
