{"id":24763,"date":"2026-04-27T09:04:11","date_gmt":"2026-04-27T09:04:11","guid":{"rendered":"https:\/\/citcem.org\/?post_type=eventos&#038;p=24763"},"modified":"2026-04-27T09:04:12","modified_gmt":"2026-04-27T09:04:12","slug":"seminario-em-historia-da-literatura-literatura-cultura-escrita-oralidade-imprensa-livros-historia-em-tempos-de-globalizacao-2","status":"publish","type":"eventos","link":"https:\/\/citcem.org\/en\/events\/seminario-em-historia-da-literatura-literatura-cultura-escrita-oralidade-imprensa-livros-historia-em-tempos-de-globalizacao-2\/","title":{"rendered":"SEMIN\u00c1RIO EM HIST\u00d3RIA DA LITERATURA | Literatura, Cultura, Escrita, Oralidade, Imprensa, Livros, Hist\u00f3ria \u2014 em tempos de globaliza\u00e7\u00e3o"},"content":{"rendered":"<p>SEMIN\u00c1RIO EM HIST\u00d3RIA DA LITERATURA (ONLINE)<br \/>\nLiteratura, Cultura, Escrita, Oralidade, Imprensa, Livros, Hist\u00f3ria \u2014 em tempos de globaliza\u00e7\u00e3o<br \/>\nFEV.-DEZ. 2026<\/p>\n<p><strong>SESS\u00c3O 3<\/strong><br \/>\n30-04-2026<\/p>\n<p style=\"font-weight: 400;\"><strong><b>Mulheres, mediadoras, anticolonialistas, nas redes de solidariedade entre a It\u00e1lia e os movimentos de liberta\u00e7\u00e3o africanos<br \/>\n<\/b><i><b><\/b><\/i><\/strong>ADA MILANI (UNIVERSIT\u00c0 DEGLI STUDI DI FIRENZE, GIEIPC.IP)<br \/>\nELISA ALBERANI (UNIVERSIT\u00c0 DEGLI STUDI DI MILANO)<\/p>\n<p>&nbsp;<\/p>\n<p style=\"font-weight: 400;\">Link sess\u00e3o 3: <a href=\"https:\/\/teams.live.com\/meet\/9394990466920?p=AlcQn32Dgyx2ccajtD\">https:\/\/teams.live.com\/meet\/9394990466920?p=AlcQn32Dgyx2ccajtD<\/a><\/p>\n<p>Consulte o <a href=\"https:\/\/citcem.org\/wp-content\/uploads\/2026\/02\/2026_LITERATURA_SOARES_cartaz_v1_programa-WORD_FINAL.pdf\">Programa geral<\/a><\/p>\n<p>&nbsp;<\/p>\n<p>Inscri\u00e7\u00f5es: <a href=\"mailto:citemgieipcip@gmail.com\" target=\"_blank\" rel=\"noopener noreferrer\">citemgieipcip@gmail.com<\/a>,\u00a0<a href=\"mailto:gieipc.ip@gmail.com\" target=\"_blank\" rel=\"noopener noreferrer\">gieipc.ip@gmail.com<\/a>,\u00a0<a href=\"mailto:fmasoares2@gmail.com\" target=\"_blank\" rel=\"noopener noreferrer\">fmasoares2@gmail.com<\/a>.<\/p>\n<p>Organiza\u00e7\u00e3o: CITCEM (Centro de Investiga\u00e7\u00e3o Transdisciplinar Cultura, Espa\u00e7o e Mem\u00f3ria)<br \/>\nGIEIPC.IP (Grupo Internacional de Estudos da Imprensa Peri\u00f3dica Colonial do Imp\u00e9rio Portugu\u00eas)<\/p>\n<p style=\"font-weight: 400;\">Comiss\u00e3o organizadora<\/p>\n<p style=\"font-weight: 400;\"><a href=\"https:\/\/www.cienciavitae.pt\/portal\/C411-0BE3-BCD7\">Adelaide Vieira Machado (GIEIPC.IP, CHAM &#8211; NOVA FCSH\/UA\u00e7)<\/a><\/p>\n<p style=\"font-weight: 400;\"><a href=\"https:\/\/www.cienciavitae.pt\/portal\/BE1C-E780-8FDF\">Daniela Spina (GIEIPC.IP, CHAM &#8211; NOVA FCSH\/UA\u00e7)<\/a><\/p>\n<p style=\"font-weight: 400;\"><a href=\"https:\/\/www.cienciavitae.pt\/portal\/5A18-ED04-39D3\">Francisco Soares (CITCEM-FLUP, GIEIPC.IP)<\/a><\/p>\n<p style=\"font-weight: 400;\"><a href=\"https:\/\/www.cienciavitae.pt\/portal\/291E-E16B-5E40\">Francisco Topa (CITCEM-FLUP, GIEIPC.IP)<\/a><\/p>\n<p style=\"font-weight: 400;\"><a href=\"https:\/\/www.cienciavitae.pt\/portal\/E61F-2A60-DA0D\">Sandra Ata\u00edde Lobo (GIEIPC.IP)<\/a><\/p>\n<p>&nbsp;<\/p>\n","protected":false},"featured_media":24764,"template":"","ano-evento":[522],"tipo-eventos":[276],"cmcal_calendar":[],"class_list":["post-24763","eventos","type-eventos","status-publish","has-post-thumbnail","hentry","ano-evento-2026-en","tipo-eventos-seminar"],"_links":{"self":[{"href":"https:\/\/citcem.org\/en\/wp-json\/wp\/v2\/eventos\/24763","targetHints":{"allow":["GET"]}}],"collection":[{"href":"https:\/\/citcem.org\/en\/wp-json\/wp\/v2\/eventos"}],"about":[{"href":"https:\/\/citcem.org\/en\/wp-json\/wp\/v2\/types\/eventos"}],"version-history":[{"count":1,"href":"https:\/\/citcem.org\/en\/wp-json\/wp\/v2\/eventos\/24763\/revisions"}],"predecessor-version":[{"id":24765,"href":"https:\/\/citcem.org\/en\/wp-json\/wp\/v2\/eventos\/24763\/revisions\/24765"}],"wp:featuredmedia":[{"embeddable":true,"href":"https:\/\/citcem.org\/en\/wp-json\/wp\/v2\/media\/24764"}],"wp:attachment":[{"href":"https:\/\/citcem.org\/en\/wp-json\/wp\/v2\/media?parent=24763"}],"wp:term":[{"taxonomy":"ano-evento","embeddable":true,"href":"https:\/\/citcem.org\/en\/wp-json\/wp\/v2\/ano-evento?post=24763"},{"taxonomy":"tipo-eventos","embeddable":true,"href":"https:\/\/citcem.org\/en\/wp-json\/wp\/v2\/tipo-eventos?post=24763"},{"taxonomy":"cmcal_calendar","embeddable":true,"href":"https:\/\/citcem.org\/en\/wp-json\/wp\/v2\/cmcal_calendar?post=24763"}],"curies":[{"name":"wp","href":"https:\/\/api.w.org\/{rel}","templated":true}]}}

SEMINÁRIO EM HISTÓRIA DA LITERATURA | Literatura, Cultura, Escrita, Oralidade, Imprensa, Livros, História — em tempos de globalização

<p>SEMINÁRIO EM HISTÓRIA DA LITERATURA (ONLINE)<br />
Literatura, Cultura, Escrita, Oralidade, Imprensa, Livros, História — em tempos de globalização<br />
FEV.-DEZ. 2026</p>
<p><strong>SESSÃO 3</strong><br />
30-04-2026</p>
<p style="font-weight: 400;"><strong><b>Mulheres, mediadoras, anticolonialistas, nas redes de solidariedade entre a Itália e os movimentos de libertação africanos<br />
</b><i><b></b></i></strong>ADA MILANI (UNIVERSITÀ DEGLI STUDI DI FIRENZE, GIEIPC.IP)<br />
ELISA ALBERANI (UNIVERSITÀ DEGLI STUDI DI MILANO)</p>
<p>&nbsp;</p>
<p style="font-weight: 400;">Link sessão 3: <a href="https://teams.live.com/meet/9394990466920?p=AlcQn32Dgyx2ccajtD">https://teams.live.com/meet/9394990466920?p=AlcQn32Dgyx2ccajtD</a></p>
<p>Consulte o <a href="https://citcem.org/wp-content/uploads/2026/02/2026_LITERATURA_SOARES_cartaz_v1_programa-WORD_FINAL.pdf">Programa geral</a></p>
<p>&nbsp;</p>
<p>Inscrições: <a href="mailto:citemgieipcip@gmail.com" target="_blank" rel="noopener noreferrer">citemgieipcip@gmail.com</a>, <a href="mailto:gieipc.ip@gmail.com" target="_blank" rel="noopener noreferrer">gieipc.ip@gmail.com</a>, <a href="mailto:fmasoares2@gmail.com" target="_blank" rel="noopener noreferrer">fmasoares2@gmail.com</a>.</p>
<p>Organização: CITCEM (Centro de Investigação Transdisciplinar Cultura, Espaço e Memória)<br />
GIEIPC.IP (Grupo Internacional de Estudos da Imprensa Periódica Colonial do Império Português)</p>
<p style="font-weight: 400;">Comissão organizadora</p>
<p style="font-weight: 400;"><a href="https://www.cienciavitae.pt/portal/C411-0BE3-BCD7">Adelaide Vieira Machado (GIEIPC.IP, CHAM &#8211; NOVA FCSH/UAç)</a></p>
<p style="font-weight: 400;"><a href="https://www.cienciavitae.pt/portal/BE1C-E780-8FDF">Daniela Spina (GIEIPC.IP, CHAM &#8211; NOVA FCSH/UAç)</a></p>
<p style="font-weight: 400;"><a href="https://www.cienciavitae.pt/portal/5A18-ED04-39D3">Francisco Soares (CITCEM-FLUP, GIEIPC.IP)</a></p>
<p style="font-weight: 400;"><a href="https://www.cienciavitae.pt/portal/291E-E16B-5E40">Francisco Topa (CITCEM-FLUP, GIEIPC.IP)</a></p>
<p style="font-weight: 400;"><a href="https://www.cienciavitae.pt/portal/E61F-2A60-DA0D">Sandra Ataíde Lobo (GIEIPC.IP)</a></p>
<p>&nbsp;</p>
