{"id":22784,"date":"2025-10-04T14:59:40","date_gmt":"2025-10-04T14:59:40","guid":{"rendered":"https:\/\/citcem.org\/eventos\/22780\/"},"modified":"2025-10-20T15:09:02","modified_gmt":"2025-10-20T15:09:02","slug":"22780","status":"publish","type":"eventos","link":"https:\/\/citcem.org\/en\/events\/22780\/","title":{"rendered":"OIC &#8211; SESSION 02 [13\/11\/2025] &#8211; &#8220;Discourses and Performativities: The Profile and Journey of Armando Lu\u00eds de Carvalho Homem&#8221;"},"content":{"rendered":"<h4 class=\"jet-listing-dynamic-field__content\">Discourses and Performativities: The Profile and Journey of Armando Lu\u00eds de Carvalho Homem<\/h4>\n<p><strong>Session proposers:<\/strong> Nuno Miguel Magarinho Bessa Moreira, CITCEM (People, Markets and Policies) Orcid 6519-DDF7-3594; Duarte Maria Monteiro de Babo Marinho, CITCEM (People, Markets and Policies) Science ID D617-841A-D773<br \/>\n<strong>Title\/General theme of the session<\/strong>: Discourses and performativities: the profile and career of<br \/>\nArmando Lu\u00eds de Carvalho Homem<br \/>\n<strong>Session Summary<\/strong>: Today&#8217;s times are constantly uncertain and unstable,<br \/>\nmarked by a notorious permeability to the outbreak of wars and a disregard for international law. The press and social media don&#8217;t always present a<br \/>\nconstructive contribution. Manipulated news is a reality: it confuses facts<br \/>\nhistorical with mere subjectivity (to paraphrase Adam Schaff, subjective truth<br \/>\nequates to falsehood), reflecting it through the deliberate dissemination of fake news.<br \/>\nIn this context, historians have their say. However, it is not<br \/>\nIt&#8217;s enough to state it as a programmatic principle. It is essential that this<br \/>\nintention. Society must create the essential mechanisms for historians to<br \/>\ncan reflect freely and adequately on reality. Otherwise, we are<br \/>\ndevalue their role and their importance, leaving them at the mercy of pressure and the<br \/>\nconstant chains of events.<br \/>\nOn the other hand, there are increasingly inorganic societies that question the weight and<br \/>\nimportance of the state. Is this a critique of the promises of Modernity, which are not always realized? Of course. This being the case, it is essential to take a considered, circumscribed look at the situation, based on an exercise in historical and historiographical memory, so as not to let the collective memory fall into oblivion. There are various ways of carrying out this exercise of reflection on collective memory. One of these ways is through the study of individual paths.<\/p>\n<p>The historiographical career of Armando Lu\u00eds Gomes de Carvalho Homem is one such example. For 46 years he taught Medieval History at FL-UP, from which he retired in 2014 as Full Professor. Throughout this journey, his research produced significant results, which materialized in numerous publications, such as: O Desembargo R\u00e9gio, Gama Barros, historiador das institui\u00e7\u00f5es administrativas, Diplomacy and bureaucracy in the late Middle Ages: a prop\u00f3sito de Louren\u00e7o Anes Foga\u00e7a, chanceler-mor (1374-1395), The Middle Ages in Portuguese Universities (1911-1987): legislation, teaching, research, O traje dos lentes: mem\u00f3ria para a Hist\u00f3ria das vestes dos universit\u00e1rios portugueses (s\u00e9culos XIX e XX), Faculdade de Letras da Universidade do Porto (1919-1931 and 1962 and ss.), Dionisius et Alfonsus, dei gratia reges et communis utilitatis gratia legiferi, among many others.<\/p>\n<p>The purpose of these ICOs is to bring together various personalities with the aim of<br \/>\nstudy the multiple facets of the historiographical itinerary of Doctor Armando Lu\u00eds de<br \/>\nCarvalho Homem. They all have in common the fact that they were his students and\/or<br \/>\nstudents at various stages of their academic career (undergraduate and above all<br \/>\nmaster&#8217;s and doctoral degrees).<br \/>\nThe approaches are not intended to be panegyrical. Quite the opposite. These are well-founded studies, articulated and supported by plural arguments around the following thematic axes: Medieval History and Historiography; Representations of the Middle Ages; The History of Historiography, especially of the FL-UP and UP; History of Historiography and the History and Historiography of Law<\/p>\n<p><strong>Names of speakers and titles of papers:<\/strong><br \/>\nJudite Gon\u00e7alves de Freitas, (ORCID 0000-0003-4516-9988) &#8211; [pending]<br \/>\nEurico Jos\u00e9 Gomes Dias, IUM-ISCPSI (ORCID 0000-0002-2989-4912) &#8211;<br \/>\nRepresentations, reflections and prosopographical constructions in writing<br \/>\nA. L. de Carvalho Homem&#8217;s historiography<br \/>\nFrancisco Miguel Ara\u00fajo, CITCEM (Science ID A713-4566-F1D3) &#8211; Armando Lu\u00eds de<br \/>\nCarvalho Homem and the historiography of the University in Portugal<br \/>\nNuno Bessa Moreira and Duarte de Babo Marinho &#8211; Relation between the History of<br \/>\nHistoriography and the History and Historiography of Law in the work of Armando Lu\u00eds de<br \/>\nOak Man<\/p>\n<p><strong>Moderators-commentators of the session:<\/strong><br \/>\nProposed by the applicant:<br \/>\nMaciel Morais Santos [awaiting confirmation]<br \/>\nAppointed by the CITCEM Executive Committee:<br \/>\nAnt\u00f3nio Pais de Matos dos Reis, member of the Class of Letters &#8211; Academia das<br \/>\nSciences of Lisbon)<\/p>\n<p>&nbsp;<\/p>\n<p><a href=\"https:\/\/oficinascitcem.wixsite.com\/oiccitcem\/oficinas-2025-26\">https:\/\/oficinascitcem.wixsite.com\/oiccitcem\/oficinas-2025-26<\/a><\/p>\n<p>&nbsp;<\/p>\n<p>&nbsp;<\/p>\n<p>&nbsp;<\/p>\n","protected":false},"featured_media":22782,"template":"","ano-evento":[],"tipo-eventos":[],"cmcal_calendar":[],"class_list":["post-22784","eventos","type-eventos","status-publish","has-post-thumbnail","hentry"],"_links":{"self":[{"href":"https:\/\/citcem.org\/en\/wp-json\/wp\/v2\/eventos\/22784","targetHints":{"allow":["GET"]}}],"collection":[{"href":"https:\/\/citcem.org\/en\/wp-json\/wp\/v2\/eventos"}],"about":[{"href":"https:\/\/citcem.org\/en\/wp-json\/wp\/v2\/types\/eventos"}],"version-history":[{"count":2,"href":"https:\/\/citcem.org\/en\/wp-json\/wp\/v2\/eventos\/22784\/revisions"}],"predecessor-version":[{"id":22787,"href":"https:\/\/citcem.org\/en\/wp-json\/wp\/v2\/eventos\/22784\/revisions\/22787"}],"wp:featuredmedia":[{"embeddable":true,"href":"https:\/\/citcem.org\/en\/wp-json\/wp\/v2\/media\/22782"}],"wp:attachment":[{"href":"https:\/\/citcem.org\/en\/wp-json\/wp\/v2\/media?parent=22784"}],"wp:term":[{"taxonomy":"ano-evento","embeddable":true,"href":"https:\/\/citcem.org\/en\/wp-json\/wp\/v2\/ano-evento?post=22784"},{"taxonomy":"tipo-eventos","embeddable":true,"href":"https:\/\/citcem.org\/en\/wp-json\/wp\/v2\/tipo-eventos?post=22784"},{"taxonomy":"cmcal_calendar","embeddable":true,"href":"https:\/\/citcem.org\/en\/wp-json\/wp\/v2\/cmcal_calendar?post=22784"}],"curies":[{"name":"wp","href":"https:\/\/api.w.org\/{rel}","templated":true}]}}

OIC &#8211; SESSION 02 [13/11/2025] &#8211; &#8220;Discourses and Performativities: The Profile and Journey of Armando Luís de Carvalho Homem&#8221;

<h4 class="jet-listing-dynamic-field__content">Discourses and Performativities: The Profile and Journey of Armando Luís de Carvalho Homem</h4>
<p><strong>Session proposers:</strong> Nuno Miguel Magarinho Bessa Moreira, CITCEM (People, Markets and Policies) Orcid 6519-DDF7-3594; Duarte Maria Monteiro de Babo Marinho, CITCEM (People, Markets and Policies) Science ID D617-841A-D773<br />
<strong>Title/General theme of the session</strong>: Discourses and performativities: the profile and career of<br />
Armando Luís de Carvalho Homem<br />
<strong>Session Summary</strong>: Today&#8217;s times are constantly uncertain and unstable,<br />
marked by a notorious permeability to the outbreak of wars and a disregard for international law. The press and social media don&#8217;t always present a<br />
constructive contribution. Manipulated news is a reality: it confuses facts<br />
historical with mere subjectivity (to paraphrase Adam Schaff, subjective truth<br />
equates to falsehood), reflecting it through the deliberate dissemination of fake news.<br />
In this context, historians have their say. However, it is not<br />
It&#8217;s enough to state it as a programmatic principle. It is essential that this<br />
intention. Society must create the essential mechanisms for historians to<br />
can reflect freely and adequately on reality. Otherwise, we are<br />
devalue their role and their importance, leaving them at the mercy of pressure and the<br />
constant chains of events.<br />
On the other hand, there are increasingly inorganic societies that question the weight and<br />
importance of the state. Is this a critique of the promises of Modernity, which are not always realized? Of course. This being the case, it is essential to take a considered, circumscribed look at the situation, based on an exercise in historical and historiographical memory, so as not to let the collective memory fall into oblivion. There are various ways of carrying out this exercise of reflection on collective memory. One of these ways is through the study of individual paths.</p>
<p>The historiographical career of Armando Luís Gomes de Carvalho Homem is one such example. For 46 years he taught Medieval History at FL-UP, from which he retired in 2014 as Full Professor. Throughout this journey, his research produced significant results, which materialized in numerous publications, such as: O Desembargo Régio, Gama Barros, historiador das instituições administrativas, Diplomacy and bureaucracy in the late Middle Ages: a propósito de Lourenço Anes Fogaça, chanceler-mor (1374-1395), The Middle Ages in Portuguese Universities (1911-1987): legislation, teaching, research, O traje dos lentes: memória para a História das vestes dos universitários portugueses (séculos XIX e XX), Faculdade de Letras da Universidade do Porto (1919-1931 and 1962 and ss.), Dionisius et Alfonsus, dei gratia reges et communis utilitatis gratia legiferi, among many others.</p>
<p>The purpose of these ICOs is to bring together various personalities with the aim of<br />
study the multiple facets of the historiographical itinerary of Doctor Armando Luís de<br />
Carvalho Homem. They all have in common the fact that they were his students and/or<br />
students at various stages of their academic career (undergraduate and above all<br />
master&#8217;s and doctoral degrees).<br />
The approaches are not intended to be panegyrical. Quite the opposite. These are well-founded studies, articulated and supported by plural arguments around the following thematic axes: Medieval History and Historiography; Representations of the Middle Ages; The History of Historiography, especially of the FL-UP and UP; History of Historiography and the History and Historiography of Law</p>
<p><strong>Names of speakers and titles of papers:</strong><br />
Judite Gonçalves de Freitas, (ORCID 0000-0003-4516-9988) &#8211; [pending]<br />
Eurico José Gomes Dias, IUM-ISCPSI (ORCID 0000-0002-2989-4912) &#8211;<br />
Representations, reflections and prosopographical constructions in writing<br />
A. L. de Carvalho Homem&#8217;s historiography<br />
Francisco Miguel Araújo, CITCEM (Science ID A713-4566-F1D3) &#8211; Armando Luís de<br />
Carvalho Homem and the historiography of the University in Portugal<br />
Nuno Bessa Moreira and Duarte de Babo Marinho &#8211; Relation between the History of<br />
Historiography and the History and Historiography of Law in the work of Armando Luís de<br />
Oak Man</p>
<p><strong>Moderators-commentators of the session:</strong><br />
Proposed by the applicant:<br />
Maciel Morais Santos [awaiting confirmation]<br />
Appointed by the CITCEM Executive Committee:<br />
António Pais de Matos dos Reis, member of the Class of Letters &#8211; Academia das<br />
Sciences of Lisbon)</p>
<p>&nbsp;</p>
<p><a href="https://oficinascitcem.wixsite.com/oiccitcem/oficinas-2025-26">https://oficinascitcem.wixsite.com/oiccitcem/oficinas-2025-26</a></p>
<p>&nbsp;</p>
<p>&nbsp;</p>
<p>&nbsp;</p>
