{"id":21806,"date":"2025-09-03T14:01:20","date_gmt":"2025-09-03T14:01:20","guid":{"rendered":"https:\/\/citcem.org\/eventos\/call-for-papers-paginas-ab-arquivos-e-bibliotecas-3a-serie-no-24-2025\/"},"modified":"2025-09-04T08:33:02","modified_gmt":"2025-09-04T08:33:02","slug":"paginas-ab-3a-serie-no-24-2025","status":"publish","type":"eventos","link":"https:\/\/citcem.org\/en\/events\/paginas-ab-3a-serie-no-24-2025\/","title":{"rendered":"CALL FOR PAPERS &#8211; P\u00c1GINAS a&#038;b: arquivos e bibliotecas, 3\u00aa s\u00e9rie, n\u00ba 24 (2025)"},"content":{"rendered":"<p>Convidam-se os investigadores, docentes e estudantes de Ci\u00eancia da Informa\u00e7\u00e3o, bem como os profissionais das bibliotecas, arquivos, museus e servi\u00e7os de informa\u00e7\u00e3o a\u00a0<a href=\"https:\/\/ojs.letras.up.pt\/index.php\/paginasaeb\/about\/submissions\">submeter<\/a>, at\u00e9\u00a0<strong>10 de outubro de 2025<\/strong>, propostas de artigos e recens\u00f5es para publica\u00e7\u00e3o na Revista P\u00e1ginas a&amp;b, 3.\u00aa s\u00e9rie, n \u00ba 24 (2025). Caso ainda n\u00e3o esteja registado nesta plataforma, pode faz\u00ea-lo\u00a0<a href=\"https:\/\/ojs.letras.up.pt\/index.php\/paginasaeb\/user\/register\">aqui<\/a>, dando, assim, in\u00edcio \u00e0 sua submiss\u00e3o.<\/p>\n","protected":false},"featured_media":21804,"template":"","ano-evento":[468],"tipo-eventos":[296],"cmcal_calendar":[],"class_list":["post-21806","eventos","type-eventos","status-publish","has-post-thumbnail","hentry","ano-evento-2025-en","tipo-eventos-other-en"],"_links":{"self":[{"href":"https:\/\/citcem.org\/en\/wp-json\/wp\/v2\/eventos\/21806","targetHints":{"allow":["GET"]}}],"collection":[{"href":"https:\/\/citcem.org\/en\/wp-json\/wp\/v2\/eventos"}],"about":[{"href":"https:\/\/citcem.org\/en\/wp-json\/wp\/v2\/types\/eventos"}],"version-history":[{"count":1,"href":"https:\/\/citcem.org\/en\/wp-json\/wp\/v2\/eventos\/21806\/revisions"}],"predecessor-version":[{"id":21807,"href":"https:\/\/citcem.org\/en\/wp-json\/wp\/v2\/eventos\/21806\/revisions\/21807"}],"wp:featuredmedia":[{"embeddable":true,"href":"https:\/\/citcem.org\/en\/wp-json\/wp\/v2\/media\/21804"}],"wp:attachment":[{"href":"https:\/\/citcem.org\/en\/wp-json\/wp\/v2\/media?parent=21806"}],"wp:term":[{"taxonomy":"ano-evento","embeddable":true,"href":"https:\/\/citcem.org\/en\/wp-json\/wp\/v2\/ano-evento?post=21806"},{"taxonomy":"tipo-eventos","embeddable":true,"href":"https:\/\/citcem.org\/en\/wp-json\/wp\/v2\/tipo-eventos?post=21806"},{"taxonomy":"cmcal_calendar","embeddable":true,"href":"https:\/\/citcem.org\/en\/wp-json\/wp\/v2\/cmcal_calendar?post=21806"}],"curies":[{"name":"wp","href":"https:\/\/api.w.org\/{rel}","templated":true}]}}

CALL FOR PAPERS &#8211; PÁGINAS a&#038;b: arquivos e bibliotecas, 3ª série, nº 24 (2025)

<p>Convidam-se os investigadores, docentes e estudantes de Ciência da Informação, bem como os profissionais das bibliotecas, arquivos, museus e serviços de informação a <a href="https://ojs.letras.up.pt/index.php/paginasaeb/about/submissions">submeter</a>, até <strong>10 de outubro de 2025</strong>, propostas de artigos e recensões para publicação na Revista Páginas a&amp;b, 3.ª série, n º 24 (2025). Caso ainda não esteja registado nesta plataforma, pode fazê-lo <a href="https://ojs.letras.up.pt/index.php/paginasaeb/user/register">aqui</a>, dando, assim, início à sua submissão.</p>
