{"id":21112,"date":"2025-05-21T13:16:04","date_gmt":"2025-05-21T13:16:04","guid":{"rendered":"https:\/\/citcem.org\/eventos\/educacao-patrimonial\/"},"modified":"2025-05-28T13:28:20","modified_gmt":"2025-05-28T13:28:20","slug":"educacao-patrimonial","status":"publish","type":"eventos","link":"https:\/\/citcem.org\/en\/events\/educacao-patrimonial\/","title":{"rendered":"Educa\u00e7\u00e3o Patrimonial"},"content":{"rendered":"<p>Aula Aberta<\/p>\n<p>27 &amp; 29 DE MAIO 15:00 Sala DCTP Torre A, 4\u00ba Piso &#8211; FLUP<\/p>\n<p>&nbsp;<\/p>\n<p>Ana Rita Albuquerque \/ 27 de maio (Universit\u00e9 de Montpellier Paul-Val\u00e9ry | ART-Dev &#8211; UMR5281 )<\/p>\n<p>Repensar o turismo no prismada transi\u00e7\u00e3o ecol\u00f3gica: Desafios e perspetivas para umturismo cultural e patrimonialmais sustent\u00e1vel.<\/p>\n<p>ID da reuni\u00e3o: 987 6261 9943 Senha: 121998<\/p>\n<p>&nbsp;<\/p>\n<p>Olaia Fontal \/ 29 de maio(Universidade de Valladolid,Espanha)<\/p>\n<p>Verbos, sustantivos y adjetivospara la educaci\u00f3n patrimonial<\/p>\n<p>&nbsp;<\/p>\n<p>org.<\/p>\n<p>Alice Semedo, Mestrado em Museologia \/ Grupo Educa\u00e7\u00e3o e Desafios Societais \/CITCEM<\/p>\n<p>Leonor Botelho, Mestrado em Hist\u00f3ria da Arte, Patrim\u00f3nio e Cultura Visual \/ GrupoPatrim\u00f3nio Material e Imaterial \/CITCEM<\/p>\n","protected":false},"featured_media":21110,"template":"","ano-evento":[468],"tipo-eventos":[504],"cmcal_calendar":[],"class_list":["post-21112","eventos","type-eventos","status-publish","has-post-thumbnail","hentry","ano-evento-2025-en","tipo-eventos-conferencia-en-2"],"_links":{"self":[{"href":"https:\/\/citcem.org\/en\/wp-json\/wp\/v2\/eventos\/21112","targetHints":{"allow":["GET"]}}],"collection":[{"href":"https:\/\/citcem.org\/en\/wp-json\/wp\/v2\/eventos"}],"about":[{"href":"https:\/\/citcem.org\/en\/wp-json\/wp\/v2\/types\/eventos"}],"version-history":[{"count":0,"href":"https:\/\/citcem.org\/en\/wp-json\/wp\/v2\/eventos\/21112\/revisions"}],"wp:featuredmedia":[{"embeddable":true,"href":"https:\/\/citcem.org\/en\/wp-json\/wp\/v2\/media\/21110"}],"wp:attachment":[{"href":"https:\/\/citcem.org\/en\/wp-json\/wp\/v2\/media?parent=21112"}],"wp:term":[{"taxonomy":"ano-evento","embeddable":true,"href":"https:\/\/citcem.org\/en\/wp-json\/wp\/v2\/ano-evento?post=21112"},{"taxonomy":"tipo-eventos","embeddable":true,"href":"https:\/\/citcem.org\/en\/wp-json\/wp\/v2\/tipo-eventos?post=21112"},{"taxonomy":"cmcal_calendar","embeddable":true,"href":"https:\/\/citcem.org\/en\/wp-json\/wp\/v2\/cmcal_calendar?post=21112"}],"curies":[{"name":"wp","href":"https:\/\/api.w.org\/{rel}","templated":true}]}}

Educação Patrimonial

<p>Aula Aberta</p>
<p>27 &amp; 29 DE MAIO 15:00 Sala DCTP Torre A, 4º Piso &#8211; FLUP</p>
<p>&nbsp;</p>
<p>Ana Rita Albuquerque / 27 de maio (Université de Montpellier Paul-Valéry | ART-Dev &#8211; UMR5281 )</p>
<p>Repensar o turismo no prismada transição ecológica: Desafios e perspetivas para umturismo cultural e patrimonialmais sustentável.</p>
<p>ID da reunião: 987 6261 9943 Senha: 121998</p>
<p>&nbsp;</p>
<p>Olaia Fontal / 29 de maio(Universidade de Valladolid,Espanha)</p>
<p>Verbos, sustantivos y adjetivospara la educación patrimonial</p>
<p>&nbsp;</p>
<p>org.</p>
<p>Alice Semedo, Mestrado em Museologia / Grupo Educação e Desafios Societais /CITCEM</p>
<p>Leonor Botelho, Mestrado em História da Arte, Património e Cultura Visual / GrupoPatrimónio Material e Imaterial /CITCEM</p>
