{"id":20915,"date":"2025-05-28T16:46:32","date_gmt":"2025-05-28T16:46:32","guid":{"rendered":"https:\/\/citcem.org\/eventos\/ora-et-labora\/"},"modified":"2025-06-02T15:47:07","modified_gmt":"2025-06-02T15:47:07","slug":"ora-et-labora","status":"publish","type":"eventos","link":"https:\/\/citcem.org\/en\/events\/ora-et-labora\/","title":{"rendered":"Ora et Labora"},"content":{"rendered":"<p><strong>VII International Seminar <\/strong><em><strong>Ora et labora &#8220;The \u2018New Church\u2019<\/strong><\/em><strong> of the Monastery of Refojos de Basto &#8211; <\/strong><em><strong>270 years of its construction: history, architecture, art, culture and literature<\/strong><\/em>&#8220;, will take place on June 5 and 6 of this year, in the auditorium of Casa do Tempo, in Cabeceiras de Basto.<\/p>\n<p>5-6 JUN. 2025<\/p>\n<p>&nbsp;<\/p>\n<p>The 7th international seminar \u201cOra et labora\u201d will be held on June 5 and 6, organized by the Cabeceiras de Basto City Council in collaboration with CITCEM &#8211; Transdisciplinary Research Centre \u201cCulture, Space and Memory\u201d of the Faculty of Letters of the University of Porto.<\/p>\n<p>The 2025 edition will focus on the 270th anniversary of the beginning of the construction of the new church of the Monastery of S. Miguel de Refojos, with the aim of broadening scientific knowledge and fostering local and regional involvement.<\/p>\n<p>The construction of the \u201cNew Church\u201d suggests an affirmation of the Monastery of Refojos de Basto, not only the building, which involved several artists, but also marked an aesthetic language, the result of a heritage, religious, architectural and artistic conception that will give rise to multiple approaches. The organization of this Seminar seeks to cross multiple interpretive views of a work that marks the landscape and prompts comparative approaches.<\/p>\n<p>&nbsp;<\/p>\n<p><strong>Program<\/strong><\/p>\n<p><strong>JUNE 5th (Thursday)<\/strong><\/p>\n<p><strong> <\/strong><\/p>\n<p>9:30 a.m. Reception and delivery of documentation<\/p>\n<p>10h00 Opening session<\/p>\n<p style=\"padding-left: 40px;\">Cultural Heritage at the heart of public policies &#8211; Joao Soalheiro &#8211; President of Cultural Heritage I.P.<\/p>\n<p style=\"padding-left: 40px;\">Se\/o Routes of the North &#8211; Route \u201cMonasteries and Convents in the North\u201d &#8211; L\u00edlia Bas\u00edlio &#8211; CCDR-Norte Culture and Heritage<\/p>\n<p>&nbsp;<\/p>\n<p>11h00 <strong>I PANEL:<\/strong> Architecture, History, Tradition and Renewal<\/p>\n<p style=\"padding-left: 40px;\">Church of the Monastery of Refojos de Basta &#8211; 270 years old &#8211; Paulo Oliveira &#8211; Cultural Heritage\/ Monastery of S. Martinho de Tib\u00e3es<\/p>\n<p style=\"padding-left: 40px;\">The Monastery Church, 270 years of history and interventions &#8211; the dynamics of recent years &#8211; Paulo Freitas &#8211; PFMJM Architects<\/p>\n<p>12:30 Free lunch<\/p>\n<p>&nbsp;<\/p>\n<p>14:30<strong> II PANEL<\/strong>: Arts and Artists<\/p>\n<p style=\"padding-left: 40px;\">Galegos in Cabeceiras &#8211; Eduardo Pires de Oliveira &#8211; ARTIS &#8211; IHA\/FL\/UL<\/p>\n<p style=\"padding-left: 40px;\">The artistic activity of Frei Jose Vila\u00e7a and D. Francisco Solha in Refojos de Basto and Guimar\u00e3es &#8211; Antonio Jos\u00e9 Oliveira &#8211; FLUP\/ CITCEM<\/p>\n<p>&nbsp;<\/p>\n<p>16h00 Debate<\/p>\n<p>Coffee break<\/p>\n<p style=\"padding-left: 40px;\">The Tardoz of the Altarpiece of the Church of the Monastery of Refojos de Basto Jose Vieira Gomes &#8211; PhD student and researcher ARTIS-IHA\/FLUL Manuel Pinheiro Gon\u00e7alves &#8211; IEFP trainer<\/p>\n<p style=\"padding-left: 40px;\">The influence of Bernardino Passeri&#8217;s prints on Benedictine iconography &#8211; Antonio Jose Ferreira Afonso &#8211; University of Santiago de Compostela &#8211; USC<\/p>\n<p style=\"padding-left: 40px;\">\u201cO mange entalhador\u201d Frei Jose de Santo Antonio Ferreira Vila\u00e7a in the light of Robert C. Smith&#8217;s studies &#8211; Silvia Ferreira &#8211; IHA-NOVA\/ FCSH \/ IN2PAST<\/p>\n<p>&nbsp;<\/p>\n<p>18h00 Debate<\/p>\n<p>&nbsp;<\/p>\n<p>21:30 Cultural Evening<\/p>\n<p style=\"padding-left: 40px;\">Vocal Ensemble Group \/NTROITUS<\/p>\n<p style=\"padding-left: 40px;\">Il\u00eddio dos Santos Space &#8211; Cloister S. Miguel de Refojos Monastery<\/p>\n<p><strong>JUNE 6 (Friday)<\/strong><\/p>\n<p><strong> <\/strong><\/p>\n<p>9:30 <strong>Ill PANEL<\/strong>: The balance of prayer and work in Benedictine life<\/p>\n<p style=\"padding-left: 40px;\">Agricultural practices at the Monastery of S. Miguel de Refojos Anabela Ramos &#8211; Cultural Heritage\/Tib\u00e3es Monastery<\/p>\n<p style=\"padding-left: 40px;\">The splendor of worship. The pomp of the festivities &#8211; Aida Mata &#8211; researcher<\/p>\n<p>&nbsp;<\/p>\n<p>10:30 a.m. Coffee break<\/p>\n<p style=\"padding-left: 40px;\">The agricultural and land domain of the Benedictine grantee in the Couto de Tib\u00e3es &#8211; Jos\u00e9 Carlos G. Peixoto &#8211; Historian<\/p>\n<p>12h00 Debate<\/p>\n<p>&nbsp;<\/p>\n<p>12:30 Free lunch<\/p>\n<p>&nbsp;<\/p>\n<p>14:30 <strong>IV PANEL<\/strong>: Culture and literature<\/p>\n<p style=\"padding-left: 40px;\">Behind the scenes of the new Church of Refojos: the mentors, the abbots and the literati (17th-18th centuries) &#8211; Ana Isabel L\u00edbano Monteiro &#8211; National Library of Portugal<\/p>\n<p style=\"padding-left: 40px;\">A panorama through the lines of expression of the bookshop of the monastery of Refojos de Basto &#8211; Andr\u00e9 Pequeno dos Santos &#8211; PhD student in History FLUP\/CITCEM<\/p>\n<p style=\"padding-left: 40px;\">\u201cHagan el\/os otro tanto, que yo se lo perdono\u201d. Baroque graphics and art in Galicia and Northern Portugal &#8211; Carme Lopez Calderon &#8211; University of Santiago de Compostela<\/p>\n<p style=\"padding-left: 40px;\">The canvas of the high altar of the Monastery of S\u00e3o Miguel de Refojos in Basta: history and iconography &#8211; Mara Raquel Rodrigues de Paula &#8211; Goi\u00e1s State Department of Education, Brazil\/FLUP<\/p>\n<p>&nbsp;<\/p>\n<p>16h00 Debate<\/p>\n<p>Coffee break<\/p>\n<p style=\"padding-left: 40px;\">Camilo Castelo Branco and Cabeceiras de Basta &#8211; what spirituality in the critique of ways of life<\/p>\n<p style=\"padding-left: 40px;\">S\u00e9rgio Guimar\u00e3es de Sousa &#8211; University of Minho \/ Scientific Coordinator of the Camillian Studies Center and the Camilo House-Museum<\/p>\n<p>&nbsp;<\/p>\n<p>17h00 Guided tour of the Church of the Monastery of S. Miguel de Refojos and the Center for Benedictine Studies in Cabeceiras de Basta, Prof. Doutor Frei Geraldo Coelho Dias, OSB.<\/p>\n<p>&nbsp;<\/p>\n<p>&nbsp;<\/p>\n<p>The course has CCPFC\/ACC accreditation &#8211; 134955\/25, in the scientific and pedagogical dimension for groups 200,210,220,300,400 and 420.<\/p>\n<p>&nbsp;<\/p>\n<p>Organizing Committee:<\/p>\n<ul>\n<li>F\u00e1tima Oliveira (Municipality of Cabeceiras de Basto)<\/li>\n<li>Alexandra Carneiro (Municipality of Cabeceiras de Basto)<\/li>\n<\/ul>\n<p>&nbsp;<\/p>\n<p>Scientific Committee:<\/p>\n<ul>\n<li>Maria Jo\u00e3o Oliveira e Silva (U. Porto\/CITCEM)<\/li>\n<li>Joana Lencart (U. Porto\/CITCEM)<\/li>\n<li>Zulmira Santos (U. Porto\/CITCEM)<\/li>\n<li>Lu\u00eds Carlos Amaral (U. Porto\/CITCEM)<\/li>\n<li>Manuel Joaquim Rocha ( (U. Porto\/CITCEM)<\/li>\n<li>Leonor Botelho (U. Porto\/CITCEM)<\/li>\n<li>Paula Almeida Mendes (U. Porto\/CITCEM)<\/li>\n<\/ul>\n<p>&nbsp;<\/p>\n<p><a href=\"https:\/\/citcem.org\/wp-content\/uploads\/2025\/04\/Ficha-de-inscricao-VII-Seminario-editavel.pdf\"><img loading=\"lazy\" decoding=\"async\" class=\"alignleft\" src=\"https:\/\/citcem.org\/wp-content\/uploads\/2025\/04\/Ficha-de-inscricao-VII-Seminario-f-1.jpg\" width=\"152\" height=\"76\"><\/a><\/p>\n<p>&nbsp;<\/p>\n<p><a href=\"https:\/\/citcem.org\/wp-content\/uploads\/2025\/04\/Ficha-de-inscricao-VII-Seminario-editavel.pdf\">Registration form<\/a><\/p>\n","protected":false},"featured_media":20912,"template":"","ano-evento":[468],"tipo-eventos":[276],"cmcal_calendar":[],"class_list":["post-20915","eventos","type-eventos","status-publish","has-post-thumbnail","hentry","ano-evento-2025-en","tipo-eventos-seminar"],"_links":{"self":[{"href":"https:\/\/citcem.org\/en\/wp-json\/wp\/v2\/eventos\/20915","targetHints":{"allow":["GET"]}}],"collection":[{"href":"https:\/\/citcem.org\/en\/wp-json\/wp\/v2\/eventos"}],"about":[{"href":"https:\/\/citcem.org\/en\/wp-json\/wp\/v2\/types\/eventos"}],"version-history":[{"count":0,"href":"https:\/\/citcem.org\/en\/wp-json\/wp\/v2\/eventos\/20915\/revisions"}],"wp:featuredmedia":[{"embeddable":true,"href":"https:\/\/citcem.org\/en\/wp-json\/wp\/v2\/media\/20912"}],"wp:attachment":[{"href":"https:\/\/citcem.org\/en\/wp-json\/wp\/v2\/media?parent=20915"}],"wp:term":[{"taxonomy":"ano-evento","embeddable":true,"href":"https:\/\/citcem.org\/en\/wp-json\/wp\/v2\/ano-evento?post=20915"},{"taxonomy":"tipo-eventos","embeddable":true,"href":"https:\/\/citcem.org\/en\/wp-json\/wp\/v2\/tipo-eventos?post=20915"},{"taxonomy":"cmcal_calendar","embeddable":true,"href":"https:\/\/citcem.org\/en\/wp-json\/wp\/v2\/cmcal_calendar?post=20915"}],"curies":[{"name":"wp","href":"https:\/\/api.w.org\/{rel}","templated":true}]}}

<p><strong>VII International Seminar </strong><em><strong>Ora et labora &#8220;The ‘New Church’</strong></em><strong> of the Monastery of Refojos de Basto &#8211; </strong><em><strong>270 years of its construction: history, architecture, art, culture and literature</strong></em>&#8220;, will take place on June 5 and 6 of this year, in the auditorium of Casa do Tempo, in Cabeceiras de Basto.</p>
<p>5-6 JUN. 2025</p>
<p>&nbsp;</p>
<p>The 7th international seminar “Ora et labora” will be held on June 5 and 6, organized by the Cabeceiras de Basto City Council in collaboration with CITCEM &#8211; Transdisciplinary Research Centre “Culture, Space and Memory” of the Faculty of Letters of the University of Porto.</p>
<p>The 2025 edition will focus on the 270th anniversary of the beginning of the construction of the new church of the Monastery of S. Miguel de Refojos, with the aim of broadening scientific knowledge and fostering local and regional involvement.</p>
<p>The construction of the “New Church” suggests an affirmation of the Monastery of Refojos de Basto, not only the building, which involved several artists, but also marked an aesthetic language, the result of a heritage, religious, architectural and artistic conception that will give rise to multiple approaches. The organization of this Seminar seeks to cross multiple interpretive views of a work that marks the landscape and prompts comparative approaches.</p>
<p>&nbsp;</p>
<p><strong>Program</strong></p>
<p><strong>JUNE 5th (Thursday)</strong></p>
<p><strong> </strong></p>
<p>9:30 a.m. Reception and delivery of documentation</p>
<p>10h00 Opening session</p>
<p style="padding-left: 40px;">Cultural Heritage at the heart of public policies &#8211; Joao Soalheiro &#8211; President of Cultural Heritage I.P.</p>
<p style="padding-left: 40px;">Se/o Routes of the North &#8211; Route “Monasteries and Convents in the North” &#8211; Lília Basílio &#8211; CCDR-Norte Culture and Heritage</p>
<p>&nbsp;</p>
<p>11h00 <strong>I PANEL:</strong> Architecture, History, Tradition and Renewal</p>
<p style="padding-left: 40px;">Church of the Monastery of Refojos de Basta &#8211; 270 years old &#8211; Paulo Oliveira &#8211; Cultural Heritage/ Monastery of S. Martinho de Tibães</p>
<p style="padding-left: 40px;">The Monastery Church, 270 years of history and interventions &#8211; the dynamics of recent years &#8211; Paulo Freitas &#8211; PFMJM Architects</p>
<p>12:30 Free lunch</p>
<p>&nbsp;</p>
<p>14:30<strong> II PANEL</strong>: Arts and Artists</p>
<p style="padding-left: 40px;">Galegos in Cabeceiras &#8211; Eduardo Pires de Oliveira &#8211; ARTIS &#8211; IHA/FL/UL</p>
<p style="padding-left: 40px;">The artistic activity of Frei Jose Vilaça and D. Francisco Solha in Refojos de Basto and Guimarães &#8211; Antonio José Oliveira &#8211; FLUP/ CITCEM</p>
<p>&nbsp;</p>
<p>16h00 Debate</p>
<p>Coffee break</p>
<p style="padding-left: 40px;">The Tardoz of the Altarpiece of the Church of the Monastery of Refojos de Basto Jose Vieira Gomes &#8211; PhD student and researcher ARTIS-IHA/FLUL Manuel Pinheiro Gonçalves &#8211; IEFP trainer</p>
<p style="padding-left: 40px;">The influence of Bernardino Passeri&#8217;s prints on Benedictine iconography &#8211; Antonio Jose Ferreira Afonso &#8211; University of Santiago de Compostela &#8211; USC</p>
<p style="padding-left: 40px;">“O mange entalhador” Frei Jose de Santo Antonio Ferreira Vilaça in the light of Robert C. Smith&#8217;s studies &#8211; Silvia Ferreira &#8211; IHA-NOVA/ FCSH / IN2PAST</p>
<p>&nbsp;</p>
<p>18h00 Debate</p>
<p>&nbsp;</p>
<p>21:30 Cultural Evening</p>
<p style="padding-left: 40px;">Vocal Ensemble Group /NTROITUS</p>
<p style="padding-left: 40px;">Ilídio dos Santos Space &#8211; Cloister S. Miguel de Refojos Monastery</p>
<p><strong>JUNE 6 (Friday)</strong></p>
<p><strong> </strong></p>
<p>9:30 <strong>Ill PANEL</strong>: The balance of prayer and work in Benedictine life</p>
<p style="padding-left: 40px;">Agricultural practices at the Monastery of S. Miguel de Refojos Anabela Ramos &#8211; Cultural Heritage/Tibães Monastery</p>
<p style="padding-left: 40px;">The splendor of worship. The pomp of the festivities &#8211; Aida Mata &#8211; researcher</p>
<p>&nbsp;</p>
<p>10:30 a.m. Coffee break</p>
<p style="padding-left: 40px;">The agricultural and land domain of the Benedictine grantee in the Couto de Tibães &#8211; José Carlos G. Peixoto &#8211; Historian</p>
<p>12h00 Debate</p>
<p>&nbsp;</p>
<p>12:30 Free lunch</p>
<p>&nbsp;</p>
<p>14:30 <strong>IV PANEL</strong>: Culture and literature</p>
<p style="padding-left: 40px;">Behind the scenes of the new Church of Refojos: the mentors, the abbots and the literati (17th-18th centuries) &#8211; Ana Isabel Líbano Monteiro &#8211; National Library of Portugal</p>
<p style="padding-left: 40px;">A panorama through the lines of expression of the bookshop of the monastery of Refojos de Basto &#8211; André Pequeno dos Santos &#8211; PhD student in History FLUP/CITCEM</p>
<p style="padding-left: 40px;">“Hagan el/os otro tanto, que yo se lo perdono”. Baroque graphics and art in Galicia and Northern Portugal &#8211; Carme Lopez Calderon &#8211; University of Santiago de Compostela</p>
<p style="padding-left: 40px;">The canvas of the high altar of the Monastery of São Miguel de Refojos in Basta: history and iconography &#8211; Mara Raquel Rodrigues de Paula &#8211; Goiás State Department of Education, Brazil/FLUP</p>
<p>&nbsp;</p>
<p>16h00 Debate</p>
<p>Coffee break</p>
<p style="padding-left: 40px;">Camilo Castelo Branco and Cabeceiras de Basta &#8211; what spirituality in the critique of ways of life</p>
<p style="padding-left: 40px;">Sérgio Guimarães de Sousa &#8211; University of Minho / Scientific Coordinator of the Camillian Studies Center and the Camilo House-Museum</p>
<p>&nbsp;</p>
<p>17h00 Guided tour of the Church of the Monastery of S. Miguel de Refojos and the Center for Benedictine Studies in Cabeceiras de Basta, Prof. Doutor Frei Geraldo Coelho Dias, OSB.</p>
<p>&nbsp;</p>
<p>&nbsp;</p>
<p>The course has CCPFC/ACC accreditation &#8211; 134955/25, in the scientific and pedagogical dimension for groups 200,210,220,300,400 and 420.</p>
<p>&nbsp;</p>
<p>Organizing Committee:</p>
<ul>
<li>Fátima Oliveira (Municipality of Cabeceiras de Basto)</li>
<li>Alexandra Carneiro (Municipality of Cabeceiras de Basto)</li>
</ul>
<p>&nbsp;</p>
<p>Scientific Committee:</p>
<ul>
<li>Maria João Oliveira e Silva (U. Porto/CITCEM)</li>
<li>Joana Lencart (U. Porto/CITCEM)</li>
<li>Zulmira Santos (U. Porto/CITCEM)</li>
<li>Luís Carlos Amaral (U. Porto/CITCEM)</li>
<li>Manuel Joaquim Rocha ( (U. Porto/CITCEM)</li>
<li>Leonor Botelho (U. Porto/CITCEM)</li>
<li>Paula Almeida Mendes (U. Porto/CITCEM)</li>
</ul>
<p>&nbsp;</p>
<p><a href="https://citcem.org/wp-content/uploads/2025/04/Ficha-de-inscricao-VII-Seminario-editavel.pdf"><img loading="lazy" decoding="async" class="alignleft" src="https://citcem.org/wp-content/uploads/2025/04/Ficha-de-inscricao-VII-Seminario-f-1.jpg" width="152" height="76"></a></p>
<p>&nbsp;</p>
<p><a href="https://citcem.org/wp-content/uploads/2025/04/Ficha-de-inscricao-VII-Seminario-editavel.pdf">Registration form</a></p>
