{"id":20681,"date":"2025-04-01T15:42:08","date_gmt":"2025-04-01T15:42:08","guid":{"rendered":"https:\/\/citcem.org\/?post_type=eventos&#038;p=20681"},"modified":"2025-04-01T15:58:18","modified_gmt":"2025-04-01T15:58:18","slug":"oic-sessao-17-2025","status":"publish","type":"eventos","link":"https:\/\/citcem.org\/en\/events\/oic-sessao-17-2025\/","title":{"rendered":"OIC SESS\u00c3O 17 [10\/04\/2025]- \u00abDa universidade \u00e0 escola: (in)consist\u00eancias no ensino da Geografia\u00bb"},"content":{"rendered":"\n<p><strong>Proponentes da sess\u00e3o:<\/strong>&nbsp;Elsa Pacheco (FLUP) Grupo de Investiga\u00e7\u00e3o CITCEM: Educa\u00e7\u00e3o e Desafios Societais; Laura Maria Pinheiro Machado Soares (FLUP)<br>[10.04.25 \u2022 14h30]<\/p>\n\n\n\n<p><strong>T\u00edtulo\/Tema geral da sess\u00e3o:<\/strong>&nbsp;Da universidade \u00e0 escola: (in)consist\u00eancias no ensino da Geografia<\/p>\n\n\n\n<p><strong>Resumo da Sess\u00e3o:<\/strong>\u00a0A velocidade com que se operam as transforma\u00e7\u00f5es nas sociedades, principalmente as que decorrem das inova\u00e7\u00f5es tecnol\u00f3gicas, resultam em dificuldades de adequa\u00e7\u00e3o em diversas escalas &amp; tempos com implica\u00e7\u00f5es no\u00a0desenvolvimento dos indiv\u00edduos. Como denominador comum destes processos destaca-se a educa\u00e7\u00e3o, para a qual a forma\u00e7\u00e3o escolar e acad\u00e9mica exerce um papel\u00a0de relevo. Assumindo que a universidade \u00e9 a principal respons\u00e1vel pelo impulso necess\u00e1rio \u00e0 resili\u00eancia social, porque raz\u00e3o ainda n\u00e3o conseguimos alcan\u00e7ar\u00a0respostas (efici\u00eancia e efic\u00e1cia) para responder \u00e0 vertigem da mudan\u00e7a? Abordaremos aspetos do processo de transi\u00e7\u00e3o de saberes entre a universidade e a escola e, de\u00a0seguida, a \u00e2ncora para a discuss\u00e3o centra-se em notas exemplificativas das (in)consist\u00eancias na adequa\u00e7\u00e3o dos saberes para uma aprendizagem atual e de\u00a0qualidade. Neste sentido, a sess\u00e3o prossegue com aspetos de curr\u00edculo, recursos e metodologias, questionados na perspetiva de quem tem responsabilidade na forma\u00e7\u00e3o\u00a0de professores.\u00a0<\/p>\n\n\n\n<p><strong>Nome dos intervenientes e respetivos t\u00edtulos das comunica\u00e7\u00f5es:<\/strong><\/p>\n\n\n\n<p>Paulo Lemos, FLUP doutorando&nbsp; \u2013&nbsp;<em>Transposi\u00e7\u00e3o de saberes<\/em><br>Elsa Pacheco, CITCEM\/FLUP&nbsp;\u2013&nbsp;<em>Repeti\u00e7\u00e3o e d\u00favidas<\/em><br>Cristiana Martinha, CEGOT\/FLUP&nbsp; \u2013&nbsp;<em>Construir recursos para o outro<br><\/em>Ana Isabel Moreira, CITCEM&nbsp; \u2013&nbsp;<em>E nos manuais&nbsp;escolares, que Geografia?<\/em><br>Laura Soares, CEGOT\/FLUP &nbsp;\u2013&nbsp;<em>Aprender aqui e agora&nbsp;&nbsp;<\/em><\/p>\n\n\n\n<p><strong>Moderadores-comentadores da sess\u00e3o<\/strong>: Cl\u00e1udia Pinto Ribeiro, CITCEM\/FLUP; Herculano Cachinho, U.Lisboa Centro de Estudos Geogr\u00e1ficos&nbsp;<\/p>\n\n\n\n<p><a href=\"https:\/\/4aa79ec0-a8a7-413f-9423-c7cb30cbabd9.filesusr.com\/ugd\/ce1c20_1d5c06402602415f931095b464ca8787.pdf\">PROGRAMA<\/a><\/p>\n\n\n\n<p><\/p>\n","protected":false},"featured_media":20683,"template":"","ano-evento":[467],"tipo-eventos":[318],"cmcal_calendar":[],"class_list":["post-20681","eventos","type-eventos","status-publish","has-post-thumbnail","hentry","ano-evento-467","tipo-eventos-oic"],"_links":{"self":[{"href":"https:\/\/citcem.org\/en\/wp-json\/wp\/v2\/eventos\/20681","targetHints":{"allow":["GET"]}}],"collection":[{"href":"https:\/\/citcem.org\/en\/wp-json\/wp\/v2\/eventos"}],"about":[{"href":"https:\/\/citcem.org\/en\/wp-json\/wp\/v2\/types\/eventos"}],"version-history":[{"count":0,"href":"https:\/\/citcem.org\/en\/wp-json\/wp\/v2\/eventos\/20681\/revisions"}],"wp:featuredmedia":[{"embeddable":true,"href":"https:\/\/citcem.org\/en\/wp-json\/wp\/v2\/media\/20683"}],"wp:attachment":[{"href":"https:\/\/citcem.org\/en\/wp-json\/wp\/v2\/media?parent=20681"}],"wp:term":[{"taxonomy":"ano-evento","embeddable":true,"href":"https:\/\/citcem.org\/en\/wp-json\/wp\/v2\/ano-evento?post=20681"},{"taxonomy":"tipo-eventos","embeddable":true,"href":"https:\/\/citcem.org\/en\/wp-json\/wp\/v2\/tipo-eventos?post=20681"},{"taxonomy":"cmcal_calendar","embeddable":true,"href":"https:\/\/citcem.org\/en\/wp-json\/wp\/v2\/cmcal_calendar?post=20681"}],"curies":[{"name":"wp","href":"https:\/\/api.w.org\/{rel}","templated":true}]}}

OIC SESSÃO 17 [10/04/2025]- «Da universidade à escola: (in)consistências no ensino da Geografia»

<p><strong>Proponentes da sessão:</strong>&nbsp;Elsa Pacheco (FLUP) Grupo de Investigação CITCEM: Educação e Desafios Societais; Laura Maria Pinheiro Machado Soares (FLUP)<br>[10.04.25 • 14h30]</p>



<p><strong>Título/Tema geral da sessão:</strong>&nbsp;Da universidade à escola: (in)consistências no ensino da Geografia</p>



<p><strong>Resumo da Sessão:</strong> A velocidade com que se operam as transformações nas sociedades, principalmente as que decorrem das inovações tecnológicas, resultam em dificuldades de adequação em diversas escalas &amp; tempos com implicações no desenvolvimento dos indivíduos. Como denominador comum destes processos destaca-se a educação, para a qual a formação escolar e académica exerce um papel de relevo. Assumindo que a universidade é a principal responsável pelo impulso necessário à resiliência social, porque razão ainda não conseguimos alcançar respostas (eficiência e eficácia) para responder à vertigem da mudança? Abordaremos aspetos do processo de transição de saberes entre a universidade e a escola e, de seguida, a âncora para a discussão centra-se em notas exemplificativas das (in)consistências na adequação dos saberes para uma aprendizagem atual e de qualidade. Neste sentido, a sessão prossegue com aspetos de currículo, recursos e metodologias, questionados na perspetiva de quem tem responsabilidade na formação de professores. </p>



<p><strong>Nome dos intervenientes e respetivos títulos das comunicações:</strong></p>



<p>Paulo Lemos, FLUP doutorando&nbsp; –&nbsp;<em>Transposição de saberes</em><br>Elsa Pacheco, CITCEM/FLUP&nbsp;–&nbsp;<em>Repetição e dúvidas</em><br>Cristiana Martinha, CEGOT/FLUP&nbsp; –&nbsp;<em>Construir recursos para o outro<br></em>Ana Isabel Moreira, CITCEM&nbsp; –&nbsp;<em>E nos manuais&nbsp;escolares, que Geografia?</em><br>Laura Soares, CEGOT/FLUP &nbsp;–&nbsp;<em>Aprender aqui e agora&nbsp;&nbsp;</em></p>



<p><strong>Moderadores-comentadores da sessão</strong>: Cláudia Pinto Ribeiro, CITCEM/FLUP; Herculano Cachinho, U.Lisboa Centro de Estudos Geográficos&nbsp;</p>



<p><a href="https://4aa79ec0-a8a7-413f-9423-c7cb30cbabd9.filesusr.com/ugd/ce1c20_1d5c06402602415f931095b464ca8787.pdf">PROGRAMA</a></p>



<p></p>
