{"id":20611,"date":"2025-03-21T11:18:29","date_gmt":"2025-03-21T11:18:29","guid":{"rendered":"https:\/\/citcem.org\/eventos\/team-time-45\/"},"modified":"2025-03-21T11:20:41","modified_gmt":"2025-03-21T11:20:41","slug":"team-time-45","status":"publish","type":"eventos","link":"https:\/\/citcem.org\/en\/events\/team-time-45\/","title":{"rendered":"Tea(m) Time &#8211; 45.\u00ba Encontro do Grupo Cultura Digital"},"content":{"rendered":"<p><strong>Estimadas\/os investigadoras\/es\u00a0do CITCEM, convidadas e convidados interessados nos temas da\u00a0informa\u00e7\u00e3o, comunica\u00e7\u00e3o e cultura digital,<\/strong><\/p>\n<p>A sess\u00e3o Tea(m) Time de\u00a0M\u00caS\u00a0&#8211; evento onde os elementos do Grupo &#8220;Informa\u00e7\u00e3o, Comunica\u00e7\u00e3o e Cultura Digital&#8221; do CITCEM apresentam os seus interesses, trabalhos e resultados, e os debatem com convidadas\/os &#8211; recebeu a apresenta\u00e7\u00e3o do membro <a href=\"https:\/\/1drv.ms\/p\/c\/d2bb02ef812585c4\/EZZyEwghvolHvGdyeKd-WAYB4rImg3gjJG7DdhWG5pQvAA?e=VRuPyS\" data-ogsc=\"\">Cl\u00e1udio Pessoa<\/a>!<\/p>\n<p><img loading=\"lazy\" decoding=\"async\" class=\"alignnone size-large wp-image-20606\" src=\"https:\/\/citcem.org\/wp-content\/uploads\/2025\/03\/screenshot-44-1024x583.jpg\" alt=\"\" width=\"1024\" height=\"583\" srcset=\"https:\/\/citcem.org\/wp-content\/uploads\/2025\/03\/screenshot-44-1024x583.jpg 1024w, https:\/\/citcem.org\/wp-content\/uploads\/2025\/03\/screenshot-44-300x171.jpg 300w, https:\/\/citcem.org\/wp-content\/uploads\/2025\/03\/screenshot-44-768x437.jpg 768w, https:\/\/citcem.org\/wp-content\/uploads\/2025\/03\/screenshot-44-150x85.jpg 150w, https:\/\/citcem.org\/wp-content\/uploads\/2025\/03\/screenshot-44-600x341.jpg 600w, https:\/\/citcem.org\/wp-content\/uploads\/2025\/03\/screenshot-44.jpg 1497w\" sizes=\"auto, (max-width: 1024px) 100vw, 1024px\" \/><\/p>\n<p>&nbsp;<\/p>\n<p><strong>A quem esteve presente nas \u00faltimas tr\u00eas sess\u00f5es Tea(m) Time, o nosso agradecimento:<\/strong>\u00a0Armando Malheiro, Catarina Passos, C\u00e9lia Soares, Cl\u00e1udio Pessoa, Eliane Pawlowski, Fernando Zamith, George Jamil,\u00a0In\u00eas Braga, Isabel Ventura, Leonor Calv\u00e3o Borges, M\u00e1rcia Santos, Roberto Satur.<\/p>\n<p><strong>A quem n\u00e3o esteve presente<\/strong>, informamos que estamos a preparar projetos de investiga\u00e7\u00e3o conjuntos e que poder\u00e3o sempre juntar-se a n\u00f3s nas sess\u00f5es seguintes.<\/p>\n<p>&nbsp;<\/p>\n<p>O pr\u00f3ximo encontro <strong>Tea(m) Time<\/strong>\u00a0vai ser na<strong>\u00a0sexta-feira,<\/strong>\u00a0<strong>21 de mar\u00e7o<\/strong>,\u00a0\u00e0s <strong>18h00<\/strong>. Contar\u00e1 com a apresenta\u00e7\u00e3o\u00a0do membro <a href=\"https:\/\/citcem.org\/investigadores\/ricardo-jose-pinheiro-fernandes-morais\/\" data-auth=\"NotApplicable\">Ricardo Morais<\/a>. O cartaz de divulga\u00e7\u00e3o\u00a0segue em anexo.\u00a0O acesso \u00e9\u00a0livre a todas\/os pelo Zoom: <a href=\"https:\/\/videoconf-colibri.zoom.us\/j\/7590149100\" data-auth=\"NotApplicable\">https:\/\/videoconf-colibri.zoom.us\/j\/7590149100<\/a><\/p>\n","protected":false},"featured_media":20610,"template":"","ano-evento":[468],"tipo-eventos":[303],"cmcal_calendar":[],"class_list":["post-20611","eventos","type-eventos","status-publish","has-post-thumbnail","hentry","ano-evento-2025-en","tipo-eventos-meeting-en"],"_links":{"self":[{"href":"https:\/\/citcem.org\/en\/wp-json\/wp\/v2\/eventos\/20611","targetHints":{"allow":["GET"]}}],"collection":[{"href":"https:\/\/citcem.org\/en\/wp-json\/wp\/v2\/eventos"}],"about":[{"href":"https:\/\/citcem.org\/en\/wp-json\/wp\/v2\/types\/eventos"}],"version-history":[{"count":0,"href":"https:\/\/citcem.org\/en\/wp-json\/wp\/v2\/eventos\/20611\/revisions"}],"wp:featuredmedia":[{"embeddable":true,"href":"https:\/\/citcem.org\/en\/wp-json\/wp\/v2\/media\/20610"}],"wp:attachment":[{"href":"https:\/\/citcem.org\/en\/wp-json\/wp\/v2\/media?parent=20611"}],"wp:term":[{"taxonomy":"ano-evento","embeddable":true,"href":"https:\/\/citcem.org\/en\/wp-json\/wp\/v2\/ano-evento?post=20611"},{"taxonomy":"tipo-eventos","embeddable":true,"href":"https:\/\/citcem.org\/en\/wp-json\/wp\/v2\/tipo-eventos?post=20611"},{"taxonomy":"cmcal_calendar","embeddable":true,"href":"https:\/\/citcem.org\/en\/wp-json\/wp\/v2\/cmcal_calendar?post=20611"}],"curies":[{"name":"wp","href":"https:\/\/api.w.org\/{rel}","templated":true}]}}

Tea(m) Time &#8211; 45.º Encontro do Grupo Cultura Digital

<p><strong>Estimadas/os investigadoras/es do CITCEM, convidadas e convidados interessados nos temas da informação, comunicação e cultura digital,</strong></p>
<p>A sessão Tea(m) Time de MÊS &#8211; evento onde os elementos do Grupo &#8220;Informação, Comunicação e Cultura Digital&#8221; do CITCEM apresentam os seus interesses, trabalhos e resultados, e os debatem com convidadas/os &#8211; recebeu a apresentação do membro <a href="https://1drv.ms/p/c/d2bb02ef812585c4/EZZyEwghvolHvGdyeKd-WAYB4rImg3gjJG7DdhWG5pQvAA?e=VRuPyS" data-ogsc="">Cláudio Pessoa</a>!</p>
<p><img loading="lazy" decoding="async" class="alignnone size-large wp-image-20606" src="https://citcem.org/wp-content/uploads/2025/03/screenshot-44-1024x583.jpg" alt="" width="1024" height="583" srcset="https://citcem.org/wp-content/uploads/2025/03/screenshot-44-1024x583.jpg 1024w, https://citcem.org/wp-content/uploads/2025/03/screenshot-44-300x171.jpg 300w, https://citcem.org/wp-content/uploads/2025/03/screenshot-44-768x437.jpg 768w, https://citcem.org/wp-content/uploads/2025/03/screenshot-44-150x85.jpg 150w, https://citcem.org/wp-content/uploads/2025/03/screenshot-44-600x341.jpg 600w, https://citcem.org/wp-content/uploads/2025/03/screenshot-44.jpg 1497w" sizes="auto, (max-width: 1024px) 100vw, 1024px" /></p>
<p>&nbsp;</p>
<p><strong>A quem esteve presente nas últimas três sessões Tea(m) Time, o nosso agradecimento:</strong> Armando Malheiro, Catarina Passos, Célia Soares, Cláudio Pessoa, Eliane Pawlowski, Fernando Zamith, George Jamil, Inês Braga, Isabel Ventura, Leonor Calvão Borges, Márcia Santos, Roberto Satur.</p>
<p><strong>A quem não esteve presente</strong>, informamos que estamos a preparar projetos de investigação conjuntos e que poderão sempre juntar-se a nós nas sessões seguintes.</p>
<p>&nbsp;</p>
<p>O próximo encontro <strong>Tea(m) Time</strong> vai ser na<strong> sexta-feira,</strong> <strong>21 de março</strong>, às <strong>18h00</strong>. Contará com a apresentação do membro <a href="https://citcem.org/investigadores/ricardo-jose-pinheiro-fernandes-morais/" data-auth="NotApplicable">Ricardo Morais</a>. O cartaz de divulgação segue em anexo. O acesso é livre a todas/os pelo Zoom: <a href="https://videoconf-colibri.zoom.us/j/7590149100" data-auth="NotApplicable">https://videoconf-colibri.zoom.us/j/7590149100</a></p>
