{"id":20308,"date":"2025-03-18T16:30:54","date_gmt":"2025-03-18T16:30:54","guid":{"rendered":"https:\/\/citcem.org\/?post_type=eventos&#038;p=20308"},"modified":"2025-03-19T12:03:05","modified_gmt":"2025-03-19T12:03:05","slug":"colecoes-municipais-de-arte","status":"publish","type":"eventos","link":"https:\/\/citcem.org\/en\/events\/colecoes-municipais-de-arte\/","title":{"rendered":"Arte, Cole\u00e7\u00f5es e Cr\u00edtica:  0.1\u00a0 \u2013 Cole\u00e7\u00f5es Municipais de Arte"},"content":{"rendered":"<p><strong>Arte, Cole\u00e7\u00f5es e Cr\u00edtica:<\/strong><\/p>\n<p><strong>0.1\u00a0 \u2013 Cole\u00e7\u00f5es Municipais de Arte<\/strong><\/p>\n<p>Oradores: Deolinda Carneiro (C\u00e2mara Municipal da P\u00f3voa de Varzim)<\/p>\n<p>Cl\u00e1udia Almeida (C\u00e2mara Municipal de Matosinhos)<\/p>\n<p>Alexandra Cerveira Lima e Mariana Teixeira (C\u00e2mara Municipal do Porto)<\/p>\n<p>Nuno Rodrigues (C\u00e2mara Municipal do Porto)<\/p>\n<p>Moderador: Rui Maia<\/p>\n<p>&nbsp;<\/p>\n<p><strong>Local:<\/strong><\/p>\n<p>Faculdade de Letras da Universidade do Porto<\/p>\n<p>Anfiteatro Nobre<\/p>\n<p>&nbsp;<\/p>\n<p><strong>Data:<\/strong><\/p>\n<p>21 de mar\u00e7o de 2025<\/p>\n<p>15.00 horas<\/p>\n","protected":false},"featured_media":20543,"template":"","ano-evento":[468],"tipo-eventos":[304],"cmcal_calendar":[],"class_list":["post-20308","eventos","type-eventos","status-publish","has-post-thumbnail","hentry","ano-evento-2025-en","tipo-eventos-round-table"],"_links":{"self":[{"href":"https:\/\/citcem.org\/en\/wp-json\/wp\/v2\/eventos\/20308","targetHints":{"allow":["GET"]}}],"collection":[{"href":"https:\/\/citcem.org\/en\/wp-json\/wp\/v2\/eventos"}],"about":[{"href":"https:\/\/citcem.org\/en\/wp-json\/wp\/v2\/types\/eventos"}],"version-history":[{"count":0,"href":"https:\/\/citcem.org\/en\/wp-json\/wp\/v2\/eventos\/20308\/revisions"}],"wp:featuredmedia":[{"embeddable":true,"href":"https:\/\/citcem.org\/en\/wp-json\/wp\/v2\/media\/20543"}],"wp:attachment":[{"href":"https:\/\/citcem.org\/en\/wp-json\/wp\/v2\/media?parent=20308"}],"wp:term":[{"taxonomy":"ano-evento","embeddable":true,"href":"https:\/\/citcem.org\/en\/wp-json\/wp\/v2\/ano-evento?post=20308"},{"taxonomy":"tipo-eventos","embeddable":true,"href":"https:\/\/citcem.org\/en\/wp-json\/wp\/v2\/tipo-eventos?post=20308"},{"taxonomy":"cmcal_calendar","embeddable":true,"href":"https:\/\/citcem.org\/en\/wp-json\/wp\/v2\/cmcal_calendar?post=20308"}],"curies":[{"name":"wp","href":"https:\/\/api.w.org\/{rel}","templated":true}]}}

Arte, Coleções e Crítica:  0.1  – Coleções Municipais de Arte

<p><strong>Arte, Coleções e Crítica:</strong></p>
<p><strong>0.1  – Coleções Municipais de Arte</strong></p>
<p>Oradores: Deolinda Carneiro (Câmara Municipal da Póvoa de Varzim)</p>
<p>Cláudia Almeida (Câmara Municipal de Matosinhos)</p>
<p>Alexandra Cerveira Lima e Mariana Teixeira (Câmara Municipal do Porto)</p>
<p>Nuno Rodrigues (Câmara Municipal do Porto)</p>
<p>Moderador: Rui Maia</p>
<p>&nbsp;</p>
<p><strong>Local:</strong></p>
<p>Faculdade de Letras da Universidade do Porto</p>
<p>Anfiteatro Nobre</p>
<p>&nbsp;</p>
<p><strong>Data:</strong></p>
<p>21 de março de 2025</p>
<p>15.00 horas</p>
