{"id":20094,"date":"2025-02-04T15:11:56","date_gmt":"2025-02-04T15:11:56","guid":{"rendered":"https:\/\/citcem.org\/eventos\/culturas-iberico-americanas-dialogos\/"},"modified":"2025-02-04T17:24:30","modified_gmt":"2025-02-04T17:24:30","slug":"culturas-iberico-americanas-dialogos","status":"publish","type":"eventos","link":"https:\/\/citcem.org\/en\/events\/culturas-iberico-americanas-dialogos\/","title":{"rendered":"Culturas Ib\u00e9rico-Americanas &#8211; Di\u00e1logos"},"content":{"rendered":"<p><span style=\"font-size: 12.0pt; color: black;\">ter\u00e7a-feira, dia 4 de feveiro de 2025<\/span><\/p>\n<p><span style=\"font-size: 12.0pt; color: black;\">\u00a0<\/span><\/p>\n<p><span style=\"font-size: 12.0pt; color: black;\">15.30 &#8211; confer\u00eancia\/debate, com o t\u00edtulo &#8220;Culturas Ib\u00e9rico-Americanas &#8211; Di\u00e1logos&#8221;<\/span><\/p>\n<p><span style=\"font-size: 12.0pt; color: black;\">Professora\u00a0<a style=\"box-sizing: border-box; outline: currentcolor;\" href=\"https:\/\/www.escavador.com\/sobre\/4020419\/solange-fiuza-cardoso-yokozawa\" target=\"_blank\" rel=\"noopener\"><span style=\"font-size: 10.5pt; font-family: Poppins;\">Solange Fiuza Yokosawa \u2013 Universidade Federal de Goi\u00e1s, Brasil<\/span><\/a><\/span><\/p>\n<p><span style=\"font-size: 12.0pt; color: black;\">Professor Arnaldo Saraiva &#8211; FLUP\/CITCEM<\/span><\/p>\n<p>&nbsp;<\/p>\n","protected":false},"featured_media":20092,"template":"","ano-evento":[468],"tipo-eventos":[504],"cmcal_calendar":[],"class_list":["post-20094","eventos","type-eventos","status-publish","has-post-thumbnail","hentry","ano-evento-2025-en","tipo-eventos-conferencia-en-2"],"_links":{"self":[{"href":"https:\/\/citcem.org\/en\/wp-json\/wp\/v2\/eventos\/20094","targetHints":{"allow":["GET"]}}],"collection":[{"href":"https:\/\/citcem.org\/en\/wp-json\/wp\/v2\/eventos"}],"about":[{"href":"https:\/\/citcem.org\/en\/wp-json\/wp\/v2\/types\/eventos"}],"version-history":[{"count":0,"href":"https:\/\/citcem.org\/en\/wp-json\/wp\/v2\/eventos\/20094\/revisions"}],"wp:featuredmedia":[{"embeddable":true,"href":"https:\/\/citcem.org\/en\/wp-json\/wp\/v2\/media\/20092"}],"wp:attachment":[{"href":"https:\/\/citcem.org\/en\/wp-json\/wp\/v2\/media?parent=20094"}],"wp:term":[{"taxonomy":"ano-evento","embeddable":true,"href":"https:\/\/citcem.org\/en\/wp-json\/wp\/v2\/ano-evento?post=20094"},{"taxonomy":"tipo-eventos","embeddable":true,"href":"https:\/\/citcem.org\/en\/wp-json\/wp\/v2\/tipo-eventos?post=20094"},{"taxonomy":"cmcal_calendar","embeddable":true,"href":"https:\/\/citcem.org\/en\/wp-json\/wp\/v2\/cmcal_calendar?post=20094"}],"curies":[{"name":"wp","href":"https:\/\/api.w.org\/{rel}","templated":true}]}}

Culturas Ibérico-Americanas &#8211; Diálogos

<p><span style="font-size: 12.0pt; color: black;">terça-feira, dia 4 de feveiro de 2025</span></p>
<p><span style="font-size: 12.0pt; color: black;"> </span></p>
<p><span style="font-size: 12.0pt; color: black;">15.30 &#8211; conferência/debate, com o título &#8220;Culturas Ibérico-Americanas &#8211; Diálogos&#8221;</span></p>
<p><span style="font-size: 12.0pt; color: black;">Professora <a style="box-sizing: border-box; outline: currentcolor;" href="https://www.escavador.com/sobre/4020419/solange-fiuza-cardoso-yokozawa" target="_blank" rel="noopener"><span style="font-size: 10.5pt; font-family: Poppins;">Solange Fiuza Yokosawa – Universidade Federal de Goiás, Brasil</span></a></span></p>
<p><span style="font-size: 12.0pt; color: black;">Professor Arnaldo Saraiva &#8211; FLUP/CITCEM</span></p>
<p>&nbsp;</p>
