{"id":20040,"date":"2025-01-23T12:28:41","date_gmt":"2025-01-23T12:28:41","guid":{"rendered":"https:\/\/citcem.org\/eventos\/team-time-43-o-encontro-do-grupo-cultura-digital\/"},"modified":"2025-01-23T14:08:01","modified_gmt":"2025-01-23T14:08:01","slug":"team-time-43-o-encontro-do-grupo-cultura-digital","status":"publish","type":"eventos","link":"https:\/\/citcem.org\/en\/events\/team-time-43-o-encontro-do-grupo-cultura-digital\/","title":{"rendered":"Tea(m) Time &#8211; 43.\u00ba Encontro do Grupo Cultura Digital"},"content":{"rendered":"<p><strong>Estimadas\/os investigadoras\/es\u00a0do CITCEM, convidadas e convidados interessados nos temas da\u00a0informa\u00e7\u00e3o, comunica\u00e7\u00e3o e cultura digital,<\/strong><\/p>\n<p>&nbsp;<\/p>\n<p>A \u00faltima sess\u00e3o Tea(m) Time de 2024 &#8211; evento onde os elementos do Grupo &#8220;Informa\u00e7\u00e3o, Comunica\u00e7\u00e3o e Cultura Digital&#8221; do CITCEM apresentam os seus interesses, trabalhos e resultados, e os debatem com convidadas\/os &#8211; recebeu <a href=\"https:\/\/1drv.ms\/p\/c\/d2bb02ef812585c4\/EcSFJYHvArsggNIuCQEAAAAB2N6irBAAPe6vZQE0kii5Dw?e=cuSrD8\">a apresenta\u00e7\u00e3o do membro Isabel Ventura<\/a>!<\/p>\n<p>&nbsp;<\/p>\n<p><strong>A quem esteve presente nas \u00faltimas tr\u00eas sess\u00f5es Tea(m) Time, o nosso agradecimento:<\/strong>\u00a0 Ana Vale, Andreia Arezes, Armando Malheiro, Catarina Passos, Eliane Pawlowski, In\u00eas Braga, Leonor Calv\u00e3o Borges, Isabel Ventura, M\u00e1rcia Santos, Maria \u00c9rica Lima, Milena Carvalho, Roberto Satur.<\/p>\n<p><strong>A quem n\u00e3o esteve presente<\/strong>, informamos que estamos a preparar projetos de investiga\u00e7\u00e3o conjuntos e que poder\u00e3o sempre juntar-se a n\u00f3s na pr\u00f3xima sess\u00e3o.<\/p>\n<p>&nbsp;<\/p>\n<p>O pr\u00f3ximo encontro <strong>Tea(m) Time<\/strong>\u00a0vai ser j\u00e1 esta <strong>sexta-feira,<\/strong>\u00a0<strong>24 de janeiro<\/strong>,\u00a0\u00e0s <strong>18h00<\/strong>. Contar\u00e1 com a apresenta\u00e7\u00e3o do membro C\u00e9lia Soares.<\/p>\n<p>&nbsp;<\/p>\n<p>O acesso \u00e9\u00a0livre a todas\/os pelo Zoom: <a href=\"https:\/\/videoconf-colibri.zoom.us\/j\/7590149100\" data-auth=\"NotApplicable\">https:\/\/videoconf-colibri.zoom.us\/j\/7590149100<\/a><\/p>\n","protected":false},"featured_media":20038,"template":"","ano-evento":[468],"tipo-eventos":[303],"cmcal_calendar":[],"class_list":["post-20040","eventos","type-eventos","status-publish","has-post-thumbnail","hentry","ano-evento-2025-en","tipo-eventos-meeting-en"],"_links":{"self":[{"href":"https:\/\/citcem.org\/en\/wp-json\/wp\/v2\/eventos\/20040","targetHints":{"allow":["GET"]}}],"collection":[{"href":"https:\/\/citcem.org\/en\/wp-json\/wp\/v2\/eventos"}],"about":[{"href":"https:\/\/citcem.org\/en\/wp-json\/wp\/v2\/types\/eventos"}],"version-history":[{"count":0,"href":"https:\/\/citcem.org\/en\/wp-json\/wp\/v2\/eventos\/20040\/revisions"}],"wp:featuredmedia":[{"embeddable":true,"href":"https:\/\/citcem.org\/en\/wp-json\/wp\/v2\/media\/20038"}],"wp:attachment":[{"href":"https:\/\/citcem.org\/en\/wp-json\/wp\/v2\/media?parent=20040"}],"wp:term":[{"taxonomy":"ano-evento","embeddable":true,"href":"https:\/\/citcem.org\/en\/wp-json\/wp\/v2\/ano-evento?post=20040"},{"taxonomy":"tipo-eventos","embeddable":true,"href":"https:\/\/citcem.org\/en\/wp-json\/wp\/v2\/tipo-eventos?post=20040"},{"taxonomy":"cmcal_calendar","embeddable":true,"href":"https:\/\/citcem.org\/en\/wp-json\/wp\/v2\/cmcal_calendar?post=20040"}],"curies":[{"name":"wp","href":"https:\/\/api.w.org\/{rel}","templated":true}]}}

Tea(m) Time &#8211; 43.º Encontro do Grupo Cultura Digital

<p><strong>Estimadas/os investigadoras/es do CITCEM, convidadas e convidados interessados nos temas da informação, comunicação e cultura digital,</strong></p>
<p>&nbsp;</p>
<p>A última sessão Tea(m) Time de 2024 &#8211; evento onde os elementos do Grupo &#8220;Informação, Comunicação e Cultura Digital&#8221; do CITCEM apresentam os seus interesses, trabalhos e resultados, e os debatem com convidadas/os &#8211; recebeu <a href="https://1drv.ms/p/c/d2bb02ef812585c4/EcSFJYHvArsggNIuCQEAAAAB2N6irBAAPe6vZQE0kii5Dw?e=cuSrD8">a apresentação do membro Isabel Ventura</a>!</p>
<p>&nbsp;</p>
<p><strong>A quem esteve presente nas últimas três sessões Tea(m) Time, o nosso agradecimento:</strong>  Ana Vale, Andreia Arezes, Armando Malheiro, Catarina Passos, Eliane Pawlowski, Inês Braga, Leonor Calvão Borges, Isabel Ventura, Márcia Santos, Maria Érica Lima, Milena Carvalho, Roberto Satur.</p>
<p><strong>A quem não esteve presente</strong>, informamos que estamos a preparar projetos de investigação conjuntos e que poderão sempre juntar-se a nós na próxima sessão.</p>
<p>&nbsp;</p>
<p>O próximo encontro <strong>Tea(m) Time</strong> vai ser já esta <strong>sexta-feira,</strong> <strong>24 de janeiro</strong>, às <strong>18h00</strong>. Contará com a apresentação do membro Célia Soares.</p>
<p>&nbsp;</p>
<p>O acesso é livre a todas/os pelo Zoom: <a href="https://videoconf-colibri.zoom.us/j/7590149100" data-auth="NotApplicable">https://videoconf-colibri.zoom.us/j/7590149100</a></p>
