{"id":20029,"date":"2025-02-14T15:57:36","date_gmt":"2025-02-14T15:57:36","guid":{"rendered":"https:\/\/citcem.org\/eventos\/sessao-11-oic-2025\/"},"modified":"2025-02-18T17:08:06","modified_gmt":"2025-02-18T17:08:06","slug":"sessao-11-oic-2025","status":"publish","type":"eventos","link":"https:\/\/citcem.org\/en\/events\/sessao-11-oic-2025\/","title":{"rendered":"OIC SESS\u00c3O 11 [20\/02\/2025] &#8211; \u00abMoving image and (i)Materiality &#8211; new perspectives | Cinema e (i)Materialidades \u2013 novas perspetivas\u00bb"},"content":{"rendered":"<p>REGIME PRESENCIAL (FLUP, HUMANITIES LAB &#8211; \u00a0Piso 0) [14H30]<\/p>\n<p>&nbsp;<\/p>\n<p class=\"font_8 wixui-rich-text__text\"><span class=\"wixui-rich-text__text\"><span class=\"color_20 wixui-rich-text__text\"><strong>Proponente da sess\u00e3o<\/strong>:\u00a0<\/span><\/span><span class=\"wixui-rich-text__text\"><span class=\"color_20 wixui-rich-text__text\">Hugo Barreira (FLUP)\u00a0<\/span><\/span><\/p>\n<p class=\"font_8 wixui-rich-text__text\"><span class=\"wixui-rich-text__text\"><span class=\"color_20 wixui-rich-text__text\">Grupo de Investiga\u00e7\u00e3o CITCEM: Patrim\u00f3nio Material e Imaterial\u00a0\u00a0<\/span><\/span><\/p>\n<p>&nbsp;<\/p>\n<p class=\"font_8 wixui-rich-text__text\"><strong><span class=\"wixui-rich-text__text\"><span class=\"color_20 wixui-rich-text__text\">Oradores:<\/span><\/span><\/strong><\/p>\n<p><em>Um cinema de bairro \u2013 de Sal\u00e3o Jardim ao Cinema Trindade no Porto<\/em> | Ana Patr\u00edcia de Jesus Gon\u00e7alves<\/p>\n<p><em>Cinetopos: a methodological approach to mapping cinephilic spaces and places in Lisbon<\/em> | Joana Isabel Duarte<\/p>\n<p><em>Downton Abbey and Highclere Castle: the role of film architecture<\/em> | J\u00falia Soares de Paula<\/p>\n<p class=\"font_8 wixui-rich-text__text\"><br class=\"wixui-rich-text__text\" \/><strong><span class=\"wixui-rich-text__text\"><span class=\"color_20 wixui-rich-text__text\">Moderadores da sess\u00e3o:<\/span><\/span><\/strong><\/p>\n<p class=\"font_8 wixui-rich-text__text\"><span class=\"wixui-rich-text__text\"><span class=\"color_20 wixui-rich-text__text\">Jorge Carrega,\u00a0<\/span><\/span><span class=\"wixui-rich-text__text\"><span class=\"color_20 wixui-rich-text__text\">CIAC-Centro de Investiga\u00e7\u00e3o em Artes e Comunica\u00e7\u00e3o \u2013 U.Algarve<\/span><\/span><br class=\"wixui-rich-text__text\" \/><span class=\"wixui-rich-text__text\"><span class=\"color_20 wixui-rich-text__text\">Em\u00edlia Sim\u00e3o,\u00a0<\/span><\/span><span class=\"wixui-rich-text__text\"><span class=\"color_20 wixui-rich-text__text\">\u200b<\/span><\/span><span class=\"wixui-rich-text__text\"><span class=\"color_20 wixui-rich-text__text\">U.Portucalense<\/span><\/span><\/p>\n<p>&nbsp;<\/p>\n<p><a href=\"https:\/\/4aa79ec0-a8a7-413f-9423-c7cb30cbabd9.filesusr.com\/ugd\/ce1c20_de99b148b8da45309bb81e726c358ed7.pdf\">Programa<\/a><\/p>\n","protected":false},"featured_media":20023,"template":"","ano-evento":[468],"tipo-eventos":[449],"cmcal_calendar":[],"class_list":["post-20029","eventos","type-eventos","status-publish","has-post-thumbnail","hentry","ano-evento-2025-en","tipo-eventos-oic-en"],"_links":{"self":[{"href":"https:\/\/citcem.org\/en\/wp-json\/wp\/v2\/eventos\/20029","targetHints":{"allow":["GET"]}}],"collection":[{"href":"https:\/\/citcem.org\/en\/wp-json\/wp\/v2\/eventos"}],"about":[{"href":"https:\/\/citcem.org\/en\/wp-json\/wp\/v2\/types\/eventos"}],"version-history":[{"count":0,"href":"https:\/\/citcem.org\/en\/wp-json\/wp\/v2\/eventos\/20029\/revisions"}],"wp:featuredmedia":[{"embeddable":true,"href":"https:\/\/citcem.org\/en\/wp-json\/wp\/v2\/media\/20023"}],"wp:attachment":[{"href":"https:\/\/citcem.org\/en\/wp-json\/wp\/v2\/media?parent=20029"}],"wp:term":[{"taxonomy":"ano-evento","embeddable":true,"href":"https:\/\/citcem.org\/en\/wp-json\/wp\/v2\/ano-evento?post=20029"},{"taxonomy":"tipo-eventos","embeddable":true,"href":"https:\/\/citcem.org\/en\/wp-json\/wp\/v2\/tipo-eventos?post=20029"},{"taxonomy":"cmcal_calendar","embeddable":true,"href":"https:\/\/citcem.org\/en\/wp-json\/wp\/v2\/cmcal_calendar?post=20029"}],"curies":[{"name":"wp","href":"https:\/\/api.w.org\/{rel}","templated":true}]}}

OIC SESSÃO 11 [20/02/2025] &#8211; «Moving image and (i)Materiality &#8211; new perspectives | Cinema e (i)Materialidades – novas perspetivas»

<p>REGIME PRESENCIAL (FLUP, HUMANITIES LAB &#8211;  Piso 0) [14H30]</p>
<p>&nbsp;</p>
<p class="font_8 wixui-rich-text__text"><span class="wixui-rich-text__text"><span class="color_20 wixui-rich-text__text"><strong>Proponente da sessão</strong>: </span></span><span class="wixui-rich-text__text"><span class="color_20 wixui-rich-text__text">Hugo Barreira (FLUP) </span></span></p>
<p class="font_8 wixui-rich-text__text"><span class="wixui-rich-text__text"><span class="color_20 wixui-rich-text__text">Grupo de Investigação CITCEM: Património Material e Imaterial  </span></span></p>
<p>&nbsp;</p>
<p class="font_8 wixui-rich-text__text"><strong><span class="wixui-rich-text__text"><span class="color_20 wixui-rich-text__text">Oradores:</span></span></strong></p>
<p><em>Um cinema de bairro – de Salão Jardim ao Cinema Trindade no Porto</em> | Ana Patrícia de Jesus Gonçalves</p>
<p><em>Cinetopos: a methodological approach to mapping cinephilic spaces and places in Lisbon</em> | Joana Isabel Duarte</p>
<p><em>Downton Abbey and Highclere Castle: the role of film architecture</em> | Júlia Soares de Paula</p>
<p class="font_8 wixui-rich-text__text"><br class="wixui-rich-text__text" /><strong><span class="wixui-rich-text__text"><span class="color_20 wixui-rich-text__text">Moderadores da sessão:</span></span></strong></p>
<p class="font_8 wixui-rich-text__text"><span class="wixui-rich-text__text"><span class="color_20 wixui-rich-text__text">Jorge Carrega, </span></span><span class="wixui-rich-text__text"><span class="color_20 wixui-rich-text__text">CIAC-Centro de Investigação em Artes e Comunicação – U.Algarve</span></span><br class="wixui-rich-text__text" /><span class="wixui-rich-text__text"><span class="color_20 wixui-rich-text__text">Emília Simão, </span></span><span class="wixui-rich-text__text"><span class="color_20 wixui-rich-text__text">​</span></span><span class="wixui-rich-text__text"><span class="color_20 wixui-rich-text__text">U.Portucalense</span></span></p>
<p>&nbsp;</p>
<p><a href="https://4aa79ec0-a8a7-413f-9423-c7cb30cbabd9.filesusr.com/ugd/ce1c20_de99b148b8da45309bb81e726c358ed7.pdf">Programa</a></p>
