{"id":19733,"date":"2025-01-07T16:42:11","date_gmt":"2025-01-07T16:42:11","guid":{"rendered":"https:\/\/citcem.org\/eventos\/atividades-mestrado-estudos-alemaes\/"},"modified":"2026-01-21T14:48:31","modified_gmt":"2026-01-21T14:48:31","slug":"atividades-mestrado-estudos-alemaes","status":"publish","type":"eventos","link":"https:\/\/citcem.org\/en\/events\/atividades-mestrado-estudos-alemaes\/","title":{"rendered":"Atividades Mestrado em Estudos Alem\u00e3es 2025"},"content":{"rendered":"<div class=\"elementor-element elementor-element-93f82cc elementor-widget elementor-widget-jet-listing-dynamic-field\" data-id=\"93f82cc\" data-element_type=\"widget\" data-widget_type=\"jet-listing-dynamic-field.default\">\n<div class=\"elementor-widget-container\">\n<div class=\"jet-listing jet-listing-dynamic-field display-inline\">\n<div class=\"jet-listing-dynamic-field__inline-wrap\">\n<h4 class=\"jet-listing-dynamic-field__content\">Atividades Mestrado em Estudos Alem\u00e3es<\/h4>\n<\/div>\n<\/div>\n<\/div>\n<\/div>\n<div class=\"elementor-element elementor-element-4d22937 elementor-widget elementor-widget-jet-listing-dynamic-field\" data-id=\"4d22937\" data-element_type=\"widget\" data-widget_type=\"jet-listing-dynamic-field.default\">\n<div class=\"elementor-widget-container\">\n<div class=\"jet-listing jet-listing-dynamic-field display-inline\">\n<div class=\"jet-listing-dynamic-field__inline-wrap\">\n<div class=\"jet-listing-dynamic-field__content\">\n<p>O Mestrado em Estudos Alem\u00e3es e o CITCEM continuam a parceria na cria\u00e7\u00e3o de atividades planeadas para 2025.<\/p>\n<p><strong><img loading=\"lazy\" decoding=\"async\" class=\"alignleft wp-image-19739 size-medium\" src=\"https:\/\/citcem.org\/wp-content\/uploads\/2024\/12\/ina-spetzke-212x300.jpg\" alt=\"\" width=\"212\" height=\"300\" srcset=\"https:\/\/citcem.org\/wp-content\/uploads\/2024\/12\/ina-spetzke-212x300.jpg 212w, https:\/\/citcem.org\/wp-content\/uploads\/2024\/12\/ina-spetzke-724x1024.jpg 724w, https:\/\/citcem.org\/wp-content\/uploads\/2024\/12\/ina-spetzke-768x1086.jpg 768w, https:\/\/citcem.org\/wp-content\/uploads\/2024\/12\/ina-spetzke-1086x1536.jpg 1086w, https:\/\/citcem.org\/wp-content\/uploads\/2024\/12\/ina-spetzke-1448x2048.jpg 1448w, https:\/\/citcem.org\/wp-content\/uploads\/2024\/12\/ina-spetzke-600x849.jpg 600w, https:\/\/citcem.org\/wp-content\/uploads\/2024\/12\/ina-spetzke.jpg 1587w\" sizes=\"auto, (max-width: 212px) 100vw, 212px\" \/><\/strong><\/p>\n<p>&nbsp;<\/p>\n<p><strong>6 a 8 de janeiro | 09h00<\/strong><br \/>\nWorkshop \u00abWissenschaftliches Schreiben\u00bb<\/p>\n<p>No\u00a0\u00e2mbito do Mestrado em Estudos Alem\u00e3es Transnacionais, co-financiado pela Uni\u00e3o Europeia, realizar-se-\u00e1 nos pr\u00f3ximos dias 6 a 8 de janeiro \u00e0s 09h00 no Departamento de Estudos German\u00edsticos o workshop \u00abWissenschaftliches Schreiben\u00bb . As sess\u00f5es ser\u00e3o ministradas pela Dr. Ina Spetzke (Uni. Manheim), e s\u00e3o organizadas por J. Carlos Teixeira (FLUP\/CITCEM\/CETAPS) e Mafalda Sofia Gomes (FLUP\/CITCEM)\u00a0em colabora\u00e7\u00e3o com o DEG e o programa TNGS. A entrada \u00e9 livre e requer inscri\u00e7\u00e3o: enviar e-mail para <a href=\"mailto:jcteixeira@letras.up.pt\">jcteixeira@letras.up.pt<\/a><\/p>\n<p>&nbsp;<\/p>\n<p>&nbsp;<\/p>\n<\/div>\n<p>&nbsp;<\/p>\n<\/div>\n<\/div>\n<\/div>\n<p><img loading=\"lazy\" decoding=\"async\" class=\"alignleft wp-image-19728 size-medium\" src=\"https:\/\/citcem.org\/wp-content\/uploads\/2024\/12\/aula-212x300.jpg\" alt=\"\" width=\"212\" height=\"300\" srcset=\"https:\/\/citcem.org\/wp-content\/uploads\/2024\/12\/aula-212x300.jpg 212w, https:\/\/citcem.org\/wp-content\/uploads\/2024\/12\/aula-724x1024.jpg 724w, https:\/\/citcem.org\/wp-content\/uploads\/2024\/12\/aula-768x1086.jpg 768w, https:\/\/citcem.org\/wp-content\/uploads\/2024\/12\/aula-1086x1536.jpg 1086w, https:\/\/citcem.org\/wp-content\/uploads\/2024\/12\/aula-1448x2048.jpg 1448w, https:\/\/citcem.org\/wp-content\/uploads\/2024\/12\/aula-600x849.jpg 600w, https:\/\/citcem.org\/wp-content\/uploads\/2024\/12\/aula.jpg 1587w\" sizes=\"auto, (max-width: 212px) 100vw, 212px\" \/><\/p>\n<div class=\"elementor-widget-container\">\n<div class=\"jet-listing jet-listing-dynamic-field display-inline\">\n<div class=\"jet-listing-dynamic-field__inline-wrap\">\n<p>&nbsp;<\/p>\n<div class=\"jet-listing-dynamic-field__content\">\n<p><strong>9 de janeiro | 13h30<\/strong><br \/>\nAula aberta \u00abIs the &#8220;Germany&#8221; without Europe? Is there &#8220;Europe&#8221; without Germany?\u00bb<\/p>\n<p>No \u00e2mbito do Mestrado em Estudos Alem\u00e3es Transnacionais, co-financiado pela Uni\u00e3o Europeia, realizar-se-\u00e1 no pr\u00f3ximo dia 9 de janeiro \u00e0s 13h30 no Departamento de Estudos German\u00edsticos a aula aberta \u00abIs the &#8220;Germany&#8221; without Europe? Is there &#8220;Europe&#8221; without Germany?\u00bb. A aula ser\u00e1 ministrada pelo Prof. Dr. Pascoal Pereira (Universidade Portucalense\/Universidade de Coimbra), e \u00e9 organizada por J. Carlos Teixeira (FLUP\/CITCEM\/CETAPS) em colabora\u00e7\u00e3o com o DEG e o programa TNGS. A entrada \u00e9 livre e n\u00e3o requer inscri\u00e7\u00e3o.<\/p>\n<p>&nbsp;<\/p>\n<\/div>\n<\/div>\n<\/div>\n<\/div>\n<\/div>\n<p>&nbsp;<\/p>\n<div class=\"elementor-element elementor-element-4d22937 elementor-widget elementor-widget-jet-listing-dynamic-field\" data-id=\"4d22937\" data-element_type=\"widget\" data-widget_type=\"jet-listing-dynamic-field.default\">\n<div class=\"elementor-widget-container\">\n<div class=\"jet-listing jet-listing-dynamic-field display-inline\">\n<div class=\"jet-listing-dynamic-field__inline-wrap\">\n<div class=\"jet-listing-dynamic-field__content\">\n<p><strong><img loading=\"lazy\" decoding=\"async\" class=\"wp-image-19730 size-medium alignleft\" src=\"https:\/\/citcem.org\/wp-content\/uploads\/2024\/12\/aula-2-212x300.jpg\" alt=\"\" width=\"212\" height=\"300\" srcset=\"https:\/\/citcem.org\/wp-content\/uploads\/2024\/12\/aula-2-212x300.jpg 212w, https:\/\/citcem.org\/wp-content\/uploads\/2024\/12\/aula-2-724x1024.jpg 724w, https:\/\/citcem.org\/wp-content\/uploads\/2024\/12\/aula-2-768x1086.jpg 768w, https:\/\/citcem.org\/wp-content\/uploads\/2024\/12\/aula-2-1086x1536.jpg 1086w, https:\/\/citcem.org\/wp-content\/uploads\/2024\/12\/aula-2-1448x2048.jpg 1448w, https:\/\/citcem.org\/wp-content\/uploads\/2024\/12\/aula-2-600x849.jpg 600w, https:\/\/citcem.org\/wp-content\/uploads\/2024\/12\/aula-2.jpg 1587w\" sizes=\"auto, (max-width: 212px) 100vw, 212px\" \/><\/strong><\/p>\n<p>&nbsp;<\/p>\n<p><strong>20 e 22 de janeiro | 10h00<\/strong><br \/>\nSess\u00f5es abertas \u00abGrafische Gegenwartsliteratur (Comics, Graphic Novels): ein \u00dcberblick\u00bb<\/p>\n<p>No\u00a0\u00e2mbito do Mestrado em Estudos Alem\u00e3es Transnacionais, co-financiado pela Uni\u00e3o Europeia, realizar-se-\u00e1 nos pr\u00f3ximos dias 20 e 22 de janeiro \u00e0s 10h00 no Departamento de Estudos German\u00edsticos as sess\u00f5es abertas \u00abGrafische Gegenwartsliteratur (Comics, Graphic Novels): ein \u00dcberblick\u00bb . As sess\u00f5es ser\u00e3o ministradas pelo Prof. Dr. Stefan B\u00f6rnchen (Uni. Luxemburg), e \u00e9 organizada por J. Carlos Teixeira (FLUP\/CITCEM\/CETAPS) em colabora\u00e7\u00e3o com o DEG e o programa TNGS. A entrada \u00e9 livre e n\u00e3o requer inscri\u00e7\u00e3o.<\/p>\n<\/div>\n<\/div>\n<\/div>\n<\/div>\n<\/div>\n<p>&nbsp;<\/p>\n<p>&nbsp;<\/p>\n<p><img loading=\"lazy\" decoding=\"async\" class=\"alignleft wp-image-19943 size-medium\" src=\"https:\/\/citcem.org\/wp-content\/uploads\/2025\/01\/PIPERSKI-212x300.jpg\" alt=\"\" width=\"212\" height=\"300\" srcset=\"https:\/\/citcem.org\/wp-content\/uploads\/2025\/01\/PIPERSKI-212x300.jpg 212w, https:\/\/citcem.org\/wp-content\/uploads\/2025\/01\/PIPERSKI-724x1024.jpg 724w, https:\/\/citcem.org\/wp-content\/uploads\/2025\/01\/PIPERSKI-768x1086.jpg 768w, https:\/\/citcem.org\/wp-content\/uploads\/2025\/01\/PIPERSKI-1086x1536.jpg 1086w, https:\/\/citcem.org\/wp-content\/uploads\/2025\/01\/PIPERSKI-1448x2048.jpg 1448w, https:\/\/citcem.org\/wp-content\/uploads\/2025\/01\/PIPERSKI-600x849.jpg 600w, https:\/\/citcem.org\/wp-content\/uploads\/2025\/01\/PIPERSKI.jpg 1587w\" sizes=\"auto, (max-width: 212px) 100vw, 212px\" \/><\/p>\n<p>&nbsp;<\/p>\n<p><strong>24 de <\/strong><strong>\u00a0janeiro | 10h00<\/strong><\/p>\n<p>Aula aberta \u00abIs the &#8220;Kollokationen im Mittelhochdeutschen: Eine korpuslinguistische Perspektive\u00bb<\/p>\n<p>No \u00e2mbito do Mestrado em Estudos Alem\u00e3es Transnacionais, co-financiado pela Uni\u00e3o Europeia, realizar-se-\u00e1 no pr\u00f3ximo dia 24 de janeiro \u00e0s 10h00 no Departamento de Estudos German\u00edsticos a aula aberta \u00abIs the &#8220;Kollokationen im Mittelhochdeutschen: Eine korpuslinguistische Perspektive\u00bb. A aula ser\u00e1 ministrada pelo Prof. Dr. Alexander Piperski (Universidade de Estocolmo), e \u00e9 organizada por J. Carlos Teixeira (FLUP\/CITCEM\/CETAPS) em colabora\u00e7\u00e3o com o DEG e o programa TNGS. A entrada \u00e9 livre e n\u00e3o requer inscri\u00e7\u00e3o.<\/p>\n","protected":false},"featured_media":19731,"template":"","ano-evento":[468],"tipo-eventos":[504],"cmcal_calendar":[],"class_list":["post-19733","eventos","type-eventos","status-publish","has-post-thumbnail","hentry","ano-evento-2025-en","tipo-eventos-conferencia-en-2"],"_links":{"self":[{"href":"https:\/\/citcem.org\/en\/wp-json\/wp\/v2\/eventos\/19733","targetHints":{"allow":["GET"]}}],"collection":[{"href":"https:\/\/citcem.org\/en\/wp-json\/wp\/v2\/eventos"}],"about":[{"href":"https:\/\/citcem.org\/en\/wp-json\/wp\/v2\/types\/eventos"}],"version-history":[{"count":1,"href":"https:\/\/citcem.org\/en\/wp-json\/wp\/v2\/eventos\/19733\/revisions"}],"predecessor-version":[{"id":23402,"href":"https:\/\/citcem.org\/en\/wp-json\/wp\/v2\/eventos\/19733\/revisions\/23402"}],"wp:featuredmedia":[{"embeddable":true,"href":"https:\/\/citcem.org\/en\/wp-json\/wp\/v2\/media\/19731"}],"wp:attachment":[{"href":"https:\/\/citcem.org\/en\/wp-json\/wp\/v2\/media?parent=19733"}],"wp:term":[{"taxonomy":"ano-evento","embeddable":true,"href":"https:\/\/citcem.org\/en\/wp-json\/wp\/v2\/ano-evento?post=19733"},{"taxonomy":"tipo-eventos","embeddable":true,"href":"https:\/\/citcem.org\/en\/wp-json\/wp\/v2\/tipo-eventos?post=19733"},{"taxonomy":"cmcal_calendar","embeddable":true,"href":"https:\/\/citcem.org\/en\/wp-json\/wp\/v2\/cmcal_calendar?post=19733"}],"curies":[{"name":"wp","href":"https:\/\/api.w.org\/{rel}","templated":true}]}}

Atividades Mestrado em Estudos Alemães 2025

<div class="elementor-element elementor-element-93f82cc elementor-widget elementor-widget-jet-listing-dynamic-field" data-id="93f82cc" data-element_type="widget" data-widget_type="jet-listing-dynamic-field.default">
<div class="elementor-widget-container">
<div class="jet-listing jet-listing-dynamic-field display-inline">
<div class="jet-listing-dynamic-field__inline-wrap">
<h4 class="jet-listing-dynamic-field__content">Atividades Mestrado em Estudos Alemães</h4>
</div>
</div>
</div>
</div>
<div class="elementor-element elementor-element-4d22937 elementor-widget elementor-widget-jet-listing-dynamic-field" data-id="4d22937" data-element_type="widget" data-widget_type="jet-listing-dynamic-field.default">
<div class="elementor-widget-container">
<div class="jet-listing jet-listing-dynamic-field display-inline">
<div class="jet-listing-dynamic-field__inline-wrap">
<div class="jet-listing-dynamic-field__content">
<p>O Mestrado em Estudos Alemães e o CITCEM continuam a parceria na criação de atividades planeadas para 2025.</p>
<p><strong><img loading="lazy" decoding="async" class="alignleft wp-image-19739 size-medium" src="https://citcem.org/wp-content/uploads/2024/12/ina-spetzke-212x300.jpg" alt="" width="212" height="300" srcset="https://citcem.org/wp-content/uploads/2024/12/ina-spetzke-212x300.jpg 212w, https://citcem.org/wp-content/uploads/2024/12/ina-spetzke-724x1024.jpg 724w, https://citcem.org/wp-content/uploads/2024/12/ina-spetzke-768x1086.jpg 768w, https://citcem.org/wp-content/uploads/2024/12/ina-spetzke-1086x1536.jpg 1086w, https://citcem.org/wp-content/uploads/2024/12/ina-spetzke-1448x2048.jpg 1448w, https://citcem.org/wp-content/uploads/2024/12/ina-spetzke-600x849.jpg 600w, https://citcem.org/wp-content/uploads/2024/12/ina-spetzke.jpg 1587w" sizes="auto, (max-width: 212px) 100vw, 212px" /></strong></p>
<p>&nbsp;</p>
<p><strong>6 a 8 de janeiro | 09h00</strong><br />
Workshop «Wissenschaftliches Schreiben»</p>
<p>No âmbito do Mestrado em Estudos Alemães Transnacionais, co-financiado pela União Europeia, realizar-se-á nos próximos dias 6 a 8 de janeiro às 09h00 no Departamento de Estudos Germanísticos o workshop «Wissenschaftliches Schreiben» . As sessões serão ministradas pela Dr. Ina Spetzke (Uni. Manheim), e são organizadas por J. Carlos Teixeira (FLUP/CITCEM/CETAPS) e Mafalda Sofia Gomes (FLUP/CITCEM) em colaboração com o DEG e o programa TNGS. A entrada é livre e requer inscrição: enviar e-mail para <a href="mailto:jcteixeira@letras.up.pt">jcteixeira@letras.up.pt</a></p>
<p>&nbsp;</p>
<p>&nbsp;</p>
</div>
<p>&nbsp;</p>
</div>
</div>
</div>
<p><img loading="lazy" decoding="async" class="alignleft wp-image-19728 size-medium" src="https://citcem.org/wp-content/uploads/2024/12/aula-212x300.jpg" alt="" width="212" height="300" srcset="https://citcem.org/wp-content/uploads/2024/12/aula-212x300.jpg 212w, https://citcem.org/wp-content/uploads/2024/12/aula-724x1024.jpg 724w, https://citcem.org/wp-content/uploads/2024/12/aula-768x1086.jpg 768w, https://citcem.org/wp-content/uploads/2024/12/aula-1086x1536.jpg 1086w, https://citcem.org/wp-content/uploads/2024/12/aula-1448x2048.jpg 1448w, https://citcem.org/wp-content/uploads/2024/12/aula-600x849.jpg 600w, https://citcem.org/wp-content/uploads/2024/12/aula.jpg 1587w" sizes="auto, (max-width: 212px) 100vw, 212px" /></p>
<div class="elementor-widget-container">
<div class="jet-listing jet-listing-dynamic-field display-inline">
<div class="jet-listing-dynamic-field__inline-wrap">
<p>&nbsp;</p>
<div class="jet-listing-dynamic-field__content">
<p><strong>9 de janeiro | 13h30</strong><br />
Aula aberta «Is the &#8220;Germany&#8221; without Europe? Is there &#8220;Europe&#8221; without Germany?»</p>
<p>No âmbito do Mestrado em Estudos Alemães Transnacionais, co-financiado pela União Europeia, realizar-se-á no próximo dia 9 de janeiro às 13h30 no Departamento de Estudos Germanísticos a aula aberta «Is the &#8220;Germany&#8221; without Europe? Is there &#8220;Europe&#8221; without Germany?». A aula será ministrada pelo Prof. Dr. Pascoal Pereira (Universidade Portucalense/Universidade de Coimbra), e é organizada por J. Carlos Teixeira (FLUP/CITCEM/CETAPS) em colaboração com o DEG e o programa TNGS. A entrada é livre e não requer inscrição.</p>
<p>&nbsp;</p>
</div>
</div>
</div>
</div>
</div>
<p>&nbsp;</p>
<div class="elementor-element elementor-element-4d22937 elementor-widget elementor-widget-jet-listing-dynamic-field" data-id="4d22937" data-element_type="widget" data-widget_type="jet-listing-dynamic-field.default">
<div class="elementor-widget-container">
<div class="jet-listing jet-listing-dynamic-field display-inline">
<div class="jet-listing-dynamic-field__inline-wrap">
<div class="jet-listing-dynamic-field__content">
<p><strong><img loading="lazy" decoding="async" class="wp-image-19730 size-medium alignleft" src="https://citcem.org/wp-content/uploads/2024/12/aula-2-212x300.jpg" alt="" width="212" height="300" srcset="https://citcem.org/wp-content/uploads/2024/12/aula-2-212x300.jpg 212w, https://citcem.org/wp-content/uploads/2024/12/aula-2-724x1024.jpg 724w, https://citcem.org/wp-content/uploads/2024/12/aula-2-768x1086.jpg 768w, https://citcem.org/wp-content/uploads/2024/12/aula-2-1086x1536.jpg 1086w, https://citcem.org/wp-content/uploads/2024/12/aula-2-1448x2048.jpg 1448w, https://citcem.org/wp-content/uploads/2024/12/aula-2-600x849.jpg 600w, https://citcem.org/wp-content/uploads/2024/12/aula-2.jpg 1587w" sizes="auto, (max-width: 212px) 100vw, 212px" /></strong></p>
<p>&nbsp;</p>
<p><strong>20 e 22 de janeiro | 10h00</strong><br />
Sessões abertas «Grafische Gegenwartsliteratur (Comics, Graphic Novels): ein Überblick»</p>
<p>No âmbito do Mestrado em Estudos Alemães Transnacionais, co-financiado pela União Europeia, realizar-se-á nos próximos dias 20 e 22 de janeiro às 10h00 no Departamento de Estudos Germanísticos as sessões abertas «Grafische Gegenwartsliteratur (Comics, Graphic Novels): ein Überblick» . As sessões serão ministradas pelo Prof. Dr. Stefan Börnchen (Uni. Luxemburg), e é organizada por J. Carlos Teixeira (FLUP/CITCEM/CETAPS) em colaboração com o DEG e o programa TNGS. A entrada é livre e não requer inscrição.</p>
</div>
</div>
</div>
</div>
</div>
<p>&nbsp;</p>
<p>&nbsp;</p>
<p><img loading="lazy" decoding="async" class="alignleft wp-image-19943 size-medium" src="https://citcem.org/wp-content/uploads/2025/01/PIPERSKI-212x300.jpg" alt="" width="212" height="300" srcset="https://citcem.org/wp-content/uploads/2025/01/PIPERSKI-212x300.jpg 212w, https://citcem.org/wp-content/uploads/2025/01/PIPERSKI-724x1024.jpg 724w, https://citcem.org/wp-content/uploads/2025/01/PIPERSKI-768x1086.jpg 768w, https://citcem.org/wp-content/uploads/2025/01/PIPERSKI-1086x1536.jpg 1086w, https://citcem.org/wp-content/uploads/2025/01/PIPERSKI-1448x2048.jpg 1448w, https://citcem.org/wp-content/uploads/2025/01/PIPERSKI-600x849.jpg 600w, https://citcem.org/wp-content/uploads/2025/01/PIPERSKI.jpg 1587w" sizes="auto, (max-width: 212px) 100vw, 212px" /></p>
<p>&nbsp;</p>
<p><strong>24 de </strong><strong> janeiro | 10h00</strong></p>
<p>Aula aberta «Is the &#8220;Kollokationen im Mittelhochdeutschen: Eine korpuslinguistische Perspektive»</p>
<p>No âmbito do Mestrado em Estudos Alemães Transnacionais, co-financiado pela União Europeia, realizar-se-á no próximo dia 24 de janeiro às 10h00 no Departamento de Estudos Germanísticos a aula aberta «Is the &#8220;Kollokationen im Mittelhochdeutschen: Eine korpuslinguistische Perspektive». A aula será ministrada pelo Prof. Dr. Alexander Piperski (Universidade de Estocolmo), e é organizada por J. Carlos Teixeira (FLUP/CITCEM/CETAPS) em colaboração com o DEG e o programa TNGS. A entrada é livre e não requer inscrição.</p>
