{"id":19724,"date":"2025-01-07T14:09:39","date_gmt":"2025-01-07T14:09:39","guid":{"rendered":"https:\/\/citcem.org\/eventos\/concurso-para-projetos-de-investigacao-de-carater-exploratorio-em-todos-os-dominios-cientificos-2024\/"},"modified":"2025-03-19T12:01:02","modified_gmt":"2025-03-19T12:01:02","slug":"concurso-para-projetos-de-investigacao-de-carater-exploratorio-em-todos-os-dominios-cientificos-2024","status":"publish","type":"eventos","link":"https:\/\/citcem.org\/en\/events\/concurso-para-projetos-de-investigacao-de-carater-exploratorio-em-todos-os-dominios-cientificos-2024\/","title":{"rendered":"Concurso para Projetos de Investiga\u00e7\u00e3o de car\u00e1ter Explorat\u00f3rio em Todos os Dom\u00ednios Cient\u00edficos 2024"},"content":{"rendered":"<h3>A FCT lan\u00e7a o presente concurso que visa financiar projetos de investiga\u00e7\u00e3o de car\u00e1ter explorat\u00f3rio em todos os dom\u00ednios cient\u00edficos.<\/h3>\n<h2 class=\"no-mrg-tb\"><a href=\"https:\/\/www.fct.pt\/concursos\/concurso-para-projetos-de-investigacao-de-carater-exploratorio-em-todos-os-dominios-cientificos-2024\"><button class=\"faq__item__button\" aria-expanded=\"true\"><span class=\"faq__item__button__name\">Destinat\u00e1rios<\/span><\/button><\/a><\/h2>\n<div class=\"faq__item__content\">\n<div class=\"faq__item__content__inner single-call_links__content\">\n<p class=\"text-limit\">Podem candidatar-se a financiamento equipas de investiga\u00e7\u00e3o das seguintes entidades portuguesa n\u00e3o empresariais do Sistema de Investiga\u00e7\u00e3o e Inova\u00e7\u00e3o:<\/p>\n<ul>\n<li>Institui\u00e7\u00f5es do ensino superior, seus institutos e unidades de I&amp;D;<\/li>\n<li>Laborat\u00f3rios do Estado, Laborat\u00f3rios Associados ou internacionais com sede em Portugal;<\/li>\n<li>Institui\u00e7\u00f5es privadas sem fins lucrativos que tenham como objeto principal atividades de I&amp;D, incluindo Laborat\u00f3rios Colaborativos (CoLab) e Centros de Tecnologia e Inova\u00e7\u00e3o (CTI);<\/li>\n<li>Outras institui\u00e7\u00f5es p\u00fablicas e privadas, sem fins lucrativos, que desenvolvam ou participem em atividades de investiga\u00e7\u00e3o cient\u00edfica.<\/li>\n<\/ul>\n<p class=\"text-limit\">Os projetos devem assumir a modalidade de projetos individuais, apresentados por um \u00fanico benefici\u00e1rio, com uma dura\u00e7\u00e3o m\u00e1xima de\u00a018 meses.<\/p>\n<\/div>\n<\/div>\n<h2 class=\"no-mrg-tb\"><button class=\"faq__item__button\" aria-expanded=\"true\"><span class=\"faq__item__button__name\">Como concorrer<\/span><\/button><\/h2>\n<div class=\"faq__item__content\">\n<div class=\"faq__item__content__inner single-call_links__content\">\n<p class=\"text-limit\">Toda a informa\u00e7\u00e3o est\u00e1 dispon\u00edvel no seguinte <a href=\"https:\/\/www.fct.pt\/concursos\/concurso-para-projetos-de-investigacao-de-carater-exploratorio-em-todos-os-dominios-cientificos-2024\">link<\/a>.<\/p>\n<\/div>\n<\/div>\n<p><!--more--><\/p>\n<p>&nbsp;<\/p>\n<p>Est\u00e1 a decorrer o Ciclo REMA de apoio \u00e0s candidaturas da FCT na FLUP relativo ao\u00a0<a href=\"https:\/\/www.fct.pt\/concursos\/concurso-para-projetos-de-investigacao-de-carater-exploratorio-em-todos-os-dominios-cientificos-2024\">Concurso de Projetos Explorat\u00f3rios em todos os Dom\u00ednios Cient\u00edficos (Pex).<\/a>\u00a0A sess\u00e3o de\u00a0(In)forma\u00e7\u00e3o ser\u00e1 desdobrada\u00a0em duas atividades:<\/p>\n<ul>\n<li>Workshop, agendado para o dia <strong>23 de janeiro<\/strong>\u00a0<strong>de 2025<\/strong>,\u00a0\u00a0entre as 10:30 e as 12:00\u00a0e ter\u00e1 formato online.<\/li>\n<li>Esclarecimento de d\u00favidas, programado para o\u00a0<strong>14 de fevereiro de 2025<\/strong>, igualmente \u00a0entre as 10:30 e as 12:00 e\u00a0online.<\/li>\n<\/ul>\n<p>Os investigadores interessados dever\u00e3o inscrever-se\u00a0<a href=\"https:\/\/docs.google.com\/forms\/d\/e\/1FAIpQLSeqiUE_Dw_L3qG7aas2Hsm9WEUnmcAkJuM4IzEwB47abEtmyg\/viewform?usp=sharing\">neste formul\u00e1rio<\/a>\u00a0para participar em ambas ou em alguma das atividade,\u00a0at\u00e9 o dia 21 de janeiro.<\/p>\n<p>O link zoom da sess\u00e3o ser\u00e1 fornecido aos inscritos ap\u00f3s o fecho do prazo de inscri\u00e7\u00e3o.<\/p>\n<p>A informa\u00e7\u00e3o sobre o\u00a0Ciclo est\u00e1 dispon\u00edvel no\u00a0\u00a0<a href=\"https:\/\/rema.com.pt\/2025\/01\/14\/6309\/\">site do REMA<\/a><\/p>\n","protected":false},"featured_media":19722,"template":"","ano-evento":[468],"tipo-eventos":[296],"cmcal_calendar":[],"class_list":["post-19724","eventos","type-eventos","status-publish","has-post-thumbnail","hentry","ano-evento-2025-en","tipo-eventos-other-en"],"_links":{"self":[{"href":"https:\/\/citcem.org\/en\/wp-json\/wp\/v2\/eventos\/19724","targetHints":{"allow":["GET"]}}],"collection":[{"href":"https:\/\/citcem.org\/en\/wp-json\/wp\/v2\/eventos"}],"about":[{"href":"https:\/\/citcem.org\/en\/wp-json\/wp\/v2\/types\/eventos"}],"version-history":[{"count":0,"href":"https:\/\/citcem.org\/en\/wp-json\/wp\/v2\/eventos\/19724\/revisions"}],"wp:featuredmedia":[{"embeddable":true,"href":"https:\/\/citcem.org\/en\/wp-json\/wp\/v2\/media\/19722"}],"wp:attachment":[{"href":"https:\/\/citcem.org\/en\/wp-json\/wp\/v2\/media?parent=19724"}],"wp:term":[{"taxonomy":"ano-evento","embeddable":true,"href":"https:\/\/citcem.org\/en\/wp-json\/wp\/v2\/ano-evento?post=19724"},{"taxonomy":"tipo-eventos","embeddable":true,"href":"https:\/\/citcem.org\/en\/wp-json\/wp\/v2\/tipo-eventos?post=19724"},{"taxonomy":"cmcal_calendar","embeddable":true,"href":"https:\/\/citcem.org\/en\/wp-json\/wp\/v2\/cmcal_calendar?post=19724"}],"curies":[{"name":"wp","href":"https:\/\/api.w.org\/{rel}","templated":true}]}}

Concurso para Projetos de Investigação de caráter Exploratório em Todos os Domínios Científicos 2024

<h3>A FCT lança o presente concurso que visa financiar projetos de investigação de caráter exploratório em todos os domínios científicos.</h3>
<h2 class="no-mrg-tb"><a href="https://www.fct.pt/concursos/concurso-para-projetos-de-investigacao-de-carater-exploratorio-em-todos-os-dominios-cientificos-2024"><button class="faq__item__button" aria-expanded="true"><span class="faq__item__button__name">Destinatários</span></button></a></h2>
<div class="faq__item__content">
<div class="faq__item__content__inner single-call_links__content">
<p class="text-limit">Podem candidatar-se a financiamento equipas de investigação das seguintes entidades portuguesa não empresariais do Sistema de Investigação e Inovação:</p>
<ul>
<li>Instituições do ensino superior, seus institutos e unidades de I&amp;D;</li>
<li>Laboratórios do Estado, Laboratórios Associados ou internacionais com sede em Portugal;</li>
<li>Instituições privadas sem fins lucrativos que tenham como objeto principal atividades de I&amp;D, incluindo Laboratórios Colaborativos (CoLab) e Centros de Tecnologia e Inovação (CTI);</li>
<li>Outras instituições públicas e privadas, sem fins lucrativos, que desenvolvam ou participem em atividades de investigação científica.</li>
</ul>
<p class="text-limit">Os projetos devem assumir a modalidade de projetos individuais, apresentados por um único beneficiário, com uma duração máxima de 18 meses.</p>
</div>
</div>
<h2 class="no-mrg-tb"><button class="faq__item__button" aria-expanded="true"><span class="faq__item__button__name">Como concorrer</span></button></h2>
<div class="faq__item__content">
<div class="faq__item__content__inner single-call_links__content">
<p class="text-limit">Toda a informação está disponível no seguinte <a href="https://www.fct.pt/concursos/concurso-para-projetos-de-investigacao-de-carater-exploratorio-em-todos-os-dominios-cientificos-2024">link</a>.</p>
</div>
</div>
<p><!--more--></p>
<p>&nbsp;</p>
<p>Está a decorrer o Ciclo REMA de apoio às candidaturas da FCT na FLUP relativo ao <a href="https://www.fct.pt/concursos/concurso-para-projetos-de-investigacao-de-carater-exploratorio-em-todos-os-dominios-cientificos-2024">Concurso de Projetos Exploratórios em todos os Domínios Científicos (Pex).</a> A sessão de (In)formação será desdobrada em duas atividades:</p>
<ul>
<li>Workshop, agendado para o dia <strong>23 de janeiro</strong> <strong>de 2025</strong>,  entre as 10:30 e as 12:00 e terá formato online.</li>
<li>Esclarecimento de dúvidas, programado para o <strong>14 de fevereiro de 2025</strong>, igualmente  entre as 10:30 e as 12:00 e online.</li>
</ul>
<p>Os investigadores interessados deverão inscrever-se <a href="https://docs.google.com/forms/d/e/1FAIpQLSeqiUE_Dw_L3qG7aas2Hsm9WEUnmcAkJuM4IzEwB47abEtmyg/viewform?usp=sharing">neste formulário</a> para participar em ambas ou em alguma das atividade, até o dia 21 de janeiro.</p>
<p>O link zoom da sessão será fornecido aos inscritos após o fecho do prazo de inscrição.</p>
<p>A informação sobre o Ciclo está disponível no  <a href="https://rema.com.pt/2025/01/14/6309/">site do REMA</a></p>
