{"id":19215,"date":"2024-11-20T17:28:51","date_gmt":"2024-11-20T17:28:51","guid":{"rendered":"https:\/\/citcem.org\/eventos\/ciclo-cineclube-lastro-novembro-dezembro-2024\/"},"modified":"2024-11-21T17:36:34","modified_gmt":"2024-11-21T17:36:34","slug":"ciclo-cineclube-lastro","status":"publish","type":"eventos","link":"https:\/\/citcem.org\/en\/events\/ciclo-cineclube-lastro\/","title":{"rendered":"Ciclo Cineclube LASTRO \u2013 novembro\/dezembro 2024"},"content":{"rendered":"<p><strong>Ciclo Cineclube LASTRO \u2013 novembro\/dezembro 2024<\/strong><\/p>\n<p>T\u00edtulo: \u201cFunny Animals no ecr\u00e3: nature films, zoo\/antropomorfismo e fim do mundo\u201d<br \/>\nCuradoria: Ana Carolina Meireles &amp; Andr\u00e9 Assis Almeida<\/p>\n<p>&nbsp;<\/p>\n<p><img loading=\"lazy\" decoding=\"async\" class=\"alignnone size-medium wp-image-18685\" src=\"https:\/\/ilcml.com\/wp-content\/uploads\/2024\/11\/2024_Lastro_FunnyAnimals-IG-01-09-300x300.png\" sizes=\"auto, (max-width: 300px) 100vw, 300px\" srcset=\"https:\/\/ilcml.com\/wp-content\/uploads\/2024\/11\/2024_Lastro_FunnyAnimals-IG-01-09-300x300.png 300w, https:\/\/ilcml.com\/wp-content\/uploads\/2024\/11\/2024_Lastro_FunnyAnimals-IG-01-09-1024x1024.png 1024w, https:\/\/ilcml.com\/wp-content\/uploads\/2024\/11\/2024_Lastro_FunnyAnimals-IG-01-09-150x150.png 150w, https:\/\/ilcml.com\/wp-content\/uploads\/2024\/11\/2024_Lastro_FunnyAnimals-IG-01-09-768x768.png 768w, https:\/\/ilcml.com\/wp-content\/uploads\/2024\/11\/2024_Lastro_FunnyAnimals-IG-01-09-1536x1536.png 1536w, https:\/\/ilcml.com\/wp-content\/uploads\/2024\/11\/2024_Lastro_FunnyAnimals-IG-01-09-2048x2048.png 2048w\" alt=\"\" width=\"300\" height=\"300\" \/><\/p>\n<p>Este Ciclo conta com a curadoria de Ana Carolina Meireles &amp; Andr\u00e9 Assis Almeida, e com o design de Rita Mota.<br \/>\nComposto por 5 sess\u00f5es em torno das v\u00e1rias representa\u00e7\u00f5es do animal n\u00e3o humano no cinema, contar\u00e1 tamb\u00e9m com a presen\u00e7a de convidados para a apresenta\u00e7\u00e3o e breves coment\u00e1rios em cada exibi\u00e7\u00e3o, durante os meses de novembro e dezembro.<br \/>\nTer\u00e1 lugar na Faculdade de Letras da Universidade do Porto e sempre com entrada livre.<\/p>\n<p><strong>PROGRAMA<\/strong>*:<\/p>\n<p><strong>1\u00aa sess\u00e3o<\/strong>\u00a0| 8 de novembro | 16:45 | Anfiteatro 2: exibi\u00e7\u00e3o de 5 curtas metragens (1933-1972) de Jean Painlev\u00e9 \u2013 (apresenta\u00e7\u00e3o Francisco Topa)<\/p>\n<p style=\"padding-left: 40px;\"><i>L\u2019hippocampe, ou \u2018Cheval Marin\u2019<\/i>\u00a0[1933, 14min]<br \/>\n<i>Le vampire<\/i>\u00a0[1945, 9min]<br \/>\n<i>Comment naissent des m\u00e9duses<\/i>\u00a0[1960, 14min]<br \/>\n<i>Les amours de la pieuvre<\/i>\u00a0[1967, 14min]<br \/>\n<i>Ac\u00e9ra ou le bal des sorci\u00e8res<\/i>\u00a0[1972, 13min]<\/p>\n<p><strong>2\u00aa sess\u00e3o<\/strong>\u00a0| 19 de novembro | 18:00 | Anfiteatro 2:\u00a0 exibi\u00e7\u00e3o de\u00a0<em>Grizzly Man<\/em>\u00a0[2005, 1h44] de Werner Herzog<br \/>\n<strong>3\u00aa sess\u00e3o<\/strong>\u00a0| 10 de dezembro | 17:00 | Anfiteatro Nobre: exibi\u00e7\u00e3o de\u00a0<em>The Birds<\/em>\u00a0(1963) de Alfred Hitchcock \u2013 (apresenta\u00e7\u00e3o Joana Duarte)<br \/>\n<strong>4\u00aa sess\u00e3o<\/strong>\u00a0| 12 de dezembro | 16h30 | Anfiteatro Nobre: FILME SURPRESA \u2013 (apresenta\u00e7\u00e3o Pedro Eiras)<br \/>\n<strong>5\u00aa sess\u00e3o<\/strong>\u00a0| 20 de dezembro | 17h30 | Anfiteatro 2:\u00a0 exibi\u00e7\u00e3o de\u00a0<em>A Princesa Mononoke<\/em>\u00a0(1997) de Hayao Miyazaki \u2013 (apresenta\u00e7\u00e3o David Pinho Barros)<\/p>\n<p>Mais detalhes na p\u00e1gina do LASTRO:<a href=\"https:\/\/www.instagram.com\/lastro.cinema\/\">\u00a0https:\/\/www.instagram.com\/lastro.cinema\/<\/a><\/p>\n<p>*Os detalhes referentes ao hor\u00e1rio e ao espa\u00e7o ser\u00e3o atualizados nas pr\u00f3ximas publica\u00e7\u00f5es de cada sess\u00e3o.<\/p>\n<p>&nbsp;<\/p>\n<p><img loading=\"lazy\" decoding=\"async\" class=\"alignnone size-medium wp-image-18684\" src=\"https:\/\/ilcml.com\/wp-content\/uploads\/2024\/11\/SessaoLastro_8-11-300x300.jpg\" sizes=\"auto, (max-width: 300px) 100vw, 300px\" srcset=\"https:\/\/ilcml.com\/wp-content\/uploads\/2024\/11\/SessaoLastro_8-11-300x300.jpg 300w, https:\/\/ilcml.com\/wp-content\/uploads\/2024\/11\/SessaoLastro_8-11-1024x1024.jpg 1024w, https:\/\/ilcml.com\/wp-content\/uploads\/2024\/11\/SessaoLastro_8-11-150x150.jpg 150w, https:\/\/ilcml.com\/wp-content\/uploads\/2024\/11\/SessaoLastro_8-11-768x768.jpg 768w, https:\/\/ilcml.com\/wp-content\/uploads\/2024\/11\/SessaoLastro_8-11-1536x1536.jpg 1536w, https:\/\/ilcml.com\/wp-content\/uploads\/2024\/11\/SessaoLastro_8-11.jpg 1600w\" alt=\"\" width=\"300\" height=\"300\" \/><\/p>\n<p>Na primeira sess\u00e3o ser\u00e3o exibidas 5 curtas-metragens do realizador franc\u00eas Jean Painlev\u00e9 (1902-1989). Inclu\u00eddas em Science is Fiction \u2013 23 films by Jean Painlev\u00e9, estes filmes combinam o teor cient\u00edfico com tra\u00e7os surrealizantes, dando origem a um \u201csurrealismo zool\u00f3gico\u201d, nas palavras de Leo James Cahill.<\/p>\n<p>As 5 curtas exibidas ser\u00e3o: L\u2019hippocampe, ou Cheval Marin (1933), Le vampire (1945), Comment naissent des m\u00e9duses (1960), Les amours de la pieuvre (1967) e Ac\u00e9ra ou le bal des sorci\u00e8res (1972). A sess\u00e3o ser\u00e1 apresentada por Francisco Topa, docente e investigador na Faculdade de Letras da Universidade do Porto.<\/p>\n<p>&nbsp;<\/p>\n","protected":false},"featured_media":19213,"template":"","ano-evento":[347],"tipo-eventos":[296],"cmcal_calendar":[],"class_list":["post-19215","eventos","type-eventos","status-publish","has-post-thumbnail","hentry","ano-evento-2024-en","tipo-eventos-other-en"],"_links":{"self":[{"href":"https:\/\/citcem.org\/en\/wp-json\/wp\/v2\/eventos\/19215","targetHints":{"allow":["GET"]}}],"collection":[{"href":"https:\/\/citcem.org\/en\/wp-json\/wp\/v2\/eventos"}],"about":[{"href":"https:\/\/citcem.org\/en\/wp-json\/wp\/v2\/types\/eventos"}],"version-history":[{"count":0,"href":"https:\/\/citcem.org\/en\/wp-json\/wp\/v2\/eventos\/19215\/revisions"}],"wp:featuredmedia":[{"embeddable":true,"href":"https:\/\/citcem.org\/en\/wp-json\/wp\/v2\/media\/19213"}],"wp:attachment":[{"href":"https:\/\/citcem.org\/en\/wp-json\/wp\/v2\/media?parent=19215"}],"wp:term":[{"taxonomy":"ano-evento","embeddable":true,"href":"https:\/\/citcem.org\/en\/wp-json\/wp\/v2\/ano-evento?post=19215"},{"taxonomy":"tipo-eventos","embeddable":true,"href":"https:\/\/citcem.org\/en\/wp-json\/wp\/v2\/tipo-eventos?post=19215"},{"taxonomy":"cmcal_calendar","embeddable":true,"href":"https:\/\/citcem.org\/en\/wp-json\/wp\/v2\/cmcal_calendar?post=19215"}],"curies":[{"name":"wp","href":"https:\/\/api.w.org\/{rel}","templated":true}]}}

<p><strong>Ciclo Cineclube LASTRO – novembro/dezembro 2024</strong></p>
<p>Título: “Funny Animals no ecrã: nature films, zoo/antropomorfismo e fim do mundo”<br />
Curadoria: Ana Carolina Meireles &amp; André Assis Almeida</p>
<p>&nbsp;</p>
<p><img loading="lazy" decoding="async" class="alignnone size-medium wp-image-18685" src="https://ilcml.com/wp-content/uploads/2024/11/2024_Lastro_FunnyAnimals-IG-01-09-300x300.png" sizes="auto, (max-width: 300px) 100vw, 300px" srcset="https://ilcml.com/wp-content/uploads/2024/11/2024_Lastro_FunnyAnimals-IG-01-09-300x300.png 300w, https://ilcml.com/wp-content/uploads/2024/11/2024_Lastro_FunnyAnimals-IG-01-09-1024x1024.png 1024w, https://ilcml.com/wp-content/uploads/2024/11/2024_Lastro_FunnyAnimals-IG-01-09-150x150.png 150w, https://ilcml.com/wp-content/uploads/2024/11/2024_Lastro_FunnyAnimals-IG-01-09-768x768.png 768w, https://ilcml.com/wp-content/uploads/2024/11/2024_Lastro_FunnyAnimals-IG-01-09-1536x1536.png 1536w, https://ilcml.com/wp-content/uploads/2024/11/2024_Lastro_FunnyAnimals-IG-01-09-2048x2048.png 2048w" alt="" width="300" height="300" /></p>
<p>Este Ciclo conta com a curadoria de Ana Carolina Meireles &amp; André Assis Almeida, e com o design de Rita Mota.<br />
Composto por 5 sessões em torno das várias representações do animal não humano no cinema, contará também com a presença de convidados para a apresentação e breves comentários em cada exibição, durante os meses de novembro e dezembro.<br />
Terá lugar na Faculdade de Letras da Universidade do Porto e sempre com entrada livre.</p>
<p><strong>PROGRAMA</strong>*:</p>
<p><strong>1ª sessão</strong> | 8 de novembro | 16:45 | Anfiteatro 2: exibição de 5 curtas metragens (1933-1972) de Jean Painlevé – (apresentação Francisco Topa)</p>
<p style="padding-left: 40px;"><i>L’hippocampe, ou ‘Cheval Marin’</i> [1933, 14min]<br />
<i>Le vampire</i> [1945, 9min]<br />
<i>Comment naissent des méduses</i> [1960, 14min]<br />
<i>Les amours de la pieuvre</i> [1967, 14min]<br />
<i>Acéra ou le bal des sorcières</i> [1972, 13min]</p>
<p><strong>2ª sessão</strong> | 19 de novembro | 18:00 | Anfiteatro 2:  exibição de <em>Grizzly Man</em> [2005, 1h44] de Werner Herzog<br />
<strong>3ª sessão</strong> | 10 de dezembro | 17:00 | Anfiteatro Nobre: exibição de <em>The Birds</em> (1963) de Alfred Hitchcock – (apresentação Joana Duarte)<br />
<strong>4ª sessão</strong> | 12 de dezembro | 16h30 | Anfiteatro Nobre: FILME SURPRESA – (apresentação Pedro Eiras)<br />
<strong>5ª sessão</strong> | 20 de dezembro | 17h30 | Anfiteatro 2:  exibição de <em>A Princesa Mononoke</em> (1997) de Hayao Miyazaki – (apresentação David Pinho Barros)</p>
<p>Mais detalhes na página do LASTRO:<a href="https://www.instagram.com/lastro.cinema/"> https://www.instagram.com/lastro.cinema/</a></p>
<p>*Os detalhes referentes ao horário e ao espaço serão atualizados nas próximas publicações de cada sessão.</p>
<p>&nbsp;</p>
<p><img loading="lazy" decoding="async" class="alignnone size-medium wp-image-18684" src="https://ilcml.com/wp-content/uploads/2024/11/SessaoLastro_8-11-300x300.jpg" sizes="auto, (max-width: 300px) 100vw, 300px" srcset="https://ilcml.com/wp-content/uploads/2024/11/SessaoLastro_8-11-300x300.jpg 300w, https://ilcml.com/wp-content/uploads/2024/11/SessaoLastro_8-11-1024x1024.jpg 1024w, https://ilcml.com/wp-content/uploads/2024/11/SessaoLastro_8-11-150x150.jpg 150w, https://ilcml.com/wp-content/uploads/2024/11/SessaoLastro_8-11-768x768.jpg 768w, https://ilcml.com/wp-content/uploads/2024/11/SessaoLastro_8-11-1536x1536.jpg 1536w, https://ilcml.com/wp-content/uploads/2024/11/SessaoLastro_8-11.jpg 1600w" alt="" width="300" height="300" /></p>
<p>Na primeira sessão serão exibidas 5 curtas-metragens do realizador francês Jean Painlevé (1902-1989). Incluídas em Science is Fiction – 23 films by Jean Painlevé, estes filmes combinam o teor científico com traços surrealizantes, dando origem a um “surrealismo zoológico”, nas palavras de Leo James Cahill.</p>
<p>As 5 curtas exibidas serão: L’hippocampe, ou Cheval Marin (1933), Le vampire (1945), Comment naissent des méduses (1960), Les amours de la pieuvre (1967) e Acéra ou le bal des sorcières (1972). A sessão será apresentada por Francisco Topa, docente e investigador na Faculdade de Letras da Universidade do Porto.</p>
<p>&nbsp;</p>
