{"id":19089,"date":"2024-11-08T10:09:20","date_gmt":"2024-11-08T10:09:20","guid":{"rendered":"https:\/\/citcem.org\/eventos\/desafios-para-a-ciencia-da-informacao-nos-projetos-de-inteligencia-artificial-e-de-ciencia-de-dados-uma-visao-aplicada\/"},"modified":"2024-12-11T09:54:40","modified_gmt":"2024-12-11T09:54:40","slug":"desafios-para-a-ciencia-da-informacao","status":"publish","type":"eventos","link":"https:\/\/citcem.org\/en\/events\/desafios-para-a-ciencia-da-informacao\/","title":{"rendered":"Desafios para a Ci\u00eancia da Informa\u00e7\u00e3o nos projetos de intelig\u00eancia artificial e de Ci\u00eancia de Dados: uma vis\u00e3o aplicada"},"content":{"rendered":"<p>Confer\u00eancia<\/p>\n<p>&#8220;Desafios para a Ci\u00eancia da Informa\u00e7\u00e3o nos projetos de intelig\u00eancia artificial e de Ci\u00eancia de Dados: uma vis\u00e3o aplicada&#8221;<\/p>\n<p>com o\u00a0 Professor George Leal Jamil, da Pont\u00edficia Universidade Cat\u00f3lica de Minas Gerais (Brasil)<\/p>\n","protected":false},"featured_media":19131,"template":"","ano-evento":[347],"tipo-eventos":[479],"cmcal_calendar":[],"class_list":["post-19089","eventos","type-eventos","status-publish","has-post-thumbnail","hentry","ano-evento-2024-en","tipo-eventos-conference"],"_links":{"self":[{"href":"https:\/\/citcem.org\/en\/wp-json\/wp\/v2\/eventos\/19089","targetHints":{"allow":["GET"]}}],"collection":[{"href":"https:\/\/citcem.org\/en\/wp-json\/wp\/v2\/eventos"}],"about":[{"href":"https:\/\/citcem.org\/en\/wp-json\/wp\/v2\/types\/eventos"}],"version-history":[{"count":0,"href":"https:\/\/citcem.org\/en\/wp-json\/wp\/v2\/eventos\/19089\/revisions"}],"wp:featuredmedia":[{"embeddable":true,"href":"https:\/\/citcem.org\/en\/wp-json\/wp\/v2\/media\/19131"}],"wp:attachment":[{"href":"https:\/\/citcem.org\/en\/wp-json\/wp\/v2\/media?parent=19089"}],"wp:term":[{"taxonomy":"ano-evento","embeddable":true,"href":"https:\/\/citcem.org\/en\/wp-json\/wp\/v2\/ano-evento?post=19089"},{"taxonomy":"tipo-eventos","embeddable":true,"href":"https:\/\/citcem.org\/en\/wp-json\/wp\/v2\/tipo-eventos?post=19089"},{"taxonomy":"cmcal_calendar","embeddable":true,"href":"https:\/\/citcem.org\/en\/wp-json\/wp\/v2\/cmcal_calendar?post=19089"}],"curies":[{"name":"wp","href":"https:\/\/api.w.org\/{rel}","templated":true}]}}

Desafios para a Ciência da Informação nos projetos de inteligência artificial e de Ciência de Dados: uma visão aplicada

<p>Conferência</p>
<p>&#8220;Desafios para a Ciência da Informação nos projetos de inteligência artificial e de Ciência de Dados: uma visão aplicada&#8221;</p>
<p>com o  Professor George Leal Jamil, da Pontíficia Universidade Católica de Minas Gerais (Brasil)</p>
