{"id":18399,"date":"2024-10-05T11:30:45","date_gmt":"2024-10-05T11:30:45","guid":{"rendered":"https:\/\/citcem.org\/eventos\/encontros-de-educacao-e-mediacao-em-museus-e-fora-deles\/"},"modified":"2024-11-05T11:40:03","modified_gmt":"2024-11-05T11:40:03","slug":"encontros-de-educacao-e-mediacao-em-museus-e-fora-deles","status":"publish","type":"eventos","link":"https:\/\/citcem.org\/en\/events\/encontros-de-educacao-e-mediacao-em-museus-e-fora-deles\/","title":{"rendered":"Encontros de Educa\u00e7\u00e3o e Media\u00e7\u00e3o em Museus (e fora deles)"},"content":{"rendered":"<h3><strong><u>&#8220;E se um le\u00e3o pudesse falar?&#8221;<\/u><\/strong><\/h3>\n<p>Estes Encontros t\u00eam como principal objetivo atuar enquanto f\u00f3rum de reflex\u00e3o e debate de po\u00e9ticas e pr\u00e1ticas de educa\u00e7\u00e3o em museus (e fora deles), explorando quest\u00f5es atuais e destacando como as suas materializa\u00e7\u00f5es acontecem nas pr\u00e1ticas de educa\u00e7\u00e3o. Destina-se a profissionais, investigadores e estudantes que tenham o museu e os seus contextos como objeto\u00a0de\u00a0trabalho e\/ou de estudo.<\/p>\n<h3>Programa<\/h3>\n<h4>Manh\u00e3 &#8211; FLUP<\/h4>\n<h4>Sala de Reuni\u00f5es 1<\/h4>\n<p>9h30 &#8211; 10h<br \/>\nAcolhimento e boas-vindas<\/p>\n<p>10h &#8211; 10h30<br \/>\n\u201cMat\u00e9rias da voz\u201d\u00a0 Andr\u00e9 Barata\u00a0 (UBI)<\/p>\n<p>10h30 &#8211; 11h<br \/>\n\u201cDe quantos sil\u00eancios se fazem os encontros?\u201d\u00a0 Susana Gomes da Silva\u00a0 (CAM-FCG)<\/p>\n<p>11h &#8211; 11h30<br \/>\n\u201cSibila Bilingue: a lenta aprendizagem de co-existir\u201d\u00a0 Marta Bernardes\u00a0 (Museu das Converg\u00eancias, \u00c1gora)<\/p>\n<p>11h30 &#8211; 12h<br \/>\nCaf\u00e9 com perguntas<\/p>\n<p>12h &#8211; 13h<br \/>\nDebate<\/p>\n<h4>Tarde &#8211; Galeria Municipal do Porto<\/h4>\n<h4>Museu do Porto \/ Espa\u00e7o Entre-Quintas<\/h4>\n<p>14h30 &#8211; 15h15<br \/>\n\u201cVisita conversada\u201d\u00a0 Matilde Seabra\u00a0 \u00a0(Ping!, Galeria Municipal do Porto)<\/p>\n<p>15h30 &#8211; 17h30<br \/>\n\u201cA boca ac\u00fastica, vocalizando atrav\u00e9s do humano-animal\u201d\u00a0 Yuri Tuma<\/p>\n<p>17h30 &#8211; 18h<br \/>\nConversas de final de tarde (com caf\u00e9)<\/p>\n<p>&nbsp;<\/p>\n<p><a href=\"https:\/\/forms.gle\/jLrSEos1q79ETT2V9\">Link INSCRI\u00c7\u00c3O<\/a><\/p>\n<p>Email INFORMA\u00c7\u00d5ES:<br \/>\n<a href=\"mailto:encontroseducacao@gmail.com\">encontroseducacao@gmail.com<\/a><\/p>\n<p>&nbsp;<\/p>\n<h4>ORGANIZA\u00c7\u00c3O<\/h4>\n<p>Alice Semedo (CITCEM\/DCTP-FLUP)<br \/>\nMatilde Seabra (Ping!, Galeria Municipal do Porto)<br \/>\nRita Ladeiro (Divis\u00e3o Municipal de Museus\/CMP<\/p>\n","protected":false},"featured_media":18439,"template":"","ano-evento":[347],"tipo-eventos":[303],"cmcal_calendar":[],"class_list":["post-18399","eventos","type-eventos","status-publish","has-post-thumbnail","hentry","ano-evento-2024-en","tipo-eventos-meeting-en"],"_links":{"self":[{"href":"https:\/\/citcem.org\/en\/wp-json\/wp\/v2\/eventos\/18399","targetHints":{"allow":["GET"]}}],"collection":[{"href":"https:\/\/citcem.org\/en\/wp-json\/wp\/v2\/eventos"}],"about":[{"href":"https:\/\/citcem.org\/en\/wp-json\/wp\/v2\/types\/eventos"}],"version-history":[{"count":0,"href":"https:\/\/citcem.org\/en\/wp-json\/wp\/v2\/eventos\/18399\/revisions"}],"wp:featuredmedia":[{"embeddable":true,"href":"https:\/\/citcem.org\/en\/wp-json\/wp\/v2\/media\/18439"}],"wp:attachment":[{"href":"https:\/\/citcem.org\/en\/wp-json\/wp\/v2\/media?parent=18399"}],"wp:term":[{"taxonomy":"ano-evento","embeddable":true,"href":"https:\/\/citcem.org\/en\/wp-json\/wp\/v2\/ano-evento?post=18399"},{"taxonomy":"tipo-eventos","embeddable":true,"href":"https:\/\/citcem.org\/en\/wp-json\/wp\/v2\/tipo-eventos?post=18399"},{"taxonomy":"cmcal_calendar","embeddable":true,"href":"https:\/\/citcem.org\/en\/wp-json\/wp\/v2\/cmcal_calendar?post=18399"}],"curies":[{"name":"wp","href":"https:\/\/api.w.org\/{rel}","templated":true}]}}

Encontros de Educação e Mediação em Museus (e fora deles)

<h3><strong><u>&#8220;E se um leão pudesse falar?&#8221;</u></strong></h3>
<p>Estes Encontros têm como principal objetivo atuar enquanto fórum de reflexão e debate de poéticas e práticas de educação em museus (e fora deles), explorando questões atuais e destacando como as suas materializações acontecem nas práticas de educação. Destina-se a profissionais, investigadores e estudantes que tenham o museu e os seus contextos como objeto de trabalho e/ou de estudo.</p>
<h3>Programa</h3>
<h4>Manhã &#8211; FLUP</h4>
<h4>Sala de Reuniões 1</h4>
<p>9h30 &#8211; 10h<br />
Acolhimento e boas-vindas</p>
<p>10h &#8211; 10h30<br />
“Matérias da voz”  André Barata  (UBI)</p>
<p>10h30 &#8211; 11h<br />
“De quantos silêncios se fazem os encontros?”  Susana Gomes da Silva  (CAM-FCG)</p>
<p>11h &#8211; 11h30<br />
“Sibila Bilingue: a lenta aprendizagem de co-existir”  Marta Bernardes  (Museu das Convergências, Ágora)</p>
<p>11h30 &#8211; 12h<br />
Café com perguntas</p>
<p>12h &#8211; 13h<br />
Debate</p>
<h4>Tarde &#8211; Galeria Municipal do Porto</h4>
<h4>Museu do Porto / Espaço Entre-Quintas</h4>
<p>14h30 &#8211; 15h15<br />
“Visita conversada”  Matilde Seabra   (Ping!, Galeria Municipal do Porto)</p>
<p>15h30 &#8211; 17h30<br />
“A boca acústica, vocalizando através do humano-animal”  Yuri Tuma</p>
<p>17h30 &#8211; 18h<br />
Conversas de final de tarde (com café)</p>
<p>&nbsp;</p>
<p><a href="https://forms.gle/jLrSEos1q79ETT2V9">Link INSCRIÇÃO</a></p>
<p>Email INFORMAÇÕES:<br />
<a href="mailto:encontroseducacao@gmail.com">encontroseducacao@gmail.com</a></p>
<p>&nbsp;</p>
<h4>ORGANIZAÇÃO</h4>
<p>Alice Semedo (CITCEM/DCTP-FLUP)<br />
Matilde Seabra (Ping!, Galeria Municipal do Porto)<br />
Rita Ladeiro (Divisão Municipal de Museus/CMP</p>
