{"id":18377,"date":"2024-11-21T11:29:03","date_gmt":"2024-11-21T11:29:03","guid":{"rendered":"https:\/\/citcem.org\/eventos\/a-ceramica-castreja-na-regiao-do-porto\/"},"modified":"2024-11-19T11:47:46","modified_gmt":"2024-11-19T11:47:46","slug":"a-ceramica-castreja-na-regiao-do-porto","status":"publish","type":"eventos","link":"https:\/\/citcem.org\/en\/events\/a-ceramica-castreja-na-regiao-do-porto\/","title":{"rendered":"Castreja Ceramics in the Porto Region"},"content":{"rendered":"<p><strong>Castreja Ceramics in the Porto Region<\/strong>, Faculty of Letters of the University of Porto and Reservat\u00f3rio\/Museu do Porto, November 22-23 Marking the 50th anniversary of the publication of &#8220;Cer\u00e2mica Castreja&#8221; by C. A. Ferreira de Almeida in the Revista de Guimar\u00e3es, the colloquium aims to take stock of recent studies of Castreja ceramics in the Porto region, launching new avenues of research among scholars dedicated to this field. The event is an initiative of <em>CERPOR &#8211; A Thousand Years of Ceramics in the City of Porto<\/em>, a collaborative research project between the Faculty of Arts and Humanities of the University of Porto and the Porto City Council, developed within the framework of CITCEM &#8211; Center for Transdisciplinary Research on Culture, Space, Memory (FCT R&amp;D unit 4059; <a href=\"https:\/\/doi.org\/10.54499\/UIDB\/04059\/2020\">https:\/\/doi.org\/10.54499\/UIDB\/04059\/2020)<\/a> and financed by National Funds through FCT &#8211; Foundation for Science and Technology, under the project UIDB\/04059\/2020.<\/p>\n<p>&nbsp;<\/p>\n<p><strong>Program  <\/strong><\/p>\n<p><strong> <\/strong><\/p>\n<p><strong>Friday, Nov. 22 <\/strong>(Faculty of Letters, University of Porto, Noble Amphitheater)<\/p>\n<p style=\"padding-left: 40px;\">09:30 &#8211; Welcome to participants and official opening<\/p>\n<p style=\"padding-left: 40px;\">10:00 &#8211; Inaugural conference<\/p>\n<p style=\"padding-left: 80px;\">Francisco Calo Lourido (Museo do Pobo Galego)<\/p>\n<p><strong><em>Historiographical, methodical and terminological reflections on Castro culture  <\/em><\/strong><\/p>\n<p style=\"padding-left: 40px;\">11:00 &#8211; <strong>Iron Age ceramics from Castro da Penaventosa (Porto): <\/strong><strong>a preliminary approach based on materials from Aljube<\/strong><\/p>\n<p style=\"padding-left: 80px;\">Ant\u00f3nio Manuel S. P. Silva (CITCEM; C.M.Porto) and Manuela C. S. Ribeiro (C.M.Porto)<\/p>\n<p style=\"padding-left: 40px;\">11:30 &#8211; <strong>Castro de Monte Mozinho: pottery from the Castro tradition<\/strong><\/p>\n<p style=\"padding-left: 80px;\">Teresa Soeiro (CITCEM-FLUP)<\/p>\n<p style=\"padding-left: 40px;\">12:00 &#8211; <strong>Perspectives on the ceramics of indigenous tradition from Castro de Guif\u00f5es (Matosinhos)<\/strong><\/p>\n<p style=\"padding-left: 80px;\">Andreia Arezes (CITCEM-FLUP) and Jos\u00e9 Manuel Varela (C.M.Matosinhos)<\/p>\n<p style=\"padding-left: 40px;\">12:30 &#8211; <strong>Castro ceramics in Vila Nova de Famalic\u00e3o: forms, functions and manufacturing techniques<\/strong><\/p>\n<p style=\"padding-left: 80px;\">Francisco Reim\u00e3o Queiroga (CITCEM-FLUP)<\/p>\n<p style=\"padding-left: 40px;\">1pm &#8211; Debate<\/p>\n<p style=\"padding-left: 40px;\">15:00 &#8211; <strong>Iron Age pottery from Castro da Madalena (V. N. Gaia): first notes<\/strong><\/p>\n<p style=\"padding-left: 80px;\">Ant\u00f3nio Manuel S. P. Silva (CITCEM; Arouca Archaeology Center); Edite Martins de S\u00e1 (Empatia, Archaeology; Arouca Archaeology Center); Sara Almeida e Silva (Arouca Archaeology Center)<\/p>\n<p style=\"padding-left: 40px;\">15:30 &#8211; <strong>Castro pottery from Cividade de Terroso (P\u00f3voa do Varzim)<\/strong><\/p>\n<p style=\"padding-left: 80px;\">Jos\u00e9 Flores (C. M. P\u00f3voa de Varzim) and Deolinda Carneiro (C. M. P\u00f3voa de Varzim)<\/p>\n<p style=\"padding-left: 40px;\">16:00 &#8211; <strong>Protohistoric ceramics from Castro<\/strong> de <strong>Alvarelhos (Trofa): preliminary study<\/strong> Daniela Filipa de Freitas Ferreira (CITCEM-FLUP)<\/p>\n<p style=\"padding-left: 40px;\">16:30 &#8211; Debate<\/p>\n<p style=\"padding-left: 40px;\">16:45 &#8211; <em>Poster <\/em> presentation  <\/p>\n<p style=\"padding-left: 40px;\">17:45 &#8211; Debate<\/p>\n<p><strong> <\/strong><\/p>\n<p><strong>Saturday, Nov. 23 <\/strong>(Reservoir | Porto Museum)<\/p>\n<p style=\"padding-left: 40px;\">10:00 &#8211; <strong>Castro ceramics from Castelo de Gaia: interventions at Taylors Fonseca and Quinta de S\u00e3o Marcos<\/strong><\/p>\n<p style=\"padding-left: 80px;\">Laura Sousa (CITCEM; C. M. Porto), Teresa Pires de Carvalho and Andr\u00e9 Nascimento (Empatia Arqueologia)<\/p>\n<p style=\"padding-left: 40px;\">10:30 &#8211; <strong>In search of identity traits in Iron Age pottery on the Atlantic coast of northern Portugal: a synthesis<\/strong><\/p>\n<p style=\"padding-left: 80px;\">Nuno Oliveira (Lab2PT, University of Minho)<\/p>\n<p style=\"padding-left: 40px;\">11:00 &#8211; Debate<\/p>\n<p style=\"padding-left: 40px;\">11:30 &#8211; Conference<\/p>\n<p style=\"padding-left: 80px;\">Josefa Rey Casti\u00f1eira (University of Santiago de Compostela)<\/p>\n<p><strong>Methodology for studying Castro ceramics: a look from Galicia  <\/strong><\/p>\n<p style=\"padding-left: 40px;\">14:30 &#8211; <em>Workshop <\/em>(with ceramic materials brought by the participants)<\/p>\n<p style=\"padding-left: 40px;\">16:30 &#8211; Closing<\/p>\n<p>&nbsp;<\/p>\n<p>&#8211; <strong>Castro ceramics in the Porto region, 50 years after Carlos Alberto Ferreira de Almeida&#8217;s publication <\/strong> <\/p>\n<p style=\"padding-left: 40px;\">Teresa Soeiro (CITCEM-FLUP)<\/p>\n<p><strong>&#8211; The CERPOR project &#8211; A Thousand Years of Ceramics in the City of Porto: a prospective assessment.<\/strong><\/p>\n<p style=\"padding-left: 40px;\">Ant\u00f3nio Manuel S. P. Silva (CITCEM; C. M. Porto)<\/p>\n<p>&nbsp;<\/p>\n<p><strong>REGISTRATION FREE BUT COMPULSORY<\/strong><\/p>\n<p><a href=\"https:\/\/docs.google.com\/forms\/d\/e\/1FAIpQLSfvdOyG09TsjUcWiIoEarr9aOt2AAtTU23YcLe28sZgaUXKXQ\/viewform\">https:\/\/docs.google.com\/forms\/d\/e\/1FAIpQLSfvdOyG09TsjUcWiIoEarr9aOt2AAtTU23YcLe28sZgaUXKXQ\/viewform<\/a><\/p>\n<p>INFORMATION: <strong>cerpor22.23@gmail.com<\/strong><\/p>\n","protected":false},"featured_media":18375,"template":"","ano-evento":[347],"tipo-eventos":[302],"cmcal_calendar":[],"class_list":["post-18377","eventos","type-eventos","status-publish","has-post-thumbnail","hentry","ano-evento-2024-en","tipo-eventos-colloquium"],"_links":{"self":[{"href":"https:\/\/citcem.org\/en\/wp-json\/wp\/v2\/eventos\/18377","targetHints":{"allow":["GET"]}}],"collection":[{"href":"https:\/\/citcem.org\/en\/wp-json\/wp\/v2\/eventos"}],"about":[{"href":"https:\/\/citcem.org\/en\/wp-json\/wp\/v2\/types\/eventos"}],"version-history":[{"count":0,"href":"https:\/\/citcem.org\/en\/wp-json\/wp\/v2\/eventos\/18377\/revisions"}],"wp:featuredmedia":[{"embeddable":true,"href":"https:\/\/citcem.org\/en\/wp-json\/wp\/v2\/media\/18375"}],"wp:attachment":[{"href":"https:\/\/citcem.org\/en\/wp-json\/wp\/v2\/media?parent=18377"}],"wp:term":[{"taxonomy":"ano-evento","embeddable":true,"href":"https:\/\/citcem.org\/en\/wp-json\/wp\/v2\/ano-evento?post=18377"},{"taxonomy":"tipo-eventos","embeddable":true,"href":"https:\/\/citcem.org\/en\/wp-json\/wp\/v2\/tipo-eventos?post=18377"},{"taxonomy":"cmcal_calendar","embeddable":true,"href":"https:\/\/citcem.org\/en\/wp-json\/wp\/v2\/cmcal_calendar?post=18377"}],"curies":[{"name":"wp","href":"https:\/\/api.w.org\/{rel}","templated":true}]}}

<p><strong>Castreja Ceramics in the Porto Region</strong>, Faculty of Letters of the University of Porto and Reservatório/Museu do Porto, November 22-23 Marking the 50th anniversary of the publication of &#8220;Cerâmica Castreja&#8221; by C. A. Ferreira de Almeida in the Revista de Guimarães, the colloquium aims to take stock of recent studies of Castreja ceramics in the Porto region, launching new avenues of research among scholars dedicated to this field. The event is an initiative of <em>CERPOR &#8211; A Thousand Years of Ceramics in the City of Porto</em>, a collaborative research project between the Faculty of Arts and Humanities of the University of Porto and the Porto City Council, developed within the framework of CITCEM &#8211; Center for Transdisciplinary Research on Culture, Space, Memory (FCT R&amp;D unit 4059; <a href="https://doi.org/10.54499/UIDB/04059/2020">https://doi.org/10.54499/UIDB/04059/2020)</a> and financed by National Funds through FCT &#8211; Foundation for Science and Technology, under the project UIDB/04059/2020.</p>
<p>&nbsp;</p>
<p><strong>Program  </strong></p>
<p><strong> </strong></p>
<p><strong>Friday, Nov. 22 </strong>(Faculty of Letters, University of Porto, Noble Amphitheater)</p>
<p style="padding-left: 40px;">09:30 &#8211; Welcome to participants and official opening</p>
<p style="padding-left: 40px;">10:00 &#8211; Inaugural conference</p>
<p style="padding-left: 80px;">Francisco Calo Lourido (Museo do Pobo Galego)</p>
<p><strong><em>Historiographical, methodical and terminological reflections on Castro culture  </em></strong></p>
<p style="padding-left: 40px;">11:00 &#8211; <strong>Iron Age ceramics from Castro da Penaventosa (Porto): </strong><strong>a preliminary approach based on materials from Aljube</strong></p>
<p style="padding-left: 80px;">António Manuel S. P. Silva (CITCEM; C.M.Porto) and Manuela C. S. Ribeiro (C.M.Porto)</p>
<p style="padding-left: 40px;">11:30 &#8211; <strong>Castro de Monte Mozinho: pottery from the Castro tradition</strong></p>
<p style="padding-left: 80px;">Teresa Soeiro (CITCEM-FLUP)</p>
<p style="padding-left: 40px;">12:00 &#8211; <strong>Perspectives on the ceramics of indigenous tradition from Castro de Guifões (Matosinhos)</strong></p>
<p style="padding-left: 80px;">Andreia Arezes (CITCEM-FLUP) and José Manuel Varela (C.M.Matosinhos)</p>
<p style="padding-left: 40px;">12:30 &#8211; <strong>Castro ceramics in Vila Nova de Famalicão: forms, functions and manufacturing techniques</strong></p>
<p style="padding-left: 80px;">Francisco Reimão Queiroga (CITCEM-FLUP)</p>
<p style="padding-left: 40px;">1pm &#8211; Debate</p>
<p style="padding-left: 40px;">15:00 &#8211; <strong>Iron Age pottery from Castro da Madalena (V. N. Gaia): first notes</strong></p>
<p style="padding-left: 80px;">António Manuel S. P. Silva (CITCEM; Arouca Archaeology Center); Edite Martins de Sá (Empatia, Archaeology; Arouca Archaeology Center); Sara Almeida e Silva (Arouca Archaeology Center)</p>
<p style="padding-left: 40px;">15:30 &#8211; <strong>Castro pottery from Cividade de Terroso (Póvoa do Varzim)</strong></p>
<p style="padding-left: 80px;">José Flores (C. M. Póvoa de Varzim) and Deolinda Carneiro (C. M. Póvoa de Varzim)</p>
<p style="padding-left: 40px;">16:00 &#8211; <strong>Protohistoric ceramics from Castro</strong> de <strong>Alvarelhos (Trofa): preliminary study</strong> Daniela Filipa de Freitas Ferreira (CITCEM-FLUP)</p>
<p style="padding-left: 40px;">16:30 &#8211; Debate</p>
<p style="padding-left: 40px;">16:45 &#8211; <em>Poster </em> presentation  </p>
<p style="padding-left: 40px;">17:45 &#8211; Debate</p>
<p><strong> </strong></p>
<p><strong>Saturday, Nov. 23 </strong>(Reservoir | Porto Museum)</p>
<p style="padding-left: 40px;">10:00 &#8211; <strong>Castro ceramics from Castelo de Gaia: interventions at Taylors Fonseca and Quinta de São Marcos</strong></p>
<p style="padding-left: 80px;">Laura Sousa (CITCEM; C. M. Porto), Teresa Pires de Carvalho and André Nascimento (Empatia Arqueologia)</p>
<p style="padding-left: 40px;">10:30 &#8211; <strong>In search of identity traits in Iron Age pottery on the Atlantic coast of northern Portugal: a synthesis</strong></p>
<p style="padding-left: 80px;">Nuno Oliveira (Lab2PT, University of Minho)</p>
<p style="padding-left: 40px;">11:00 &#8211; Debate</p>
<p style="padding-left: 40px;">11:30 &#8211; Conference</p>
<p style="padding-left: 80px;">Josefa Rey Castiñeira (University of Santiago de Compostela)</p>
<p><strong>Methodology for studying Castro ceramics: a look from Galicia  </strong></p>
<p style="padding-left: 40px;">14:30 &#8211; <em>Workshop </em>(with ceramic materials brought by the participants)</p>
<p style="padding-left: 40px;">16:30 &#8211; Closing</p>
<p>&nbsp;</p>
<p>&#8211; <strong>Castro ceramics in the Porto region, 50 years after Carlos Alberto Ferreira de Almeida&#8217;s publication </strong> </p>
<p style="padding-left: 40px;">Teresa Soeiro (CITCEM-FLUP)</p>
<p><strong>&#8211; The CERPOR project &#8211; A Thousand Years of Ceramics in the City of Porto: a prospective assessment.</strong></p>
<p style="padding-left: 40px;">António Manuel S. P. Silva (CITCEM; C. M. Porto)</p>
<p>&nbsp;</p>
<p><strong>REGISTRATION FREE BUT COMPULSORY</strong></p>
<p><a href="https://docs.google.com/forms/d/e/1FAIpQLSfvdOyG09TsjUcWiIoEarr9aOt2AAtTU23YcLe28sZgaUXKXQ/viewform">https://docs.google.com/forms/d/e/1FAIpQLSfvdOyG09TsjUcWiIoEarr9aOt2AAtTU23YcLe28sZgaUXKXQ/viewform</a></p>
<p>INFORMATION: <strong>cerpor22.23@gmail.com</strong></p>
