{"id":17999,"date":"2024-08-20T10:08:29","date_gmt":"2024-08-20T10:08:29","guid":{"rendered":"https:\/\/citcem.org\/eventos\/jornadas-europeias-do-patrimonio-2024-rotas-redes-e-conexoes\/"},"modified":"2024-09-23T07:58:37","modified_gmt":"2024-09-23T07:58:37","slug":"jornadas-europeias-do-patrimonio-2024-rotas-redes-e-conexoes","status":"publish","type":"eventos","link":"https:\/\/citcem.org\/en\/events\/jornadas-europeias-do-patrimonio-2024-rotas-redes-e-conexoes\/","title":{"rendered":"Jornadas Europeias do Patrim\u00f3nio 2024 &#8211; Rotas, Redes e Conex\u00f5es"},"content":{"rendered":"<p><strong>Dia 20 de setembro<\/strong><\/p>\n<p><strong>10h00<\/strong> Faculdade de Letras da Universidade do Porto<strong> \u2013 <\/strong>Anfiteatro Nobre<\/p>\n<p>Presencial, com colabora\u00e7\u00f5es virtuais.<\/p>\n<p>Link de acesso: <a href=\"https:\/\/videoconf-colibri.zoom.us\/j\/97346476953\">https:\/\/videoconf-colibri.zoom.us\/j\/97346476953<\/a><\/p>\n<p>&nbsp;<\/p>\n<p><strong>14h00 Centro Interpretativo do Castro de S. Louren\u00e7o, Esposende<\/strong><\/p>\n<p>Tarde \u2013 Workshop: <em>Evolu\u00e7\u00e3o Humana e a &#8220;Arte dos Cavalos&#8221; &#8211; Dos primeiros homin\u00ednios \u00e0s mais antigas manifesta\u00e7\u00f5es art\u00edsticas<\/em><\/p>\n<p><img loading=\"lazy\" decoding=\"async\" class=\"alignnone size-large wp-image-17992\" src=\"https:\/\/citcem.org\/wp-content\/uploads\/2024\/09\/2-724x1024.jpg\" alt=\"\" width=\"724\" height=\"1024\" srcset=\"https:\/\/citcem.org\/wp-content\/uploads\/2024\/09\/2-724x1024.jpg 724w, https:\/\/citcem.org\/wp-content\/uploads\/2024\/09\/2-212x300.jpg 212w, https:\/\/citcem.org\/wp-content\/uploads\/2024\/09\/2-768x1086.jpg 768w, https:\/\/citcem.org\/wp-content\/uploads\/2024\/09\/2-1086x1536.jpg 1086w, https:\/\/citcem.org\/wp-content\/uploads\/2024\/09\/2-600x849.jpg 600w, https:\/\/citcem.org\/wp-content\/uploads\/2024\/09\/2.jpg 1414w\" sizes=\"auto, (max-width: 724px) 100vw, 724px\" \/><\/p>\n<p><strong>21 de setembro \u2013 15h00 Sal\u00e3o Nobre da Junta de Freguesia de Arcozelo<\/strong><\/p>\n<p><img loading=\"lazy\" decoding=\"async\" class=\"alignnone size-large wp-image-17994\" src=\"https:\/\/citcem.org\/wp-content\/uploads\/2024\/09\/3-724x1024.jpg\" alt=\"\" width=\"724\" height=\"1024\" srcset=\"https:\/\/citcem.org\/wp-content\/uploads\/2024\/09\/3-724x1024.jpg 724w, https:\/\/citcem.org\/wp-content\/uploads\/2024\/09\/3-212x300.jpg 212w, https:\/\/citcem.org\/wp-content\/uploads\/2024\/09\/3-768x1086.jpg 768w, https:\/\/citcem.org\/wp-content\/uploads\/2024\/09\/3-1086x1536.jpg 1086w, https:\/\/citcem.org\/wp-content\/uploads\/2024\/09\/3-600x849.jpg 600w, https:\/\/citcem.org\/wp-content\/uploads\/2024\/09\/3.jpg 1414w\" sizes=\"auto, (max-width: 724px) 100vw, 724px\" \/><\/p>\n<p><strong>4 de Outubro. Passos-Mirandela<\/strong><\/p>\n<p><img loading=\"lazy\" decoding=\"async\" class=\"alignnone size-large wp-image-17996\" src=\"https:\/\/citcem.org\/wp-content\/uploads\/2024\/09\/4-724x1024.jpg\" alt=\"\" width=\"724\" height=\"1024\" srcset=\"https:\/\/citcem.org\/wp-content\/uploads\/2024\/09\/4-724x1024.jpg 724w, https:\/\/citcem.org\/wp-content\/uploads\/2024\/09\/4-212x300.jpg 212w, https:\/\/citcem.org\/wp-content\/uploads\/2024\/09\/4-768x1086.jpg 768w, https:\/\/citcem.org\/wp-content\/uploads\/2024\/09\/4-1086x1536.jpg 1086w, https:\/\/citcem.org\/wp-content\/uploads\/2024\/09\/4-600x849.jpg 600w, https:\/\/citcem.org\/wp-content\/uploads\/2024\/09\/4.jpg 1414w\" sizes=\"auto, (max-width: 724px) 100vw, 724px\" \/><\/p>\n","protected":false},"featured_media":17991,"template":"","ano-evento":[347],"tipo-eventos":[334],"cmcal_calendar":[],"class_list":["post-17999","eventos","type-eventos","status-publish","has-post-thumbnail","hentry","ano-evento-2024-en","tipo-eventos-journeys"],"_links":{"self":[{"href":"https:\/\/citcem.org\/en\/wp-json\/wp\/v2\/eventos\/17999","targetHints":{"allow":["GET"]}}],"collection":[{"href":"https:\/\/citcem.org\/en\/wp-json\/wp\/v2\/eventos"}],"about":[{"href":"https:\/\/citcem.org\/en\/wp-json\/wp\/v2\/types\/eventos"}],"version-history":[{"count":0,"href":"https:\/\/citcem.org\/en\/wp-json\/wp\/v2\/eventos\/17999\/revisions"}],"wp:featuredmedia":[{"embeddable":true,"href":"https:\/\/citcem.org\/en\/wp-json\/wp\/v2\/media\/17991"}],"wp:attachment":[{"href":"https:\/\/citcem.org\/en\/wp-json\/wp\/v2\/media?parent=17999"}],"wp:term":[{"taxonomy":"ano-evento","embeddable":true,"href":"https:\/\/citcem.org\/en\/wp-json\/wp\/v2\/ano-evento?post=17999"},{"taxonomy":"tipo-eventos","embeddable":true,"href":"https:\/\/citcem.org\/en\/wp-json\/wp\/v2\/tipo-eventos?post=17999"},{"taxonomy":"cmcal_calendar","embeddable":true,"href":"https:\/\/citcem.org\/en\/wp-json\/wp\/v2\/cmcal_calendar?post=17999"}],"curies":[{"name":"wp","href":"https:\/\/api.w.org\/{rel}","templated":true}]}}

Jornadas Europeias do Património 2024 &#8211; Rotas, Redes e Conexões

<p><strong>Dia 20 de setembro</strong></p>
<p><strong>10h00</strong> Faculdade de Letras da Universidade do Porto<strong> – </strong>Anfiteatro Nobre</p>
<p>Presencial, com colaborações virtuais.</p>
<p>Link de acesso: <a href="https://videoconf-colibri.zoom.us/j/97346476953">https://videoconf-colibri.zoom.us/j/97346476953</a></p>
<p>&nbsp;</p>
<p><strong>14h00 Centro Interpretativo do Castro de S. Lourenço, Esposende</strong></p>
<p>Tarde – Workshop: <em>Evolução Humana e a &#8220;Arte dos Cavalos&#8221; &#8211; Dos primeiros hominínios às mais antigas manifestações artísticas</em></p>
<p><img loading="lazy" decoding="async" class="alignnone size-large wp-image-17992" src="https://citcem.org/wp-content/uploads/2024/09/2-724x1024.jpg" alt="" width="724" height="1024" srcset="https://citcem.org/wp-content/uploads/2024/09/2-724x1024.jpg 724w, https://citcem.org/wp-content/uploads/2024/09/2-212x300.jpg 212w, https://citcem.org/wp-content/uploads/2024/09/2-768x1086.jpg 768w, https://citcem.org/wp-content/uploads/2024/09/2-1086x1536.jpg 1086w, https://citcem.org/wp-content/uploads/2024/09/2-600x849.jpg 600w, https://citcem.org/wp-content/uploads/2024/09/2.jpg 1414w" sizes="auto, (max-width: 724px) 100vw, 724px" /></p>
<p><strong>21 de setembro – 15h00 Salão Nobre da Junta de Freguesia de Arcozelo</strong></p>
<p><img loading="lazy" decoding="async" class="alignnone size-large wp-image-17994" src="https://citcem.org/wp-content/uploads/2024/09/3-724x1024.jpg" alt="" width="724" height="1024" srcset="https://citcem.org/wp-content/uploads/2024/09/3-724x1024.jpg 724w, https://citcem.org/wp-content/uploads/2024/09/3-212x300.jpg 212w, https://citcem.org/wp-content/uploads/2024/09/3-768x1086.jpg 768w, https://citcem.org/wp-content/uploads/2024/09/3-1086x1536.jpg 1086w, https://citcem.org/wp-content/uploads/2024/09/3-600x849.jpg 600w, https://citcem.org/wp-content/uploads/2024/09/3.jpg 1414w" sizes="auto, (max-width: 724px) 100vw, 724px" /></p>
<p><strong>4 de Outubro. Passos-Mirandela</strong></p>
<p><img loading="lazy" decoding="async" class="alignnone size-large wp-image-17996" src="https://citcem.org/wp-content/uploads/2024/09/4-724x1024.jpg" alt="" width="724" height="1024" srcset="https://citcem.org/wp-content/uploads/2024/09/4-724x1024.jpg 724w, https://citcem.org/wp-content/uploads/2024/09/4-212x300.jpg 212w, https://citcem.org/wp-content/uploads/2024/09/4-768x1086.jpg 768w, https://citcem.org/wp-content/uploads/2024/09/4-1086x1536.jpg 1086w, https://citcem.org/wp-content/uploads/2024/09/4-600x849.jpg 600w, https://citcem.org/wp-content/uploads/2024/09/4.jpg 1414w" sizes="auto, (max-width: 724px) 100vw, 724px" /></p>
