{"id":17204,"date":"2024-11-15T11:53:45","date_gmt":"2024-11-15T11:53:45","guid":{"rendered":"https:\/\/citcem.org\/eventos\/viii-congresso-internacional-de-ciberjornalismo\/"},"modified":"2025-03-18T09:01:19","modified_gmt":"2025-03-18T09:01:19","slug":"viii-congresso-internacional-de-ciberjornalismo","status":"publish","type":"eventos","link":"https:\/\/citcem.org\/en\/events\/viii-congresso-internacional-de-ciberjornalismo\/","title":{"rendered":"VIII International Congress of Cyberjournalism"},"content":{"rendered":"<p>On November 20 and 21, 2024, the Faculty of Arts and Humanities of the University of Porto will host the VIII International Congress on Cyberjournalism. This year the organization has chosen the following theme for the Congress: &#8220;<a href=\"https:\/\/obciber.com\/2024\/07\/19\/2318\/\">Platforms and actors: integrating innovation, facing challenges<\/a>&#8220;. <\/p>\n<p>&nbsp;<\/p>\n<p id=\"programa\" class=\"wp-block-verse has-text-align-center has-x-large-font-size\"><strong>Program<\/strong><\/p>\n<div class=\"wp-block-column is-layout-flow wp-block-column-is-layout-flow\">\n<p class=\"has-text-align-center\"><strong><em>November 20th (Wednesday)<br \/>\n<\/em><\/strong><br \/>\n08h30 &#8211; Opening of the Secretariat<\/p>\n<p>09:30 &#8211; Opening Session<\/p>\n<p><strong>10h00 &#8211; Opening Conference<\/strong><\/p>\n<p style=\"padding-left: 40px;\"><strong>The use of social networks and Artificial Intelligence by the Basque media and journalists<br \/>\n<\/strong><em><strong>Koldo Meso (Universidad del Pa\u00eds Vasco, Spain)<\/strong><br \/>\nModerator: Fernando Zamith<\/em><\/p>\n<p class=\"has-text-align-center\">11h00 &#8211; Coffee break<\/p>\n<p>11h15 &#8211; Communications session 1<\/p>\n<p>13h00 &#8211; Free lunch<\/p>\n<p>14h15 &#8211; Communications session 2 (in person \/ online)<\/p>\n<p><strong>15h30 &#8211; Conference<\/strong><\/p>\n<p style=\"padding-left: 40px;\"><strong>Journalism Studies in the Age of AI<br \/>\n<\/strong><em><strong>Edson C. Tandoc Jr. (Nanyang Technological University, Singapore)<\/strong><br \/>\nModerator: In\u00eas Amaral<\/em><\/p>\n<p class=\"has-text-align-center\">16:30 &#8211; Coffee break<\/p>\n<p><strong>16h45 &#8211; Session<\/strong><\/p>\n<p style=\"padding-left: 40px;\"><strong>&#8220;20 Years JPN &#8211; JornalismoPortoNet&#8221;<br \/>\nOnline Journalism For Today&#8217;s Youth &#8211; News on Instagram and TikTok<\/strong><br \/>\n<strong><em>Anna Jandrisevits (Journalist and Managing Editor at Die Chefredaktion)<br \/>\n<\/em><\/strong><em>Moderator: Paulo Frias<\/em><\/p>\n<p class=\"has-text-align-center\">18h00 &#8211; Communications session 3 (in person \/ online)<\/p>\n<hr class=\"wp-block-separator has-alpha-channel-opacity\">\n<\/div>\n<p class=\"wp-block-verse has-text-align-center\"><strong>Communications Sessions<br \/>\n<\/strong><br \/>\n<strong>November 20th (Wednesday)<\/strong><\/p>\n<p>11h15 &#8211; Communications session 1 &#8211; Innovation<\/p>\n<p style=\"padding-left: 40px;\">Immersive experiences of Portuguese cyberjournalism in the metaverse<br \/>\n<em>Paulo Coraceiro (CECS-UMinho \/ CIES-Iscte, Portugal)<\/em><\/p>\n<p style=\"padding-left: 40px;\">From page to screen: the impact of Covid-19 on data visualizations in Portuguese newsmagazines<br \/>\n<em>Ilo Alexandre (Lus\u00f3fona University, Portugal)<\/em><\/p>\n<p style=\"padding-left: 40px;\">The Podcast as a tool for audience loyalty: the 50th anniversary of the April Revolution on Antena 1<br \/>\n<em>Helena Lima and Isabel Reis (Faculty of Letters \/ CITCEM, Portugal)<\/em><\/p>\n<p style=\"padding-left: 40px;\">Engaging Youth in News Through Digital Co-Creation: insights from YouNDigital newsroom<br \/>\n<em>Margarida Maneta, Maria Jos\u00e9 Brites, Marisa Torres da Silva, L\u00facia Mesquita, Mariana Muller<br \/>\n(CICANT, Lus\u00f3fona University; NOVA FCSH, New University of Lisbon, Portugal)<\/em><\/p>\n<p style=\"padding-left: 40px;\">Science in web journalism &#8211; P\u00fablico&#8217;s &#8220;Azul&#8221; project Catarina Rodrigues and Ricardo Morais<br \/>\n<em>(UAc \/ LabCom and FLUP \/ CITCEM \/ LabCom, Portugal)<br \/>\n<\/em><br \/>\n<strong>Moderator: <\/strong>H\u00e9lder Bastos (Faculty of Letters \/ CITCEM, Portugal)<\/p>\n<p>&nbsp;<\/p>\n<p><strong>14h15 &#8211; Communications session 2 (online) &#8211; Actors, innovation and challenges<\/strong><\/p>\n<p style=\"padding-left: 40px;\"><strong><br \/>\n<\/strong>Artificial Intelligence in Journalism &#8211; Empirical Investigation of Hungarian Journalists&#8217; Attitudes and GenAI Application Practices<br \/>\n<em>Monika Andok, Andras Radetzky, Zoltan Rajki, Dora Szilczl (Pazmany Peter Catholic University, Hungary)<br \/>\n<\/em><br \/>\nClickbait sells, but does not inform: how reputable digital media use clickbait and how audience consumes it<br \/>\n<em>Alba Diez-Gracia, Iris S\u00e1nchez-Sobradillo, Pilar S\u00e1nchez-Garc\u00eda, Dolors Palau-Sampio (University of Valladolid, University of Valencia, Spain)<br \/>\n<\/em><br \/>\nInnovation in Portuguese alternative media: the cases of Fuma\u00e7a and Divergente<br \/>\n<em>Carla Ganito, C\u00e1tia Ferreira (Portuguese Catholic University, CECC, Portugal)<br \/>\n<\/em><br \/>\nAgony in the news media: A comparative study of news coverage of euthanasia in Portugal and the UK<br \/>\n<em>Bruno Frutuoso Costa (CIES-Iscte, Iscte &#8211; University Institute of Lisbon)<br \/>\n<\/em><br \/>\n<strong>Moderator:<\/strong> Ricardo Morais (Faculty of Letters \/ CITCEM, Portugal)<\/p>\n<p><strong>18h00 &#8211; Communications session 3 (online) &#8211; Platforms, challenges and innovation<\/strong><\/p>\n<p style=\"padding-left: 40px;\">Brazilian television in a reworking environment with the implementation of TV 3.0<br \/>\n<em>Patricia Ap. Amaral, Rodrigo Gabrioti (Universidade Estadual Paulista &#8220;J\u00falio de Mesquita Filho&#8221;, Brazil)<br \/>\n<\/em><br \/>\nDigital trends and transformations. The case of Peruvian cyber journalism<br \/>\n<em>Mar\u00eda Mendoza Michilot, Lucia Barja Marquina (Universidad de Lima, Per\u00fa)<br \/>\n<\/em><br \/>\nThe potential of artificial intelligence in the construction of geolocalized journalistic information<br \/>\n<em>Eduardo Campos Pellanda, M\u00e1gda Rodrigues da Cunha (PUCRS, Brazil)<br \/>\n<\/em><br \/>\nDisinformation in the Age of Artificial Intelligence: Risks, Opportunities and Ethical Perspectives<br \/>\n<em>Mois\u00e9s Limia Fern\u00e1ndez (Universidad Jorge Tadeo Lozano, Colombia)<br \/>\n<\/em><br \/>\nBig tech triptych and digital journalism in its platformization stage<br \/>\n<em>Suzana Barbosa (Federal University of Bahia)<br \/>\n<\/em><br \/>\n<strong>Moderator: <\/strong>Helena Lima (Faculty of Letters \/ CITCEM, Portugal)<\/p>\n<p style=\"padding-left: 40px;\">\n<p class=\"has-text-align-center\"><em><strong>November 21st (Thursday)<\/strong><br \/>\n<\/em><br \/>\n08h45 &#8211; Communications session 4<\/p>\n<p><strong>10h00 &#8211; Conference<\/strong><\/p>\n<p style=\"padding-left: 40px;\"><strong>Journalism amid an age of platformization<br \/>\n<\/strong><em><strong>Oscar Westlund (Oslo Metropolitan University, Norway)<\/strong><br \/>\nModerator: H\u00e9lder Bastos<\/em><\/p>\n<p class=\"has-text-align-center\">11h00 &#8211; Coffee break<\/p>\n<p>11h15 &#8211; Communications session 5<\/p>\n<p>13h00 &#8211; Free lunch<\/p>\n<p>14h15 &#8211; Communications session 6<\/p>\n<p><strong>15h30 &#8211; Conference<\/strong><\/p>\n<p style=\"padding-left: 40px;\"><strong>Platforms and disinformation: challenges for journalism in the age of populist and racist algorithms<br \/>\n<\/strong><em><strong>In\u00eas Amaral (University of Coimbra, Portugal)<\/strong><br \/>\nModerator: Ana Isabel Reis<\/em><\/p>\n<p class=\"has-text-align-center\">16:30 &#8211; Coffee break<\/p>\n<p><strong>16h45 &#8211; Debate<\/strong><\/p>\n<p style=\"padding-left: 40px;\">\n<strong>Platforms and actors: integrating innovation, facing challenges<br \/>\n<\/strong><em><strong>Amilcar Correia (P\u00fablico newspaper)<\/strong><br \/>\n<strong>Rita Neves Costa (Jornal de Not\u00edcias)<br \/>\nMiguel Soares (Antena 1)<br \/>\nJo\u00e3o Fernando Ramos (CNN Portugal)<\/strong><\/em><br \/>\n<em>Moderator: Ana Isabel Reis<\/em><\/p>\n<p class=\"has-text-align-center\"><strong>18h00 &#8211; Announcement of the winners and presentation of the 2024 Cyberjournalism Awards<\/strong><\/p>\n<p>18h30 &#8211; Closing (ObCiber)<\/p>\n<p>&nbsp;<\/p>\n<hr class=\"wp-block-separator has-alpha-channel-opacity\">\n<p class=\"wp-block-verse has-text-align-center\"><strong>Communications Sessions<br \/>\n<\/strong><br \/>\n<strong>November 21st (Thursday)<\/strong><\/p>\n<p>08h45 &#8211; Communications session 4 &#8211; Platforms<\/p>\n<p>How Data Visualization is Gaining Space on the Instagram Profile of News Outlets<br \/>\n<em>Ana Figueiras (Lus\u00f3fona University, Portugal)<br \/>\n<\/em><br \/>\nThe Invisible Hand: Using AI Platforms to Identify the Scale of Propaganda in Albanian Media<br \/>\n<em>Elvin Luku, Erion Elezi (University of Tirana, Albania)<br \/>\n<\/em><br \/>\nAudiovisual platforms in the age of AI. YouTube as an information tool for breast cancer<br \/>\n<em>Mar\u00eda Ganzabal, Jes\u00fas P\u00e9rez Dasilva, Terese Mendiguren, Urko Pe\u00f1a (Universidad del Pa\u00eds Vasco, Spain)<br \/>\n<\/em><br \/>\n&#8220;You&#8217;re going to have to put up with the cuts.&#8221; An analysis of the use of cuts from the show on Instagram<br \/>\nRoda Viva by candidates for mayor of S\u00e3o Paulo in 2024<br \/>\n<em>Rodrigo de Castro Resende (University of Beira Interior, Portugal)<br \/>\n<\/em><br \/>\n<strong>Moderator:<\/strong> Ana Isabel Reis (Faculty of Letters \/ CITCEM, Portugal)<\/p>\n<p>&#8230;<\/p>\n<p><strong>11h15 &#8211; Communications session 5 &#8211; Challenges<br \/>\n<\/strong><br \/>\nBeyond Verification: The Evolving Role of Fact-Checking Organizations in Media Literacy Education for Youth<br \/>\n<em>Lucia Mesquita, Margarida Maneta, Maria Jos\u00e9 Brites (Lus\u00f3fona University, Portugal)<br \/>\n<\/em><br \/>\nPlatformization and cyberfeminism: challenges and possibilities for combating gender algorithmization<br \/>\n<em>Tayn\u00e3h Marques de Lira Andrade (Federal University of Pernambuco \/ University of Coimbra, Portugal)<br \/>\n<\/em><br \/>\nHypertextuality and perenniality in online journalism as tools for producing knowledge and confronting disinformation<br \/>\n<em>Ana Paula Alencar, Ricardo Morais, Marco Schneider (UFFluminense; FLUP\/CITCEM; Brazilian Institute of Science and Technology Information)<br \/>\n<\/em><br \/>\nFinancing digital portals in Santa Catarina&#8217;s near news deserts: an analysis based on the News Atlas (2024)<br \/>\n<em>Lucas Santos Carmo Cabral, Nat\u00e1lia Huf (Federal University of Santa Catarina, Brazil)<br \/>\n<\/em><br \/>\n7Montes: the case of the online newspaper that was born in Tr\u00e1s-os-Montes with the promise of serving local communities<br \/>\ntransmontanas who live in &#8220;news deserts&#8221;<br \/>\n<em>Susana Ferrador, Fernando Zamith, Pedro Jer\u00f3nimo (FLUP \/ University of Beira Interior)<br \/>\n<\/em><br \/>\nFollow the link: Circulation of socio-environmental disinformation sites on messaging apps in Brazil<br \/>\n<em>D\u00e9bora Salles, Rose Santini, Marina Santos, Julia Dias, Thamyres Magalh\u00e3es, Bianca Melo<br \/>\n(Federal University of Rio de Janeiro \/ Federal University of Alagoas, Brazil)<\/em><\/p>\n<p><strong>Moderator:<\/strong> In\u00eas Amaral (University of Coimbra\/CECS, Portugal)<\/p>\n<p>&#8230;<\/p>\n<p><strong>14h15 &#8211; Communications session 6 &#8211; Actors<br \/>\n<\/strong><br \/>\nFrom paper to digital: the lifestyle press on the social network Instagram<br \/>\n<em>Pedro Eduardo Ribeiro (University of Minho, CECS, Portugal)<br \/>\n<\/em><br \/>\nNews values and newsmakers in diluted cyberspace: the EN2 case<br \/>\n<em>Fernando Zamith, Sandra Marinho (ObCiber\/CITCEM\/FLUP, University of Porto; CECS\/ICS, University of Minho, Portugal)<br \/>\n<\/em><br \/>\nArtificial Intelligence in the View of Lecturers: A Study of Press Comments in Spanish and Portuguese<br \/>\n<em>Urko Pe\u00f1a Alonso, Koldobika Meso Ayerdi, Sim\u00f3n Pe\u00f1a Fern\u00e1ndez, Ainara Larrondo Ureta (Universidad del Pa\u00eds Vasco, Spain)<br \/>\n<\/em><br \/>\n&#8220;I think, then I comment&#8221;? Contributions to an analysis of interactivity between commentators and news published on social networks in Portugal<br \/>\n<em>F\u00e1bio Ribeiro (UTAD; CICANT and CECS, Portugal)<br \/>\n<\/em><br \/>\n<strong>Moderator:<\/strong> Paulo Frias (Faculty of Letters \/ CITCEM, Portugal)<\/p>\n<p>More information: <a href=\"https:\/\/obciber.com\/8-congresso-internacional-de-ciberjornalismo-2024\/\">VIII International Congress of Cyberjournalism<\/a><\/p>\n<p>&nbsp;<\/p>\n","protected":false},"featured_media":18939,"template":"","ano-evento":[347],"tipo-eventos":[274],"cmcal_calendar":[],"class_list":["post-17204","eventos","type-eventos","status-publish","has-post-thumbnail","hentry","ano-evento-2024-en","tipo-eventos-congress"],"_links":{"self":[{"href":"https:\/\/citcem.org\/en\/wp-json\/wp\/v2\/eventos\/17204","targetHints":{"allow":["GET"]}}],"collection":[{"href":"https:\/\/citcem.org\/en\/wp-json\/wp\/v2\/eventos"}],"about":[{"href":"https:\/\/citcem.org\/en\/wp-json\/wp\/v2\/types\/eventos"}],"version-history":[{"count":0,"href":"https:\/\/citcem.org\/en\/wp-json\/wp\/v2\/eventos\/17204\/revisions"}],"wp:featuredmedia":[{"embeddable":true,"href":"https:\/\/citcem.org\/en\/wp-json\/wp\/v2\/media\/18939"}],"wp:attachment":[{"href":"https:\/\/citcem.org\/en\/wp-json\/wp\/v2\/media?parent=17204"}],"wp:term":[{"taxonomy":"ano-evento","embeddable":true,"href":"https:\/\/citcem.org\/en\/wp-json\/wp\/v2\/ano-evento?post=17204"},{"taxonomy":"tipo-eventos","embeddable":true,"href":"https:\/\/citcem.org\/en\/wp-json\/wp\/v2\/tipo-eventos?post=17204"},{"taxonomy":"cmcal_calendar","embeddable":true,"href":"https:\/\/citcem.org\/en\/wp-json\/wp\/v2\/cmcal_calendar?post=17204"}],"curies":[{"name":"wp","href":"https:\/\/api.w.org\/{rel}","templated":true}]}}

<p>On November 20 and 21, 2024, the Faculty of Arts and Humanities of the University of Porto will host the VIII International Congress on Cyberjournalism. This year the organization has chosen the following theme for the Congress: &#8220;<a href="https://obciber.com/2024/07/19/2318/">Platforms and actors: integrating innovation, facing challenges</a>&#8220;. </p>
<p>&nbsp;</p>
<p id="programa" class="wp-block-verse has-text-align-center has-x-large-font-size"><strong>Program</strong></p>
<div class="wp-block-column is-layout-flow wp-block-column-is-layout-flow">
<p class="has-text-align-center"><strong><em>November 20th (Wednesday)<br />
</em></strong><br />
08h30 &#8211; Opening of the Secretariat</p>
<p>09:30 &#8211; Opening Session</p>
<p><strong>10h00 &#8211; Opening Conference</strong></p>
<p style="padding-left: 40px;"><strong>The use of social networks and Artificial Intelligence by the Basque media and journalists<br />
</strong><em><strong>Koldo Meso (Universidad del País Vasco, Spain)</strong><br />
Moderator: Fernando Zamith</em></p>
<p class="has-text-align-center">11h00 &#8211; Coffee break</p>
<p>11h15 &#8211; Communications session 1</p>
<p>13h00 &#8211; Free lunch</p>
<p>14h15 &#8211; Communications session 2 (in person / online)</p>
<p><strong>15h30 &#8211; Conference</strong></p>
<p style="padding-left: 40px;"><strong>Journalism Studies in the Age of AI<br />
</strong><em><strong>Edson C. Tandoc Jr. (Nanyang Technological University, Singapore)</strong><br />
Moderator: Inês Amaral</em></p>
<p class="has-text-align-center">16:30 &#8211; Coffee break</p>
<p><strong>16h45 &#8211; Session</strong></p>
<p style="padding-left: 40px;"><strong>&#8220;20 Years JPN &#8211; JornalismoPortoNet&#8221;<br />
Online Journalism For Today&#8217;s Youth &#8211; News on Instagram and TikTok</strong><br />
<strong><em>Anna Jandrisevits (Journalist and Managing Editor at Die Chefredaktion)<br />
</em></strong><em>Moderator: Paulo Frias</em></p>
<p class="has-text-align-center">18h00 &#8211; Communications session 3 (in person / online)</p>
<hr class="wp-block-separator has-alpha-channel-opacity">
</div>
<p class="wp-block-verse has-text-align-center"><strong>Communications Sessions<br />
</strong><br />
<strong>November 20th (Wednesday)</strong></p>
<p>11h15 &#8211; Communications session 1 &#8211; Innovation</p>
<p style="padding-left: 40px;">Immersive experiences of Portuguese cyberjournalism in the metaverse<br />
<em>Paulo Coraceiro (CECS-UMinho / CIES-Iscte, Portugal)</em></p>
<p style="padding-left: 40px;">From page to screen: the impact of Covid-19 on data visualizations in Portuguese newsmagazines<br />
<em>Ilo Alexandre (Lusófona University, Portugal)</em></p>
<p style="padding-left: 40px;">The Podcast as a tool for audience loyalty: the 50th anniversary of the April Revolution on Antena 1<br />
<em>Helena Lima and Isabel Reis (Faculty of Letters / CITCEM, Portugal)</em></p>
<p style="padding-left: 40px;">Engaging Youth in News Through Digital Co-Creation: insights from YouNDigital newsroom<br />
<em>Margarida Maneta, Maria José Brites, Marisa Torres da Silva, Lúcia Mesquita, Mariana Muller<br />
(CICANT, Lusófona University; NOVA FCSH, New University of Lisbon, Portugal)</em></p>
<p style="padding-left: 40px;">Science in web journalism &#8211; Público&#8217;s &#8220;Azul&#8221; project Catarina Rodrigues and Ricardo Morais<br />
<em>(UAc / LabCom and FLUP / CITCEM / LabCom, Portugal)<br />
</em><br />
<strong>Moderator: </strong>Hélder Bastos (Faculty of Letters / CITCEM, Portugal)</p>
<p>&nbsp;</p>
<p><strong>14h15 &#8211; Communications session 2 (online) &#8211; Actors, innovation and challenges</strong></p>
<p style="padding-left: 40px;"><strong><br />
</strong>Artificial Intelligence in Journalism &#8211; Empirical Investigation of Hungarian Journalists&#8217; Attitudes and GenAI Application Practices<br />
<em>Monika Andok, Andras Radetzky, Zoltan Rajki, Dora Szilczl (Pazmany Peter Catholic University, Hungary)<br />
</em><br />
Clickbait sells, but does not inform: how reputable digital media use clickbait and how audience consumes it<br />
<em>Alba Diez-Gracia, Iris Sánchez-Sobradillo, Pilar Sánchez-García, Dolors Palau-Sampio (University of Valladolid, University of Valencia, Spain)<br />
</em><br />
Innovation in Portuguese alternative media: the cases of Fumaça and Divergente<br />
<em>Carla Ganito, Cátia Ferreira (Portuguese Catholic University, CECC, Portugal)<br />
</em><br />
Agony in the news media: A comparative study of news coverage of euthanasia in Portugal and the UK<br />
<em>Bruno Frutuoso Costa (CIES-Iscte, Iscte &#8211; University Institute of Lisbon)<br />
</em><br />
<strong>Moderator:</strong> Ricardo Morais (Faculty of Letters / CITCEM, Portugal)</p>
<p><strong>18h00 &#8211; Communications session 3 (online) &#8211; Platforms, challenges and innovation</strong></p>
<p style="padding-left: 40px;">Brazilian television in a reworking environment with the implementation of TV 3.0<br />
<em>Patricia Ap. Amaral, Rodrigo Gabrioti (Universidade Estadual Paulista &#8220;Júlio de Mesquita Filho&#8221;, Brazil)<br />
</em><br />
Digital trends and transformations. The case of Peruvian cyber journalism<br />
<em>María Mendoza Michilot, Lucia Barja Marquina (Universidad de Lima, Perú)<br />
</em><br />
The potential of artificial intelligence in the construction of geolocalized journalistic information<br />
<em>Eduardo Campos Pellanda, Mágda Rodrigues da Cunha (PUCRS, Brazil)<br />
</em><br />
Disinformation in the Age of Artificial Intelligence: Risks, Opportunities and Ethical Perspectives<br />
<em>Moisés Limia Fernández (Universidad Jorge Tadeo Lozano, Colombia)<br />
</em><br />
Big tech triptych and digital journalism in its platformization stage<br />
<em>Suzana Barbosa (Federal University of Bahia)<br />
</em><br />
<strong>Moderator: </strong>Helena Lima (Faculty of Letters / CITCEM, Portugal)</p>
<p style="padding-left: 40px;">
<p class="has-text-align-center"><em><strong>November 21st (Thursday)</strong><br />
</em><br />
08h45 &#8211; Communications session 4</p>
<p><strong>10h00 &#8211; Conference</strong></p>
<p style="padding-left: 40px;"><strong>Journalism amid an age of platformization<br />
</strong><em><strong>Oscar Westlund (Oslo Metropolitan University, Norway)</strong><br />
Moderator: Hélder Bastos</em></p>
<p class="has-text-align-center">11h00 &#8211; Coffee break</p>
<p>11h15 &#8211; Communications session 5</p>
<p>13h00 &#8211; Free lunch</p>
<p>14h15 &#8211; Communications session 6</p>
<p><strong>15h30 &#8211; Conference</strong></p>
<p style="padding-left: 40px;"><strong>Platforms and disinformation: challenges for journalism in the age of populist and racist algorithms<br />
</strong><em><strong>Inês Amaral (University of Coimbra, Portugal)</strong><br />
Moderator: Ana Isabel Reis</em></p>
<p class="has-text-align-center">16:30 &#8211; Coffee break</p>
<p><strong>16h45 &#8211; Debate</strong></p>
<p style="padding-left: 40px;">
<strong>Platforms and actors: integrating innovation, facing challenges<br />
</strong><em><strong>Amilcar Correia (Público newspaper)</strong><br />
<strong>Rita Neves Costa (Jornal de Notícias)<br />
Miguel Soares (Antena 1)<br />
João Fernando Ramos (CNN Portugal)</strong></em><br />
<em>Moderator: Ana Isabel Reis</em></p>
<p class="has-text-align-center"><strong>18h00 &#8211; Announcement of the winners and presentation of the 2024 Cyberjournalism Awards</strong></p>
<p>18h30 &#8211; Closing (ObCiber)</p>
<p>&nbsp;</p>
<hr class="wp-block-separator has-alpha-channel-opacity">
<p class="wp-block-verse has-text-align-center"><strong>Communications Sessions<br />
</strong><br />
<strong>November 21st (Thursday)</strong></p>
<p>08h45 &#8211; Communications session 4 &#8211; Platforms</p>
<p>How Data Visualization is Gaining Space on the Instagram Profile of News Outlets<br />
<em>Ana Figueiras (Lusófona University, Portugal)<br />
</em><br />
The Invisible Hand: Using AI Platforms to Identify the Scale of Propaganda in Albanian Media<br />
<em>Elvin Luku, Erion Elezi (University of Tirana, Albania)<br />
</em><br />
Audiovisual platforms in the age of AI. YouTube as an information tool for breast cancer<br />
<em>María Ganzabal, Jesús Pérez Dasilva, Terese Mendiguren, Urko Peña (Universidad del País Vasco, Spain)<br />
</em><br />
&#8220;You&#8217;re going to have to put up with the cuts.&#8221; An analysis of the use of cuts from the show on Instagram<br />
Roda Viva by candidates for mayor of São Paulo in 2024<br />
<em>Rodrigo de Castro Resende (University of Beira Interior, Portugal)<br />
</em><br />
<strong>Moderator:</strong> Ana Isabel Reis (Faculty of Letters / CITCEM, Portugal)</p>
<p>&#8230;</p>
<p><strong>11h15 &#8211; Communications session 5 &#8211; Challenges<br />
</strong><br />
Beyond Verification: The Evolving Role of Fact-Checking Organizations in Media Literacy Education for Youth<br />
<em>Lucia Mesquita, Margarida Maneta, Maria José Brites (Lusófona University, Portugal)<br />
</em><br />
Platformization and cyberfeminism: challenges and possibilities for combating gender algorithmization<br />
<em>Taynãh Marques de Lira Andrade (Federal University of Pernambuco / University of Coimbra, Portugal)<br />
</em><br />
Hypertextuality and perenniality in online journalism as tools for producing knowledge and confronting disinformation<br />
<em>Ana Paula Alencar, Ricardo Morais, Marco Schneider (UFFluminense; FLUP/CITCEM; Brazilian Institute of Science and Technology Information)<br />
</em><br />
Financing digital portals in Santa Catarina&#8217;s near news deserts: an analysis based on the News Atlas (2024)<br />
<em>Lucas Santos Carmo Cabral, Natália Huf (Federal University of Santa Catarina, Brazil)<br />
</em><br />
7Montes: the case of the online newspaper that was born in Trás-os-Montes with the promise of serving local communities<br />
transmontanas who live in &#8220;news deserts&#8221;<br />
<em>Susana Ferrador, Fernando Zamith, Pedro Jerónimo (FLUP / University of Beira Interior)<br />
</em><br />
Follow the link: Circulation of socio-environmental disinformation sites on messaging apps in Brazil<br />
<em>Débora Salles, Rose Santini, Marina Santos, Julia Dias, Thamyres Magalhães, Bianca Melo<br />
(Federal University of Rio de Janeiro / Federal University of Alagoas, Brazil)</em></p>
<p><strong>Moderator:</strong> Inês Amaral (University of Coimbra/CECS, Portugal)</p>
<p>&#8230;</p>
<p><strong>14h15 &#8211; Communications session 6 &#8211; Actors<br />
</strong><br />
From paper to digital: the lifestyle press on the social network Instagram<br />
<em>Pedro Eduardo Ribeiro (University of Minho, CECS, Portugal)<br />
</em><br />
News values and newsmakers in diluted cyberspace: the EN2 case<br />
<em>Fernando Zamith, Sandra Marinho (ObCiber/CITCEM/FLUP, University of Porto; CECS/ICS, University of Minho, Portugal)<br />
</em><br />
Artificial Intelligence in the View of Lecturers: A Study of Press Comments in Spanish and Portuguese<br />
<em>Urko Peña Alonso, Koldobika Meso Ayerdi, Simón Peña Fernández, Ainara Larrondo Ureta (Universidad del País Vasco, Spain)<br />
</em><br />
&#8220;I think, then I comment&#8221;? Contributions to an analysis of interactivity between commentators and news published on social networks in Portugal<br />
<em>Fábio Ribeiro (UTAD; CICANT and CECS, Portugal)<br />
</em><br />
<strong>Moderator:</strong> Paulo Frias (Faculty of Letters / CITCEM, Portugal)</p>
<p>More information: <a href="https://obciber.com/8-congresso-internacional-de-ciberjornalismo-2024/">VIII International Congress of Cyberjournalism</a></p>
<p>&nbsp;</p>
