{"id":16870,"date":"2024-06-10T14:52:40","date_gmt":"2024-06-10T14:52:40","guid":{"rendered":"https:\/\/citcem.org\/eventos\/de-costa-a-costa-frente-a-frente-i-congresso-portugues-de-literatura-catala\/"},"modified":"2024-08-21T16:10:02","modified_gmt":"2024-08-21T16:10:02","slug":"de-costa-a-costa-frente-a-frente-i-congresso-portugues-de-literatura-catala","status":"publish","type":"eventos","link":"https:\/\/citcem.org\/en\/events\/de-costa-a-costa-frente-a-frente-i-congresso-portugues-de-literatura-catala\/","title":{"rendered":"De costa a costa, frente a frente:\u00a0I Congresso Portugu\u00eas de Literatura Catal\u00e3"},"content":{"rendered":"<h4>8 de julho de 2024, na Casa dos Livros<\/h4>\n<p><strong>Programa<\/strong><\/p>\n<p>9H30\u00a0 Sess\u00e3o de abertura<\/p>\n<p>Paula Pinto Costa, Diretora da FLUP<br \/>\nIn\u00eas Amorim, Coordenadora do CITCEM<br \/>\nFrancisco Topa, Comiss\u00e3o Organizadora<\/p>\n<p>10H00\u00a0 SESS\u00c3O 1<\/p>\n<p>Modera\u00e7\u00e3o: Maria de Lurdes Correia Fernandes (U.Porto\/IF)<br \/>\nPere Ferr\u00e9 (U. Algarve) \u2013 Dois poetas, uma mesma linhagem: Joan Margarit e Jo\u00e3o Lu\u00eds Barreto Guimar\u00e3es<br \/>\nF\u00e1tima Fernandes da Silva (U. Sorbonne Nouvelle\/CEComp, FLUL) \u2013 A obra liter\u00e1ria de Joan Margarit e a sua recep\u00e7\u00e3o em Portugal<br \/>\nGabriel Magalh\u00e3es (U. Beira Interior\/IA*) \u2013 A visualidade na cultura catal\u00e3: uma an\u00e1lise da poesia e de alguns di\u00e1rios de \u00c0lex Susanna<\/p>\n<p>11H15 Pausa para caf\u00e9<\/p>\n<p>11H45\u00a0\u00a0SESS\u00c3O 2<\/p>\n<p>Modera\u00e7\u00e3o: Alegr\u00eda Royo Beltr\u00e1n (U. Porto)<br \/>\nJes\u00fas Revelles Esquirol (U. Illes Balears) \u2013 Atl\u00e0ntiques (1913-2024): M\u00e9s de cent anys de fascinaci\u00f3 catalana per la cultura portuguesa<br \/>\nEsther Gimeno Ugaldea (U. de Viena) \u2013 Apropaments i (in)visibilitats: la literatura catalana contempor\u00e0nia a Portugal<br \/>\nXavier Magriny\u00e0 Minguell (U. Lisboa) \u2013 Rotas liter\u00e1rias catal\u00e3s em Lisboa: literatura, paisagem e did\u00e1tica<\/p>\n<p>13H00 Pausa para almo\u00e7o<\/p>\n<p>15H30\u00a0 SESS\u00c3O 3<\/p>\n<p>Modera\u00e7\u00e3o: Gabriel Magalh\u00e3es (U. Beira Interior)<br \/>\nGabriel de la S. T. Sampol \u2013 Tres poetes mallorquins i dues grans traduccions de poesia portuguesa: Colom-Dol\u00e7 i Llompart<br \/>\nMirta Santos y Fern\u00e1ndez (U. Porto\/CITCEM) \u2013 Los editores de origen catal\u00e1n en Buenos Aires durante el periodo finisecular (1876-1960)<br \/>\n\u00c0lex Tarradellas Gordo e Rita Cust\u00f3dio \u2013 Traduzir literatura catal\u00e3: para quem e para qu\u00ea?<\/p>\n<p>17H15 Pausa para caf\u00e9<\/p>\n<p>17H30 Leitura de poemas por Beatriz Gomes Faria dos Santos (FLUP)<\/p>\n<p>17H45\u00a0 SESS\u00c3O 4<\/p>\n<p>Modera\u00e7\u00e3o: Mirta Santos y Fern\u00e1ndez (U. Porto\/CITCEM)<br \/>\nMarco Neves (U. NOVA) \u2013 A imagem do catal\u00e3o na cultura portuguesa atual<br \/>\nPilar Nicol\u00e1s Mart\u00ednez (U. Porto\/CITCEM) \u2013 El teatro de Llu\u00efsa Cunill\u00e9 en Portugal: representaci\u00f3n y recepci\u00f3n<br \/>\nAlegr\u00eda Royo Beltr\u00e1n (U. Porto) \u2013 Traduir el silenci: m\u00e9s enll\u00e0 de les paraules a El Temps de Llu\u00efsa Cunill\u00e9<br \/>\nFrancisco Topa (U. Porto\/CITCEM) \u2013 De l\u2019animal com a pretext: Ramon Llull, Machado de Assis i Pirandello<\/p>\n<p>19H00 Encerramento dos trabalhos<\/p>\n<p>Interven\u00e7\u00e3o de Xavier Magriny\u00e0 Minguell (Comiss\u00e3o Organizadora)<\/p>\n","protected":false},"featured_media":16882,"template":"","ano-evento":[],"tipo-eventos":[],"cmcal_calendar":[],"class_list":["post-16870","eventos","type-eventos","status-publish","has-post-thumbnail","hentry"],"_links":{"self":[{"href":"https:\/\/citcem.org\/en\/wp-json\/wp\/v2\/eventos\/16870","targetHints":{"allow":["GET"]}}],"collection":[{"href":"https:\/\/citcem.org\/en\/wp-json\/wp\/v2\/eventos"}],"about":[{"href":"https:\/\/citcem.org\/en\/wp-json\/wp\/v2\/types\/eventos"}],"version-history":[{"count":0,"href":"https:\/\/citcem.org\/en\/wp-json\/wp\/v2\/eventos\/16870\/revisions"}],"wp:featuredmedia":[{"embeddable":true,"href":"https:\/\/citcem.org\/en\/wp-json\/wp\/v2\/media\/16882"}],"wp:attachment":[{"href":"https:\/\/citcem.org\/en\/wp-json\/wp\/v2\/media?parent=16870"}],"wp:term":[{"taxonomy":"ano-evento","embeddable":true,"href":"https:\/\/citcem.org\/en\/wp-json\/wp\/v2\/ano-evento?post=16870"},{"taxonomy":"tipo-eventos","embeddable":true,"href":"https:\/\/citcem.org\/en\/wp-json\/wp\/v2\/tipo-eventos?post=16870"},{"taxonomy":"cmcal_calendar","embeddable":true,"href":"https:\/\/citcem.org\/en\/wp-json\/wp\/v2\/cmcal_calendar?post=16870"}],"curies":[{"name":"wp","href":"https:\/\/api.w.org\/{rel}","templated":true}]}}

De costa a costa, frente a frente: I Congresso Português de Literatura Catalã

<h4>8 de julho de 2024, na Casa dos Livros</h4>
<p><strong>Programa</strong></p>
<p>9H30  Sessão de abertura</p>
<p>Paula Pinto Costa, Diretora da FLUP<br />
Inês Amorim, Coordenadora do CITCEM<br />
Francisco Topa, Comissão Organizadora</p>
<p>10H00  SESSÃO 1</p>
<p>Moderação: Maria de Lurdes Correia Fernandes (U.Porto/IF)<br />
Pere Ferré (U. Algarve) – Dois poetas, uma mesma linhagem: Joan Margarit e João Luís Barreto Guimarães<br />
Fátima Fernandes da Silva (U. Sorbonne Nouvelle/CEComp, FLUL) – A obra literária de Joan Margarit e a sua recepção em Portugal<br />
Gabriel Magalhães (U. Beira Interior/IA*) – A visualidade na cultura catalã: uma análise da poesia e de alguns diários de Àlex Susanna</p>
<p>11H15 Pausa para café</p>
<p>11H45  SESSÃO 2</p>
<p>Moderação: Alegría Royo Beltrán (U. Porto)<br />
Jesús Revelles Esquirol (U. Illes Balears) – Atlàntiques (1913-2024): Més de cent anys de fascinació catalana per la cultura portuguesa<br />
Esther Gimeno Ugaldea (U. de Viena) – Apropaments i (in)visibilitats: la literatura catalana contemporània a Portugal<br />
Xavier Magrinyà Minguell (U. Lisboa) – Rotas literárias catalãs em Lisboa: literatura, paisagem e didática</p>
<p>13H00 Pausa para almoço</p>
<p>15H30  SESSÃO 3</p>
<p>Moderação: Gabriel Magalhães (U. Beira Interior)<br />
Gabriel de la S. T. Sampol – Tres poetes mallorquins i dues grans traduccions de poesia portuguesa: Colom-Dolç i Llompart<br />
Mirta Santos y Fernández (U. Porto/CITCEM) – Los editores de origen catalán en Buenos Aires durante el periodo finisecular (1876-1960)<br />
Àlex Tarradellas Gordo e Rita Custódio – Traduzir literatura catalã: para quem e para quê?</p>
<p>17H15 Pausa para café</p>
<p>17H30 Leitura de poemas por Beatriz Gomes Faria dos Santos (FLUP)</p>
<p>17H45  SESSÃO 4</p>
<p>Moderação: Mirta Santos y Fernández (U. Porto/CITCEM)<br />
Marco Neves (U. NOVA) – A imagem do catalão na cultura portuguesa atual<br />
Pilar Nicolás Martínez (U. Porto/CITCEM) – El teatro de Lluïsa Cunillé en Portugal: representación y recepción<br />
Alegría Royo Beltrán (U. Porto) – Traduir el silenci: més enllà de les paraules a El Temps de Lluïsa Cunillé<br />
Francisco Topa (U. Porto/CITCEM) – De l’animal com a pretext: Ramon Llull, Machado de Assis i Pirandello</p>
<p>19H00 Encerramento dos trabalhos</p>
<p>Intervenção de Xavier Magrinyà Minguell (Comissão Organizadora)</p>
