{"id":16185,"date":"2024-05-04T14:55:37","date_gmt":"2024-05-04T14:55:37","guid":{"rendered":"https:\/\/citcem.org\/eventos\/sessao-16-06-06-24-observacoes-sobre-o-papado-e-portugal-na-idade-media\/"},"modified":"2024-06-06T16:32:48","modified_gmt":"2024-06-06T16:32:48","slug":"sessao-16-06-06-24-observacoes-sobre-o-papado-e-portugal-na-idade-media","status":"publish","type":"eventos","link":"https:\/\/citcem.org\/en\/events\/sessao-16-06-06-24-observacoes-sobre-o-papado-e-portugal-na-idade-media\/","title":{"rendered":"SESS\u00c3O 16 [06\/06\/24]\u00a0&#8211; \u00a0\u00abObserva\u00e7\u00f5es sobre o Papado e Portugal na Idade M\u00e9dia\u00bb"},"content":{"rendered":"<p>Proponentes da sess\u00e3o: Enrico Veneziani (Sociabilidades e Pr\u00e1ticas Religiosas) e Francesco Renzi\u00a0 (Sociabilidades e Pr\u00e1ticas Religiosas)<\/p>\n<p>&nbsp;<\/p>\n<p><em>A for\u00e7a de um paradigma: uma leitura da historiografia sobre a Reforma Gregoriana (2000-2023)\u00a0<\/em>| Leandro Duarte Rust<\/p>\n<p><em>Sacerd\u00f3cio e Reino na Hisp\u00e2nia medieval: uma releitura das rela\u00e7\u00f5es Papado e Reino de Portugal no s\u00e9culo XII\u00a0<\/em>| Francesco Renzi<\/p>\n<p><em>\u00a0Legados e ju\u00edzes delegados papais em Portugal nos s\u00e9culos XI-XIII: algumas observa\u00e7\u00f5es\u00a0<\/em>| Enrico Veneziani<\/p>\n<p>&nbsp;<\/p>\n<p><em>\u00a0Os Cardeais de Portugal e a C\u00faria Romana nos s\u00e9culos XIV e XV: uma lacuna historiogr\u00e1fica\u00a0<\/em>| Andr\u00e9 Moutinho Rodrigues<\/p>\n","protected":false},"featured_media":16182,"template":"","ano-evento":[347],"tipo-eventos":[449],"cmcal_calendar":[],"class_list":["post-16185","eventos","type-eventos","status-publish","has-post-thumbnail","hentry","ano-evento-2024-en","tipo-eventos-oic-en"],"_links":{"self":[{"href":"https:\/\/citcem.org\/en\/wp-json\/wp\/v2\/eventos\/16185","targetHints":{"allow":["GET"]}}],"collection":[{"href":"https:\/\/citcem.org\/en\/wp-json\/wp\/v2\/eventos"}],"about":[{"href":"https:\/\/citcem.org\/en\/wp-json\/wp\/v2\/types\/eventos"}],"version-history":[{"count":0,"href":"https:\/\/citcem.org\/en\/wp-json\/wp\/v2\/eventos\/16185\/revisions"}],"wp:featuredmedia":[{"embeddable":true,"href":"https:\/\/citcem.org\/en\/wp-json\/wp\/v2\/media\/16182"}],"wp:attachment":[{"href":"https:\/\/citcem.org\/en\/wp-json\/wp\/v2\/media?parent=16185"}],"wp:term":[{"taxonomy":"ano-evento","embeddable":true,"href":"https:\/\/citcem.org\/en\/wp-json\/wp\/v2\/ano-evento?post=16185"},{"taxonomy":"tipo-eventos","embeddable":true,"href":"https:\/\/citcem.org\/en\/wp-json\/wp\/v2\/tipo-eventos?post=16185"},{"taxonomy":"cmcal_calendar","embeddable":true,"href":"https:\/\/citcem.org\/en\/wp-json\/wp\/v2\/cmcal_calendar?post=16185"}],"curies":[{"name":"wp","href":"https:\/\/api.w.org\/{rel}","templated":true}]}}

SESSÃO 16 [06/06/24] &#8211;  «Observações sobre o Papado e Portugal na Idade Média»

<p>Proponentes da sessão: Enrico Veneziani (Sociabilidades e Práticas Religiosas) e Francesco Renzi  (Sociabilidades e Práticas Religiosas)</p>
<p>&nbsp;</p>
<p><em>A força de um paradigma: uma leitura da historiografia sobre a Reforma Gregoriana (2000-2023) </em>| Leandro Duarte Rust</p>
<p><em>Sacerdócio e Reino na Hispânia medieval: uma releitura das relações Papado e Reino de Portugal no século XII </em>| Francesco Renzi</p>
<p><em> Legados e juízes delegados papais em Portugal nos séculos XI-XIII: algumas observações </em>| Enrico Veneziani</p>
<p>&nbsp;</p>
<p><em> Os Cardeais de Portugal e a Cúria Romana nos séculos XIV e XV: uma lacuna historiográfica </em>| André Moutinho Rodrigues</p>
