{"id":15682,"date":"2024-04-16T08:27:20","date_gmt":"2024-04-16T08:27:20","guid":{"rendered":"https:\/\/citcem.org\/eventos\/ii-jornada-de-formacao-de-professores-de-ele-na-flup-reflexiones-en-torno-al-tratamiento-de-la-gramatica-en-clase\/"},"modified":"2025-01-15T11:51:05","modified_gmt":"2025-01-15T11:51:05","slug":"ii-jornada-de-formacao-de-professores-de-ele-na-flup-reflexiones-en-torno-al-tratamiento-de-la-gramatica-en-clase","status":"publish","type":"eventos","link":"https:\/\/citcem.org\/en\/events\/ii-jornada-de-formacao-de-professores-de-ele-na-flup-reflexiones-en-torno-al-tratamiento-de-la-gramatica-en-clase\/","title":{"rendered":"II Jornada de forma\u00e7\u00e3o de professores de ELE na FLUP &#8211; Reflexiones en torno al tratamiento de la gram\u00e1tica en clase"},"content":{"rendered":"<h3>II Jornada de forma\u00e7\u00e3o de professores de ELE na FLUP<\/h3>\n<h3><strong>Reflexiones en torno al tratamiento de la gram\u00e1tica en clase<\/strong><\/h3>\n<h3><strong>22 de abril de 2024 | 9h00-17h30<\/strong><\/h3>\n<p>Conferencistas:<br \/>\n<em>Francisco Jos\u00e9 Fidalgo Enr\u00edquez<\/em> (Universidade de Aveiro)<br \/>\n<em>Mar\u00eda Victoria Escandell-Vidal<\/em> (Universidad Complutense de Madrid)<br \/>\n<em>Ana Mart\u00ednez Pereira<\/em> (Universidad Complutense de Madrid)<\/p>\n<p><strong>FLUP &#8211; Salas de Reuni\u00f5es I e II<\/strong><br \/>\nZOOM: https:\/\/videoconf-colibri.zoom.us\/j\/98768158944?pwd<br \/>\n(ID: 987 6815 8944; C\u00f3digo de acesso: 811920)<\/p>\n<p>A\u00e7\u00e3o de Curta Dura\u00e7\u00e3o (6 horas) certificada pela APPELE<\/p>\n<p><strong>INSCRI\u00c7\u00c3O OBRIGAT\u00d3RIA:<\/strong><br \/>\nhttps:\/\/forms.gle\/2PsGoHRXNk7QTFT98<\/p>\n","protected":false},"featured_media":15676,"template":"","ano-evento":[347],"tipo-eventos":[334],"cmcal_calendar":[],"class_list":["post-15682","eventos","type-eventos","status-publish","has-post-thumbnail","hentry","ano-evento-2024-en","tipo-eventos-journeys"],"_links":{"self":[{"href":"https:\/\/citcem.org\/en\/wp-json\/wp\/v2\/eventos\/15682","targetHints":{"allow":["GET"]}}],"collection":[{"href":"https:\/\/citcem.org\/en\/wp-json\/wp\/v2\/eventos"}],"about":[{"href":"https:\/\/citcem.org\/en\/wp-json\/wp\/v2\/types\/eventos"}],"version-history":[{"count":0,"href":"https:\/\/citcem.org\/en\/wp-json\/wp\/v2\/eventos\/15682\/revisions"}],"wp:featuredmedia":[{"embeddable":true,"href":"https:\/\/citcem.org\/en\/wp-json\/wp\/v2\/media\/15676"}],"wp:attachment":[{"href":"https:\/\/citcem.org\/en\/wp-json\/wp\/v2\/media?parent=15682"}],"wp:term":[{"taxonomy":"ano-evento","embeddable":true,"href":"https:\/\/citcem.org\/en\/wp-json\/wp\/v2\/ano-evento?post=15682"},{"taxonomy":"tipo-eventos","embeddable":true,"href":"https:\/\/citcem.org\/en\/wp-json\/wp\/v2\/tipo-eventos?post=15682"},{"taxonomy":"cmcal_calendar","embeddable":true,"href":"https:\/\/citcem.org\/en\/wp-json\/wp\/v2\/cmcal_calendar?post=15682"}],"curies":[{"name":"wp","href":"https:\/\/api.w.org\/{rel}","templated":true}]}}

II Jornada de formação de professores de ELE na FLUP &#8211; Reflexiones en torno al tratamiento de la gramática en clase

<h3>II Jornada de formação de professores de ELE na FLUP</h3>
<h3><strong>Reflexiones en torno al tratamiento de la gramática en clase</strong></h3>
<h3><strong>22 de abril de 2024 | 9h00-17h30</strong></h3>
<p>Conferencistas:<br />
<em>Francisco José Fidalgo Enríquez</em> (Universidade de Aveiro)<br />
<em>María Victoria Escandell-Vidal</em> (Universidad Complutense de Madrid)<br />
<em>Ana Martínez Pereira</em> (Universidad Complutense de Madrid)</p>
<p><strong>FLUP &#8211; Salas de Reuniões I e II</strong><br />
ZOOM: https://videoconf-colibri.zoom.us/j/98768158944?pwd<br />
(ID: 987 6815 8944; Código de acesso: 811920)</p>
<p>Ação de Curta Duração (6 horas) certificada pela APPELE</p>
<p><strong>INSCRIÇÃO OBRIGATÓRIA:</strong><br />
https://forms.gle/2PsGoHRXNk7QTFT98</p>
