{"id":15255,"date":"2019-05-02T17:30:19","date_gmt":"2019-05-02T17:30:19","guid":{"rendered":"https:\/\/citcem.org\/eventos\/2nd-viscount-of-santarem-1791-1856-an-intellectual-and-political-biography\/"},"modified":"2019-05-02T17:30:19","modified_gmt":"2019-05-02T17:30:19","slug":"2nd-viscount-of-santarem-1791-1856-an-intellectual-and-political-biography","status":"publish","type":"eventos","link":"https:\/\/citcem.org\/en\/events\/2nd-viscount-of-santarem-1791-1856-an-intellectual-and-political-biography\/","title":{"rendered":"2nd Viscount of Santar\u00e9m (1791-1856). An Intellectual and Political Biography"},"content":{"rendered":"<p>Daniel Estudante Prot\u00e1sio has a post-doctorate in History from the University of Coimbra, with a study on the historiography and prosopography of the first eighty years of the Lisbon Academy of Sciences (1779-1859). He is an integrated researcher at the History Center of the University of Lisbon, a collaborating researcher at CEIS20 (University of Coimbra), secretary of the History Section of the Lisbon Geographical Society and a researcher at the Joaquim Ver\u00edssimo Serr\u00e3o Research Center in Santar\u00e9m. In 2016 and 2018, he published two books on the Viscount of Santar\u00e9m.<\/p>\n","protected":false},"featured_media":15254,"template":"","ano-evento":[277],"tipo-eventos":[301],"cmcal_calendar":[],"class_list":["post-15255","eventos","type-eventos","status-publish","has-post-thumbnail","hentry","ano-evento-2019-en","tipo-eventos-presentation-of-the-publication"],"_links":{"self":[{"href":"https:\/\/citcem.org\/en\/wp-json\/wp\/v2\/eventos\/15255","targetHints":{"allow":["GET"]}}],"collection":[{"href":"https:\/\/citcem.org\/en\/wp-json\/wp\/v2\/eventos"}],"about":[{"href":"https:\/\/citcem.org\/en\/wp-json\/wp\/v2\/types\/eventos"}],"version-history":[{"count":0,"href":"https:\/\/citcem.org\/en\/wp-json\/wp\/v2\/eventos\/15255\/revisions"}],"wp:featuredmedia":[{"embeddable":true,"href":"https:\/\/citcem.org\/en\/wp-json\/wp\/v2\/media\/15254"}],"wp:attachment":[{"href":"https:\/\/citcem.org\/en\/wp-json\/wp\/v2\/media?parent=15255"}],"wp:term":[{"taxonomy":"ano-evento","embeddable":true,"href":"https:\/\/citcem.org\/en\/wp-json\/wp\/v2\/ano-evento?post=15255"},{"taxonomy":"tipo-eventos","embeddable":true,"href":"https:\/\/citcem.org\/en\/wp-json\/wp\/v2\/tipo-eventos?post=15255"},{"taxonomy":"cmcal_calendar","embeddable":true,"href":"https:\/\/citcem.org\/en\/wp-json\/wp\/v2\/cmcal_calendar?post=15255"}],"curies":[{"name":"wp","href":"https:\/\/api.w.org\/{rel}","templated":true}]}}

2nd Viscount of Santarém (1791-1856). An Intellectual and Political Biography

<p>Daniel Estudante Protásio has a post-doctorate in History from the University of Coimbra, with a study on the historiography and prosopography of the first eighty years of the Lisbon Academy of Sciences (1779-1859). He is an integrated researcher at the History Center of the University of Lisbon, a collaborating researcher at CEIS20 (University of Coimbra), secretary of the History Section of the Lisbon Geographical Society and a researcher at the Joaquim Veríssimo Serrão Research Center in Santarém. In 2016 and 2018, he published two books on the Viscount of Santarém.</p>
