{"id":4263,"date":"2026-04-23T09:49:07","date_gmt":"2026-04-23T09:49:07","guid":{"rendered":"http:\/\/localhost:8888\/20160609\/?page_id=4263"},"modified":"2026-07-14T15:09:35","modified_gmt":"2026-07-14T15:09:35","slug":"oradores","status":"publish","type":"page","link":"https:\/\/citcem.org\/11conference\/pt\/oradores\/","title":{"rendered":"Oradores"},"content":{"rendered":"<h2>Antonella Romano<\/h2>\n<h6>\u00c9cole des Hautes \u00c9tudes en Sciences Sociales (EHESS)<\/h6>\n<div class=\"gdlr-shortcode-wrapper gdlr-row-shortcode\">\r\n<div class=\"one-fifth column\"><div class=\"gdlr-item gdlr-column-shortcode\"><p><img loading=\"lazy\" class=\"alignnone wp-image-5947 size-medium\" src=\"https:\/\/citcem.org\/11conference\/wp-content\/uploads\/2026\/06\/romano-300x300.jpeg\" alt=\"romano\" width=\"300\" height=\"300\" srcset=\"https:\/\/citcem.org\/11conference\/wp-content\/uploads\/2026\/06\/romano.jpeg 300w, https:\/\/citcem.org\/11conference\/wp-content\/uploads\/2026\/06\/romano-150x150.jpeg 150w\" sizes=\"(max-width: 300px) 100vw, 300px\" \/><\/p>\n<\/div><\/div>\r\n<div class=\"four-fifth columns\"><div class=\"gdlr-item gdlr-column-shortcode\"><p>Antonella Romano \u00e9 uma historiadora que investiga a produ\u00e7\u00e3o do conhecimento e da hist\u00f3ria global da ci\u00eancia no in\u00edcio da era moderna na \u00c9cole des Hautes \u00c9tudes en Sciences Sociales (EHESS), em Paris. A sua investiga\u00e7\u00e3o explora as rela\u00e7\u00f5es entre conhecimento, religi\u00e3o e imp\u00e9rio na forma\u00e7\u00e3o dos in\u00edcios do mundo moderno. Inicialmente, centrou-se no ensino da matem\u00e1tica durante o Renascimento, mas mais tarde voltou-se para o papel da Companhia de Jesus e, de um modo mais geral, dos mission\u00e1rios, na produ\u00e7\u00e3o e circula\u00e7\u00e3o do conhecimento em todo o mundo cat\u00f3lico.<\/p>\n<p>O seu trabalho examina as formas como a Europa procurou compreender, incorporar e abranger o mundo mais vasto durante o s\u00e9culo XVI, com especial aten\u00e7\u00e3o \u00e0s redes mission\u00e1rias, aos imp\u00e9rios ib\u00e9ricos e aos processos globais de troca de conhecimentos. Mais recentemente, ela investigou as dimens\u00f5es epist\u00e9micas da expans\u00e3o europeia, incluindo a organiza\u00e7\u00e3o do conhecimento, as l\u00ednguas e as representa\u00e7\u00f5es cartogr\u00e1ficas do mundo.<\/p>\n<\/div><\/div>\r\n<div class=\"clear\"><\/div><\/div>\n<div class=\"gdlr-shortcode-wrapper\"><div class=\"clear\"><\/div><div class=\"gdlr-item gdlr-divider-item\"  ><div class=\"gdlr-divider solid\"  style=\"width: 100%;\" ><\/div><\/div><\/div>\n<h2>Sven Dupr\u00e9<\/h2>\n<h6>Dean of the Faculty of Humanities and Professor of Heritage, Technology and Conservation Studies at the University of Amsterdam<\/h6>\n<div class=\"gdlr-shortcode-wrapper gdlr-row-shortcode\">\r\n<div class=\"one-fifth column\"><div class=\"gdlr-item gdlr-column-shortcode\"><p><img loading=\"lazy\" class=\"alignnone wp-image-5937 size-medium\" src=\"https:\/\/citcem.org\/11conference\/wp-content\/uploads\/2026\/06\/sven-dupre-300x300.jpeg\" alt=\"sven-dupre\" width=\"300\" height=\"300\" srcset=\"https:\/\/citcem.org\/11conference\/wp-content\/uploads\/2026\/06\/sven-dupre.jpeg 300w, https:\/\/citcem.org\/11conference\/wp-content\/uploads\/2026\/06\/sven-dupre-150x150.jpeg 150w\" sizes=\"(max-width: 300px) 100vw, 300px\" \/><\/p>\n<\/div><\/div>\r\n<div class=\"four-fifth columns\"><div class=\"gdlr-item gdlr-column-shortcode\"><p>Sven Dupr\u00e9 investiga a hist\u00f3ria da arte, da tecnologia e do conhecimento, na intersec\u00e7\u00e3o da hist\u00f3ria da arte t\u00e9cnica, dos estudos da cultura material e da hist\u00f3ria da ci\u00eancia e da tecnologia. O seu trabalho explora a produ\u00e7\u00e3o de conhecimento atrav\u00e9s de pr\u00e1ticas art\u00edsticas e artesanais, com especial aten\u00e7\u00e3o \u00e0s rela\u00e7\u00f5es entre arte, tecnologia e conserva\u00e7\u00e3o.<\/p>\n<p>Como acad\u00e9mico interdisciplinar, Dupr\u00e9 desenvolveu abordagens inovadoras para o estudo dos processos hist\u00f3ricos de produ\u00e7\u00e3o, colaborando com artistas, conservadores e cientistas para investigar as dimens\u00f5es materiais e t\u00e9cnicas da produ\u00e7\u00e3o art\u00edstica. A sua investiga\u00e7\u00e3o abordou temas que v\u00e3o desde o conhecimento art\u00edstico e dos materiais produzidos no Renascimento \u00e0 circula\u00e7\u00e3o de t\u00e9cnicas e conhecimentos especializados em diferentes contextos culturais e cient\u00edficos. Atrav\u00e9s de importantes projetos de investiga\u00e7\u00e3o internacionais, incluindo um projeto financiado pelo ERC sobre arte e conhecimento, contribuiu significativamente para a compreens\u00e3o de como o conhecimento foi gerado, transmitido e transformado atrav\u00e9s de pr\u00e1ticas de produ\u00e7\u00e3o e experimenta\u00e7\u00e3o.<\/p>\n<p>A partir de maio de 2026, desempenha as fun\u00e7\u00f5es de Decano da Faculdade de Humanidades e Professor de Patrim\u00f3nio, Tecnologia e Estudos de Conserva\u00e7\u00e3o na Universidade de Amesterd\u00e3o.<\/p>\n<\/div><\/div>\r\n<div class=\"clear\"><\/div><\/div>\n","protected":false},"excerpt":{"rendered":"<p>Antonella Romano \u00c9cole des Hautes \u00c9tudes en Sciences Sociales (EHESS) Sven Dupr\u00e9 Dean of the Faculty of Humanities and Professor of Heritage, Technology and Conservation Studies at the University of Amsterdam<\/p>\n","protected":false},"author":1,"featured_media":0,"parent":0,"menu_order":1,"comment_status":"closed","ping_status":"closed","template":"","meta":[],"_links":{"self":[{"href":"https:\/\/citcem.org\/11conference\/wp-json\/wp\/v2\/pages\/4263"}],"collection":[{"href":"https:\/\/citcem.org\/11conference\/wp-json\/wp\/v2\/pages"}],"about":[{"href":"https:\/\/citcem.org\/11conference\/wp-json\/wp\/v2\/types\/page"}],"author":[{"embeddable":true,"href":"https:\/\/citcem.org\/11conference\/wp-json\/wp\/v2\/users\/1"}],"replies":[{"embeddable":true,"href":"https:\/\/citcem.org\/11conference\/wp-json\/wp\/v2\/comments?post=4263"}],"version-history":[{"count":11,"href":"https:\/\/citcem.org\/11conference\/wp-json\/wp\/v2\/pages\/4263\/revisions"}],"predecessor-version":[{"id":5983,"href":"https:\/\/citcem.org\/11conference\/wp-json\/wp\/v2\/pages\/4263\/revisions\/5983"}],"wp:attachment":[{"href":"https:\/\/citcem.org\/11conference\/wp-json\/wp\/v2\/media?parent=4263"}],"curies":[{"name":"wp","href":"https:\/\/api.w.org\/{rel}","templated":true}]}}

<h2>Antonella Romano</h2>
<h6>École des Hautes Études en Sciences Sociales (EHESS)</h6>
<div class="gdlr-shortcode-wrapper gdlr-row-shortcode">
<div class="one-fifth column"><div class="gdlr-item gdlr-column-shortcode"><p><img loading="lazy" class="alignnone wp-image-5947 size-medium" src="https://citcem.org/11conference/wp-content/uploads/2026/06/romano-300x300.jpeg" alt="romano" width="300" height="300" srcset="https://citcem.org/11conference/wp-content/uploads/2026/06/romano.jpeg 300w, https://citcem.org/11conference/wp-content/uploads/2026/06/romano-150x150.jpeg 150w" sizes="(max-width: 300px) 100vw, 300px" /></p>
</div></div>
<div class="four-fifth columns"><div class="gdlr-item gdlr-column-shortcode"><p>Antonella Romano é uma historiadora que investiga a produção do conhecimento e da história global da ciência no início da era moderna na École des Hautes Études en Sciences Sociales (EHESS), em Paris. A sua investigação explora as relações entre conhecimento, religião e império na formação dos inícios do mundo moderno. Inicialmente, centrou-se no ensino da matemática durante o Renascimento, mas mais tarde voltou-se para o papel da Companhia de Jesus e, de um modo mais geral, dos missionários, na produção e circulação do conhecimento em todo o mundo católico.</p>
<p>O seu trabalho examina as formas como a Europa procurou compreender, incorporar e abranger o mundo mais vasto durante o século XVI, com especial atenção às redes missionárias, aos impérios ibéricos e aos processos globais de troca de conhecimentos. Mais recentemente, ela investigou as dimensões epistémicas da expansão europeia, incluindo a organização do conhecimento, as línguas e as representações cartográficas do mundo.</p>
</div></div>
<div class="clear"></div></div>
<div class="gdlr-shortcode-wrapper"><div class="clear"></div><div class="gdlr-item gdlr-divider-item"  ><div class="gdlr-divider solid"  style="width: 100%;" ></div></div></div>
<h2>Sven Dupré</h2>
<h6>Dean of the Faculty of Humanities and Professor of Heritage, Technology and Conservation Studies at the University of Amsterdam</h6>
<div class="gdlr-shortcode-wrapper gdlr-row-shortcode">
<div class="one-fifth column"><div class="gdlr-item gdlr-column-shortcode"><p><img loading="lazy" class="alignnone wp-image-5937 size-medium" src="https://citcem.org/11conference/wp-content/uploads/2026/06/sven-dupre-300x300.jpeg" alt="sven-dupre" width="300" height="300" srcset="https://citcem.org/11conference/wp-content/uploads/2026/06/sven-dupre.jpeg 300w, https://citcem.org/11conference/wp-content/uploads/2026/06/sven-dupre-150x150.jpeg 150w" sizes="(max-width: 300px) 100vw, 300px" /></p>
</div></div>
<div class="four-fifth columns"><div class="gdlr-item gdlr-column-shortcode"><p>Sven Dupré investiga a história da arte, da tecnologia e do conhecimento, na intersecção da história da arte técnica, dos estudos da cultura material e da história da ciência e da tecnologia. O seu trabalho explora a produção de conhecimento através de práticas artísticas e artesanais, com especial atenção às relações entre arte, tecnologia e conservação.</p>
<p>Como académico interdisciplinar, Dupré desenvolveu abordagens inovadoras para o estudo dos processos históricos de produção, colaborando com artistas, conservadores e cientistas para investigar as dimensões materiais e técnicas da produção artística. A sua investigação abordou temas que vão desde o conhecimento artístico e dos materiais produzidos no Renascimento à circulação de técnicas e conhecimentos especializados em diferentes contextos culturais e científicos. Através de importantes projetos de investigação internacionais, incluindo um projeto financiado pelo ERC sobre arte e conhecimento, contribuiu significativamente para a compreensão de como o conhecimento foi gerado, transmitido e transformado através de práticas de produção e experimentação.</p>
<p>A partir de maio de 2026, desempenha as funções de Decano da Faculdade de Humanidades e Professor de Património, Tecnologia e Estudos de Conservação na Universidade de Amesterdão.</p>
</div></div>
<div class="clear"></div></div>

<p>Antonella Romano École des Hautes Études en Sciences Sociales (EHESS) Sven Dupré Dean of the Faculty of Humanities and Professor of Heritage, Technology and Conservation Studies at the University of Amsterdam</p>
